{"data":{"slug":"bistrica-ob-sotli","name":"Bistrica ob Sotli","type":"municipality","type_label":"Ob\u010dina","body_type":null,"parent":null,"website":null,"phone":null,"address":"Bistrica ob Sotli 017, 3256 BISTRICA OB SOTLI","email":"obcina@bistricaobsotli.si","leader":{"name":"Franjo Debelak","person_slug":"franjo-debelak","office":"\u017dupan","office_code":"mayor","since":"2022-11-20"},"image":null,"sources":[],"url":"https:\/\/kdo-vodi.si\/organ\/bistrica-ob-sotli","api_url":"https:\/\/kdo-vodi.si\/api\/v1\/organizations\/bistrica-ob-sotli"},"office_holders":[{"person":{"name":"Milena Kunej","slug":"milena-kunej"},"office":"Ob\u010dinski svetnik","office_code":"local_councillor","role_detail":"izvoljen z liste FRANJO DEBELAK IN SKUPINA VOLIVCEV","organization":{"name":"Bistrica ob Sotli","slug":"bistrica-ob-sotli"},"since":"2022-11-20","since_precision":"inferred","until":null,"status":"elected","current":true,"sources":[{"authority":"Dr\u017eavna volilna komisija","url":"https:\/\/www.dvk-rs.si\/arhivi\/volitve2022\/lv2022\/data\/prvikrog\/obcine-data\/data_149.json"}]},{"person":{"name":"Marjan Fendre","slug":"marjan-fendre"},"office":"Ob\u010dinski svetnik","office_code":"local_councillor","role_detail":"izvoljen z liste ROBERT \u017dU\u010cKO IN SKUPINA VOLIVCEV","organization":{"name":"Bistrica ob Sotli","slug":"bistrica-ob-sotli"},"since":"2022-11-20","since_precision":"inferred","until":null,"status":"elected","current":true,"sources":[{"authority":"Dr\u017eavna volilna komisija","url":"https:\/\/www.dvk-rs.si\/arhivi\/volitve2022\/lv2022\/data\/prvikrog\/obcine-data\/data_149.json"}]},{"person":{"name":"Valerija Slemen\u0161ek","slug":"valerija-slemensek"},"office":"Ob\u010dinski svetnik","office_code":"local_councillor","role_detail":"izvoljen z liste FRANJO DEBELAK IN SKUPINA VOLIVCEV","organization":{"name":"Bistrica ob Sotli","slug":"bistrica-ob-sotli"},"since":"2022-11-20","since_precision":"inferred","until":null,"status":"elected","current":true,"sources":[{"authority":"Dr\u017eavna volilna komisija","url":"https:\/\/www.dvk-rs.si\/arhivi\/volitve2022\/lv2022\/data\/prvikrog\/obcine-data\/data_149.json"}]},{"person":{"name":"Ambro\u017e Zoren\u010d","slug":"ambroz-zorenc"},"office":"Ob\u010dinski svetnik","office_code":"local_councillor","role_detail":"izvoljen z liste FRANJO DEBELAK IN SKUPINA VOLIVCEV","organization":{"name":"Bistrica ob Sotli","slug":"bistrica-ob-sotli"},"since":"2022-11-20","since_precision":"inferred","until":null,"status":"elected","current":true,"sources":[{"authority":"Dr\u017eavna volilna komisija","url":"https:\/\/www.dvk-rs.si\/arhivi\/volitve2022\/lv2022\/data\/prvikrog\/obcine-data\/data_149.json"}]},{"person":{"name":"Breda Kova\u010di\u010d","slug":"breda-kovacic"},"office":"Ob\u010dinski svetnik","office_code":"local_councillor","role_detail":"izvoljen z liste FRANJO DEBELAK IN SKUPINA VOLIVCEV","organization":{"name":"Bistrica ob Sotli","slug":"bistrica-ob-sotli"},"since":"2022-11-20","since_precision":"inferred","until":null,"status":"elected","current":true,"sources":[{"authority":"Dr\u017eavna volilna komisija","url":"https:\/\/www.dvk-rs.si\/arhivi\/volitve2022\/lv2022\/data\/prvikrog\/obcine-data\/data_149.json"}]},{"person":{"name":"Andrej Knezi\u0107","slug":"andrej-knezic"},"office":"Ob\u010dinski svetnik","office_code":"local_councillor","role_detail":"izvoljen z liste FRANJO DEBELAK IN SKUPINA VOLIVCEV","organization":{"name":"Bistrica ob Sotli","slug":"bistrica-ob-sotli"},"since":"2022-11-20","since_precision":"inferred","until":null,"status":"elected","current":true,"sources":[{"authority":"Dr\u017eavna volilna komisija","url":"https:\/\/www.dvk-rs.si\/arhivi\/volitve2022\/lv2022\/data\/prvikrog\/obcine-data\/data_149.json"}]},{"person":{"name":"Du\u0161an Berkovi\u010d","slug":"dusan-berkovic"},"office":"Ob\u010dinski svetnik","office_code":"local_councillor","role_detail":"izvoljen z liste FRANJO DEBELAK IN SKUPINA VOLIVCEV","organization":{"name":"Bistrica ob Sotli","slug":"bistrica-ob-sotli"},"since":"2022-11-20","since_precision":"inferred","until":null,"status":"elected","current":true,"sources":[{"authority":"Dr\u017eavna volilna komisija","url":"https:\/\/www.dvk-rs.si\/arhivi\/volitve2022\/lv2022\/data\/prvikrog\/obcine-data\/data_149.json"}]},{"person":{"name":"Franjo Debelak","slug":"franjo-debelak"},"office":"\u017dupan","office_code":"mayor","role_detail":null,"organization":{"name":"Bistrica ob Sotli","slug":"bistrica-ob-sotli"},"since":"2022-11-20","since_precision":"inferred","until":null,"status":"elected","current":true,"sources":[{"authority":"Dr\u017eavna volilna komisija","url":"https:\/\/www.dvk-rs.si\/arhivi\/volitve2022\/lv2022\/data\/ostale_obcine.json"}]}],"children":[{"slug":"osnovna-sola-bistrica-ob-sotli","name":"Osnovna \u0160ola Bistrica Ob Sotli","type":"public_institute","body_type":null}]}

Občina

Župan

Občinski svetnik

Državna volilna komisija

izvoljen z liste ROBERT ŽUČKO IN SKUPINA VOLIVCEV

Valerija Slemenšek

Ambrož Zorenč

Breda Kovačič

Andrej Knezić

Dušan Berkovič

Osnovna Šola Bistrica Ob Sotli
