{"data":{"slug":"bled","name":"Bled","type":"municipality","type_label":"Ob\u010dina","body_type":null,"parent":null,"website":null,"phone":null,"address":"Cesta svobode 013, 4260 BLED","email":"obcina@bled.si","leader":{"name":"Anton Me\u017ean","person_slug":"anton-mezan","office":"\u017dupan","office_code":"mayor","since":"2022-12-04"},"image":{"url":"https:\/\/commons.wikimedia.org\/wiki\/Special:FilePath\/Coat_of_arms_of_Bled.png","attribution":"Wikimedia Commons","source":"https:\/\/commons.wikimedia.org\/wiki\/Special:FilePath\/Coat_of_arms_of_Bled.png","hosted":false},"sources":[],"url":"https:\/\/kdo-vodi.si\/organ\/bled","api_url":"https:\/\/kdo-vodi.si\/api\/v1\/organizations\/bled"},"office_holders":[{"person":{"name":"\u0160pela Poljanec","slug":"spela-poljanec"},"office":"Ob\u010dinski svetnik","office_code":"local_councillor","role_detail":"izvoljen z liste \u017dUPANOVA LISTA RAD IMAM BLED","organization":{"name":"Bled","slug":"bled"},"since":"2022-11-20","since_precision":"inferred","until":null,"status":"elected","current":true,"sources":[{"authority":"Dr\u017eavna volilna komisija","url":"https:\/\/www.dvk-rs.si\/arhivi\/volitve2022\/lv2022\/data\/prvikrog\/obcine-data\/data_003.json"}]},{"person":{"name":"Jakob Bassanese","slug":"jakob-bassanese"},"office":"Ob\u010dinski svetnik","office_code":"local_councillor","role_detail":"izvoljen z liste \u017dUPANOVA LISTA RAD IMAM BLED","organization":{"name":"Bled","slug":"bled"},"since":"2022-11-20","since_precision":"inferred","until":null,"status":"elected","current":true,"sources":[{"authority":"Dr\u017eavna volilna komisija","url":"https:\/\/www.dvk-rs.si\/arhivi\/volitve2022\/lv2022\/data\/prvikrog\/obcine-data\/data_003.json"}]},{"person":{"name":"Mar\u0161a Jekovec","slug":"marsa-jekovec"},"office":"Ob\u010dinski svetnik","office_code":"local_councillor","role_detail":"izvoljen z liste \u017dUPANOVA LISTA RAD IMAM BLED","organization":{"name":"Bled","slug":"bled"},"since":"2022-11-20","since_precision":"inferred","until":null,"status":"elected","current":true,"sources":[{"authority":"Dr\u017eavna volilna komisija","url":"https:\/\/www.dvk-rs.si\/arhivi\/volitve2022\/lv2022\/data\/prvikrog\/obcine-data\/data_003.json"}]},{"person":{"name":"Janez Fajfar","slug":"janez-fajfar"},"office":"Ob\u010dinski svetnik","office_code":"local_councillor","role_detail":"izvoljen z liste \u017dUPANOVA LISTA RAD IMAM BLED","organization":{"name":"Bled","slug":"bled"},"since":"2022-11-20","since_precision":"inferred","until":null,"status":"elected","current":true,"sources":[{"authority":"Dr\u017eavna volilna komisija","url":"https:\/\/www.dvk-rs.si\/arhivi\/volitve2022\/lv2022\/data\/prvikrog\/obcine-data\/data_003.json"}]},{"person":{"name":"Darko Mlakar","slug":"darko-mlakar"},"office":"Ob\u010dinski svetnik","office_code":"local_councillor","role_detail":"izvoljen z liste LISTA TONIJA ME\u017dANA","organization":{"name":"Bled","slug":"bled"},"since":"2022-11-20","since_precision":"inferred","until":null,"status":"elected","current":true,"sources":[{"authority":"Dr\u017eavna volilna komisija","url":"https:\/\/www.dvk-rs.si\/arhivi\/volitve2022\/lv2022\/data\/prvikrog\/obcine-data\/data_003.json"}]},{"person":{"name":"Mihaela Pesrl","slug":"mihaela-pesrl"},"office":"Ob\u010dinski svetnik","office_code":"local_councillor","role_detail":"izvoljen z liste LISTA TONIJA ME\u017dANA","organization":{"name":"Bled","slug":"bled"},"since":"2022-11-20","since_precision":"inferred","until":null,"status":"elected","current":true,"sources":[{"authority":"Dr\u017eavna volilna komisija","url":"https:\/\/www.dvk-rs.si\/arhivi\/volitve2022\/lv2022\/data\/prvikrog\/obcine-data\/data_003.json"}]},{"person":{"name":"Franc Sebanc","slug":"franc-sebanc"},"office":"Ob\u010dinski svetnik","office_code":"local_councillor","role_detail":"izvoljen z liste LISTA TONIJA ME\u017dANA","organization":{"name":"Bled","slug":"bled"},"since":"2022-11-20","since_precision":"inferred","until":null,"status":"elected","current":true,"sources":[{"authority":"Dr\u017eavna volilna komisija","url":"https:\/\/www.dvk-rs.si\/arhivi\/volitve2022\/lv2022\/data\/prvikrog\/obcine-data\/data_003.json"}]},{"person":{"name":"Petra Jamar Rozman","slug":"petra-jamar-rozman"},"office":"Ob\u010dinski svetnik","office_code":"local_councillor","role_detail":"izvoljen z liste LISTA TONIJA ME\u017dANA","organization":{"name":"Bled","slug":"bled"},"since":"2022-11-20","since_precision":"inferred","until":null,"status":"elected","current":true,"sources":[{"authority":"Dr\u017eavna volilna komisija","url":"https:\/\/www.dvk-rs.si\/arhivi\/volitve2022\/lv2022\/data\/prvikrog\/obcine-data\/data_003.json"}]},{"person":{"name":"Iztok Pesrl","slug":"iztok-pesrl"},"office":"Ob\u010dinski svetnik","office_code":"local_councillor","role_detail":"izvoljen z liste LISTA TONIJA ME\u017dANA","organization":{"name":"Bled","slug":"bled"},"since":"2022-11-20","since_precision":"inferred","until":null,"status":"elected","current":true,"sources":[{"authority":"Dr\u017eavna volilna komisija","url":"https:\/\/www.dvk-rs.si\/arhivi\/volitve2022\/lv2022\/data\/prvikrog\/obcine-data\/data_003.json"}]},{"person":{"name":"Sre\u010dko Vernig","slug":"srecko-vernig"},"office":"Ob\u010dinski svetnik","office_code":"local_councillor","role_detail":"izvoljen z liste LISTA ZA KULTURO IN \u0160PORT","organization":{"name":"Bled","slug":"bled"},"since":"2022-11-20","since_precision":"inferred","until":null,"status":"elected","current":true,"sources":[{"authority":"Dr\u017eavna volilna komisija","url":"https:\/\/www.dvk-rs.si\/arhivi\/volitve2022\/lv2022\/data\/prvikrog\/obcine-data\/data_003.json"}]},{"person":{"name":"Tamara Bertoncelj","slug":"tamara-bertoncelj"},"office":"Ob\u010dinski svetnik","office_code":"local_councillor","role_detail":"izvoljen z liste SLOVENSKA DEMOKRATSKA STRANKA - SDS","organization":{"name":"Bled","slug":"bled"},"since":"2022-11-20","since_precision":"inferred","until":null,"status":"elected","current":true,"sources":[{"authority":"Dr\u017eavna volilna komisija","url":"https:\/\/www.dvk-rs.si\/arhivi\/volitve2022\/lv2022\/data\/prvikrog\/obcine-data\/data_003.json"}]},{"person":{"name":"Matej Kumerdej","slug":"matej-kumerdej"},"office":"Ob\u010dinski svetnik","office_code":"local_councillor","role_detail":"izvoljen z liste SLOVENSKA DEMOKRATSKA STRANKA - SDS","organization":{"name":"Bled","slug":"bled"},"since":"2022-11-20","since_precision":"inferred","until":null,"status":"elected","current":true,"sources":[{"authority":"Dr\u017eavna volilna komisija","url":"https:\/\/www.dvk-rs.si\/arhivi\/volitve2022\/lv2022\/data\/prvikrog\/obcine-data\/data_003.json"}]},{"person":{"name":"Matja\u017e Ber\u010don","slug":"matjaz-bercon"},"office":"Ob\u010dinski svetnik","office_code":"local_councillor","role_detail":"izvoljen z liste NOVA SLOVENIJA - KR\u0160\u010cANSKI DEMOKRATI","organization":{"name":"Bled","slug":"bled"},"since":"2022-11-20","since_precision":"inferred","until":null,"status":"elected","current":true,"sources":[{"authority":"Dr\u017eavna volilna komisija","url":"https:\/\/www.dvk-rs.si\/arhivi\/volitve2022\/lv2022\/data\/prvikrog\/obcine-data\/data_003.json"}]},{"person":{"name":"Sabina Re\u0161ek","slug":"sabina-resek"},"office":"Ob\u010dinski svetnik","office_code":"local_councillor","role_detail":"izvoljen z liste LISTA BLED 365","organization":{"name":"Bled","slug":"bled"},"since":"2022-11-20","since_precision":"inferred","until":null,"status":"elected","current":true,"sources":[{"authority":"Dr\u017eavna volilna komisija","url":"https:\/\/www.dvk-rs.si\/arhivi\/volitve2022\/lv2022\/data\/prvikrog\/obcine-data\/data_003.json"}]},{"person":{"name":"Lev Pavlovski","slug":"lev-pavlovski"},"office":"Ob\u010dinski svetnik","office_code":"local_councillor","role_detail":"izvoljen z liste GIBANJE SVOBODA","organization":{"name":"Bled","slug":"bled"},"since":"2022-11-20","since_precision":"inferred","until":null,"status":"elected","current":true,"sources":[{"authority":"Dr\u017eavna volilna komisija","url":"https:\/\/www.dvk-rs.si\/arhivi\/volitve2022\/lv2022\/data\/prvikrog\/obcine-data\/data_003.json"}]},{"person":{"name":"Romana Purkart","slug":"romana-purkart"},"office":"Ob\u010dinski svetnik","office_code":"local_councillor","role_detail":"izvoljen z liste GIBANJE SVOBODA","organization":{"name":"Bled","slug":"bled"},"since":"2022-11-20","since_precision":"inferred","until":null,"status":"elected","current":true,"sources":[{"authority":"Dr\u017eavna volilna komisija","url":"https:\/\/www.dvk-rs.si\/arhivi\/volitve2022\/lv2022\/data\/prvikrog\/obcine-data\/data_003.json"}]},{"person":{"name":"Gregor Jarkovi\u010d","slug":"gregor-jarkovic"},"office":"Ob\u010dinski svetnik","office_code":"local_councillor","role_detail":"izvoljen z liste GIBANJE SVOBODA","organization":{"name":"Bled","slug":"bled"},"since":"2022-11-20","since_precision":"inferred","until":null,"status":"elected","current":true,"sources":[{"authority":"Dr\u017eavna volilna komisija","url":"https:\/\/www.dvk-rs.si\/arhivi\/volitve2022\/lv2022\/data\/prvikrog\/obcine-data\/data_003.json"}]},{"person":{"name":"Anton Me\u017ean","slug":"anton-mezan"},"office":"\u017dupan","office_code":"mayor","role_detail":null,"organization":{"name":"Bled","slug":"bled"},"since":"2022-12-04","since_precision":"inferred","until":null,"status":"elected","current":true,"sources":[{"authority":"Dr\u017eavna volilna komisija","url":"https:\/\/www.dvk-rs.si\/arhivi\/volitve2022\/lv2022\/data\/drugi_krog.json"}]}],"children":[{"slug":"javni-zavod-turizem-bled","name":"Javni zavod Turizem Bled","type":"public_institute","body_type":null},{"slug":"osnovna-sola-prof-dr-josipa-plemlja-bled","name":"Osnovna \u0160ola prof. dr. Josipa Plemlja Bled","type":"public_institute","body_type":null},{"slug":"vrtec-bled","name":"Vrtec Bled","type":"public_institute","body_type":null},{"slug":"zavod-za-kulturo-bled","name":"Zavod Za Kulturo Bled","type":"public_institute","body_type":null}]}

Občina

Anton Mežan

Župan

Špela Poljanec

Občinski svetnik

izvoljen z liste ŽUPANOVA LISTA RAD IMAM BLED

Državna volilna komisija

Marša Jekovec

izvoljen z liste LISTA TONIJA MEŽANA

Srečko Vernig

izvoljen z liste LISTA ZA KULTURO IN ŠPORT

Matjaž Berčon

izvoljen z liste NOVA SLOVENIJA - KRŠČANSKI DEMOKRATI

Sabina Rešek

Gregor Jarkovič

Osnovna Šola prof. dr. Josipa Plemlja Bled
