{"data":{"slug":"bovec","name":"Bovec","type":"municipality","type_label":"Ob\u010dina","body_type":null,"parent":null,"website":null,"phone":null,"address":"Trg golobarskih \u017ertev 008, 5230 BOVEC","email":"obcina.info@bovec.si","leader":{"name":"Valter Mleku\u017e","person_slug":"valter-mlekuz","office":"\u017dupan","office_code":"mayor","since":"2022-11-20"},"image":{"url":"https:\/\/commons.wikimedia.org\/wiki\/Special:FilePath\/Grb_Ob%C4%8Dine_Bovec.jpg","attribution":"Wikimedia Commons","source":"https:\/\/commons.wikimedia.org\/wiki\/Special:FilePath\/Grb_Ob%C4%8Dine_Bovec.jpg","hosted":false},"sources":[],"url":"https:\/\/kdo-vodi.si\/organ\/bovec","api_url":"https:\/\/kdo-vodi.si\/api\/v1\/organizations\/bovec"},"office_holders":[{"person":{"name":"Erik Cuder","slug":"erik-cuder"},"office":"Ob\u010dinski svetnik","office_code":"local_councillor","role_detail":"izvoljen z liste \u017dUPANOVA LISTA - GRADIMO BOV\u0160KO NAPREJ","organization":{"name":"Bovec","slug":"bovec"},"since":"2022-11-20","since_precision":"inferred","until":null,"status":"elected","current":true,"sources":[{"authority":"Dr\u017eavna volilna komisija","url":"https:\/\/www.dvk-rs.si\/arhivi\/volitve2022\/lv2022\/data\/prvikrog\/obcine-data\/data_006.json"}]},{"person":{"name":"Tja\u0161a Komac","slug":"tjasa-komac"},"office":"Ob\u010dinski svetnik","office_code":"local_councillor","role_detail":"izvoljen z liste \u017dUPANOVA LISTA - GRADIMO BOV\u0160KO NAPREJ","organization":{"name":"Bovec","slug":"bovec"},"since":"2022-11-20","since_precision":"inferred","until":null,"status":"elected","current":true,"sources":[{"authority":"Dr\u017eavna volilna komisija","url":"https:\/\/www.dvk-rs.si\/arhivi\/volitve2022\/lv2022\/data\/prvikrog\/obcine-data\/data_006.json"}]},{"person":{"name":"Mitja Kravanja","slug":"mitja-kravanja"},"office":"Ob\u010dinski svetnik","office_code":"local_councillor","role_detail":"izvoljen z liste LISTA ZA POSO\u010cJE - BOVEC","organization":{"name":"Bovec","slug":"bovec"},"since":"2022-11-20","since_precision":"inferred","until":null,"status":"elected","current":true,"sources":[{"authority":"Dr\u017eavna volilna komisija","url":"https:\/\/www.dvk-rs.si\/arhivi\/volitve2022\/lv2022\/data\/prvikrog\/obcine-data\/data_006.json"}]},{"person":{"name":"Bojana Zor\u010d Kravanja","slug":"bojana-zorc-kravanja"},"office":"Ob\u010dinski svetnik","office_code":"local_councillor","role_detail":"izvoljen z liste LISTA ZA POSO\u010cJE - BOVEC","organization":{"name":"Bovec","slug":"bovec"},"since":"2022-11-20","since_precision":"inferred","until":null,"status":"elected","current":true,"sources":[{"authority":"Dr\u017eavna volilna komisija","url":"https:\/\/www.dvk-rs.si\/arhivi\/volitve2022\/lv2022\/data\/prvikrog\/obcine-data\/data_006.json"}]},{"person":{"name":"Jurij \u017durej","slug":"jurij-zurej"},"office":"Ob\u010dinski svetnik","office_code":"local_councillor","role_detail":"izvoljen z liste LISTA ZA POSO\u010cJE - BOVEC","organization":{"name":"Bovec","slug":"bovec"},"since":"2022-11-20","since_precision":"inferred","until":null,"status":"elected","current":true,"sources":[{"authority":"Dr\u017eavna volilna komisija","url":"https:\/\/www.dvk-rs.si\/arhivi\/volitve2022\/lv2022\/data\/prvikrog\/obcine-data\/data_006.json"}]},{"person":{"name":"Danijel Krivec","slug":"danijel-krivec"},"office":"Ob\u010dinski svetnik","office_code":"local_councillor","role_detail":"izvoljen z liste SLOVENSKA DEMOKRATSKA STRANKA","organization":{"name":"Bovec","slug":"bovec"},"since":"2022-11-20","since_precision":"inferred","until":null,"status":"elected","current":true,"sources":[{"authority":"Dr\u017eavna volilna komisija","url":"https:\/\/www.dvk-rs.si\/arhivi\/volitve2022\/lv2022\/data\/prvikrog\/obcine-data\/data_006.json"}]},{"person":{"name":"Slavka Kenda","slug":"slavka-kenda"},"office":"Ob\u010dinski svetnik","office_code":"local_councillor","role_detail":"izvoljen z liste SOCIALNI DEMOKRATI","organization":{"name":"Bovec","slug":"bovec"},"since":"2022-11-20","since_precision":"inferred","until":null,"status":"elected","current":true,"sources":[{"authority":"Dr\u017eavna volilna komisija","url":"https:\/\/www.dvk-rs.si\/arhivi\/volitve2022\/lv2022\/data\/prvikrog\/obcine-data\/data_006.json"}]},{"person":{"name":"Miha Sotlar","slug":"miha-sotlar"},"office":"Ob\u010dinski svetnik","office_code":"local_councillor","role_detail":"izvoljen z liste \u017dUPANOVA LISTA - GRADIMO BOV\u0160KO NAPREJ","organization":{"name":"Bovec","slug":"bovec"},"since":"2022-11-20","since_precision":"inferred","until":null,"status":"elected","current":true,"sources":[{"authority":"Dr\u017eavna volilna komisija","url":"https:\/\/www.dvk-rs.si\/arhivi\/volitve2022\/lv2022\/data\/prvikrog\/obcine-data\/data_006.json"}]},{"person":{"name":"Miro Bozja","slug":"miro-bozja"},"office":"Ob\u010dinski svetnik","office_code":"local_councillor","role_detail":"izvoljen z liste SLOVENSKA DEMOKRATSKA STRANKA","organization":{"name":"Bovec","slug":"bovec"},"since":"2022-11-20","since_precision":"inferred","until":null,"status":"elected","current":true,"sources":[{"authority":"Dr\u017eavna volilna komisija","url":"https:\/\/www.dvk-rs.si\/arhivi\/volitve2022\/lv2022\/data\/prvikrog\/obcine-data\/data_006.json"}]},{"person":{"name":"Adis Hrovat","slug":"adis-hrovat"},"office":"Ob\u010dinski svetnik","office_code":"local_councillor","role_detail":"izvoljen z liste NA\u0160A DOLINA NA\u0160 DOM","organization":{"name":"Bovec","slug":"bovec"},"since":"2022-11-20","since_precision":"inferred","until":null,"status":"elected","current":true,"sources":[{"authority":"Dr\u017eavna volilna komisija","url":"https:\/\/www.dvk-rs.si\/arhivi\/volitve2022\/lv2022\/data\/prvikrog\/obcine-data\/data_006.json"}]},{"person":{"name":"Tatjana Komac","slug":"tatjana-komac"},"office":"Ob\u010dinski svetnik","office_code":"local_councillor","role_detail":"izvoljen z liste LISTA ZA POSO\u010cJE - BOVEC","organization":{"name":"Bovec","slug":"bovec"},"since":"2022-11-20","since_precision":"inferred","until":null,"status":"elected","current":true,"sources":[{"authority":"Dr\u017eavna volilna komisija","url":"https:\/\/www.dvk-rs.si\/arhivi\/volitve2022\/lv2022\/data\/prvikrog\/obcine-data\/data_006.json"}]},{"person":{"name":"Matej Brada\u0161kja","slug":"matej-bradaskja"},"office":"Ob\u010dinski svetnik","office_code":"local_councillor","role_detail":"izvoljen z liste LISTA ZA POSO\u010cJE - BOVEC","organization":{"name":"Bovec","slug":"bovec"},"since":"2022-11-20","since_precision":"inferred","until":null,"status":"elected","current":true,"sources":[{"authority":"Dr\u017eavna volilna komisija","url":"https:\/\/www.dvk-rs.si\/arhivi\/volitve2022\/lv2022\/data\/prvikrog\/obcine-data\/data_006.json"}]},{"person":{"name":"Valter Mleku\u017e","slug":"valter-mlekuz"},"office":"\u017dupan","office_code":"mayor","role_detail":null,"organization":{"name":"Bovec","slug":"bovec"},"since":"2022-11-20","since_precision":"inferred","until":null,"status":"elected","current":true,"sources":[{"authority":"Dr\u017eavna volilna komisija","url":"https:\/\/www.dvk-rs.si\/arhivi\/volitve2022\/lv2022\/data\/ostale_obcine.json"}]}],"children":[{"slug":"javni-zavod-za-turizem-dolina-soce","name":"Javni zavod za turizem Dolina So\u010de","type":"public_institute","body_type":null},{"slug":"krajevna-skupnost-bovec","name":"Krajevna Skupnost Bovec","type":"local_community","body_type":null},{"slug":"krajevna-skupnost-cezsoca","name":"Krajevna Skupnost \u010cezso\u010da","type":"local_community","body_type":null},{"slug":"krajevna-skupnost-kal-koritnica","name":"Krajevna Skupnost Kal - Koritnica","type":"local_community","body_type":null},{"slug":"krajevna-skupnost-log-pod-mangartom","name":"Krajevna Skupnost Log Pod Mangartom","type":"local_community","body_type":null},{"slug":"krajevna-skupnost-soca-trenta","name":"Krajevna Skupnost So\u010da - Trenta","type":"local_community","body_type":null},{"slug":"krajevna-skupnost-srpenica","name":"Krajevna Skupnost Srpenica","type":"local_community","body_type":null},{"slug":"krajevna-skupnost-zaga","name":"Krajevna Skupnost \u017daga","type":"local_community","body_type":null},{"slug":"osnovna-sola-bovec","name":"Osnovna \u0160ola Bovec","type":"public_institute","body_type":null}]}

Občina

Trg golobarskih žrtev 008, 5230 BOVEC

Valter Mlekuž

Župan

Občinski svetnik

izvoljen z liste ŽUPANOVA LISTA - GRADIMO BOVŠKO NAPREJ

Državna volilna komisija

Tjaša Komac

izvoljen z liste LISTA ZA POSOČJE - BOVEC

Bojana Zorč Kravanja

Jurij Žurej

izvoljen z liste NAŠA DOLINA NAŠ DOM

Matej Bradaškja

Javni zavod za turizem Dolina Soče

Krajevna Skupnost Čezsoča

Krajevna Skupnost Soča - Trenta

Krajevna Skupnost Žaga

Osnovna Šola Bovec
