{"data":{"slug":"cerkno","name":"Cerkno","type":"municipality","type_label":"Ob\u010dina","body_type":null,"parent":null,"website":null,"phone":null,"address":"Bevkova ulica 009, 5282 CERKNO","email":"obcina@cerkno.si","leader":{"name":"Ga\u0161per Ur\u0161i\u010d","person_slug":"gasper-ursic","office":"\u017dupan","office_code":"mayor","since":"2022-12-04"},"image":{"url":"https:\/\/commons.wikimedia.org\/wiki\/Special:FilePath\/Grb_Ob%C4%8Dine_Cerkno.png","attribution":"Wikimedia Commons","source":"https:\/\/commons.wikimedia.org\/wiki\/Special:FilePath\/Grb_Ob%C4%8Dine_Cerkno.png","hosted":false},"sources":[],"url":"https:\/\/kdo-vodi.si\/organ\/cerkno","api_url":"https:\/\/kdo-vodi.si\/api\/v1\/organizations\/cerkno"},"office_holders":[{"person":{"name":"Ivan Mavri","slug":"ivan-mavri"},"office":"Ob\u010dinski svetnik","office_code":"local_councillor","role_detail":"izvoljen z liste NOVA SLOVENIJA - KR\u0160\u010cANSKI DEMOKRATI","organization":{"name":"Cerkno","slug":"cerkno"},"since":"2022-11-20","since_precision":"inferred","until":null,"status":"elected","current":true,"sources":[{"authority":"Dr\u017eavna volilna komisija","url":"https:\/\/www.dvk-rs.si\/arhivi\/volitve2022\/lv2022\/data\/prvikrog\/obcine-data\/data_014.json"}]},{"person":{"name":"Stanko Gosar","slug":"stanko-gosar"},"office":"Ob\u010dinski svetnik","office_code":"local_councillor","role_detail":"izvoljen z liste SOCIALNI DEMOKRATI","organization":{"name":"Cerkno","slug":"cerkno"},"since":"2022-11-20","since_precision":"inferred","until":null,"status":"elected","current":true,"sources":[{"authority":"Dr\u017eavna volilna komisija","url":"https:\/\/www.dvk-rs.si\/arhivi\/volitve2022\/lv2022\/data\/prvikrog\/obcine-data\/data_014.json"}]},{"person":{"name":"David Ba\u0161elj","slug":"david-baselj"},"office":"Ob\u010dinski svetnik","office_code":"local_councillor","role_detail":"izvoljen z liste SLOVENSKA DEMOKRATSKA STRANKA","organization":{"name":"Cerkno","slug":"cerkno"},"since":"2022-11-20","since_precision":"inferred","until":null,"status":"elected","current":true,"sources":[{"authority":"Dr\u017eavna volilna komisija","url":"https:\/\/www.dvk-rs.si\/arhivi\/volitve2022\/lv2022\/data\/prvikrog\/obcine-data\/data_014.json"}]},{"person":{"name":"Andra\u017e Dre\u0161\u010dek","slug":"andraz-drescek"},"office":"Ob\u010dinski svetnik","office_code":"local_councillor","role_detail":"izvoljen z liste SMO TAKI, KOT SMO.","organization":{"name":"Cerkno","slug":"cerkno"},"since":"2022-11-20","since_precision":"inferred","until":null,"status":"elected","current":true,"sources":[{"authority":"Dr\u017eavna volilna komisija","url":"https:\/\/www.dvk-rs.si\/arhivi\/volitve2022\/lv2022\/data\/prvikrog\/obcine-data\/data_014.json"}]},{"person":{"name":"Katja Kej\u017ear","slug":"katja-kejzar"},"office":"Ob\u010dinski svetnik","office_code":"local_councillor","role_detail":"izvoljen z liste SMO TAKI, KOT SMO.","organization":{"name":"Cerkno","slug":"cerkno"},"since":"2022-11-20","since_precision":"inferred","until":null,"status":"elected","current":true,"sources":[{"authority":"Dr\u017eavna volilna komisija","url":"https:\/\/www.dvk-rs.si\/arhivi\/volitve2022\/lv2022\/data\/prvikrog\/obcine-data\/data_014.json"}]},{"person":{"name":"Domen Ur\u0161i\u010d","slug":"domen-ursic"},"office":"Ob\u010dinski svetnik","office_code":"local_councillor","role_detail":"izvoljen z liste SMO TAKI, KOT SMO.","organization":{"name":"Cerkno","slug":"cerkno"},"since":"2022-11-20","since_precision":"inferred","until":null,"status":"elected","current":true,"sources":[{"authority":"Dr\u017eavna volilna komisija","url":"https:\/\/www.dvk-rs.si\/arhivi\/volitve2022\/lv2022\/data\/prvikrog\/obcine-data\/data_014.json"}]},{"person":{"name":"Nata\u0161a \u0160tremfelj","slug":"natasa-stremfelj"},"office":"Ob\u010dinski svetnik","office_code":"local_councillor","role_detail":"izvoljen z liste GIBANJE SVOBODA","organization":{"name":"Cerkno","slug":"cerkno"},"since":"2022-11-20","since_precision":"inferred","until":null,"status":"elected","current":true,"sources":[{"authority":"Dr\u017eavna volilna komisija","url":"https:\/\/www.dvk-rs.si\/arhivi\/volitve2022\/lv2022\/data\/prvikrog\/obcine-data\/data_014.json"}]},{"person":{"name":"Luka Podobnik","slug":"luka-podobnik"},"office":"Ob\u010dinski svetnik","office_code":"local_councillor","role_detail":"izvoljen z liste GIBANJE SVOBODA","organization":{"name":"Cerkno","slug":"cerkno"},"since":"2022-11-20","since_precision":"inferred","until":null,"status":"elected","current":true,"sources":[{"authority":"Dr\u017eavna volilna komisija","url":"https:\/\/www.dvk-rs.si\/arhivi\/volitve2022\/lv2022\/data\/prvikrog\/obcine-data\/data_014.json"}]},{"person":{"name":"Mojca Mavri","slug":"mojca-mavri"},"office":"Ob\u010dinski svetnik","office_code":"local_councillor","role_detail":"izvoljen z liste GIBANJE SVOBODA","organization":{"name":"Cerkno","slug":"cerkno"},"since":"2022-11-20","since_precision":"inferred","until":null,"status":"elected","current":true,"sources":[{"authority":"Dr\u017eavna volilna komisija","url":"https:\/\/www.dvk-rs.si\/arhivi\/volitve2022\/lv2022\/data\/prvikrog\/obcine-data\/data_014.json"}]},{"person":{"name":"Stanko Mo\u010dnik","slug":"stanko-mocnik"},"office":"Ob\u010dinski svetnik","office_code":"local_councillor","role_detail":"izvoljen z liste GIBANJE SVOBODA","organization":{"name":"Cerkno","slug":"cerkno"},"since":"2022-11-20","since_precision":"inferred","until":null,"status":"elected","current":true,"sources":[{"authority":"Dr\u017eavna volilna komisija","url":"https:\/\/www.dvk-rs.si\/arhivi\/volitve2022\/lv2022\/data\/prvikrog\/obcine-data\/data_014.json"}]},{"person":{"name":"Jure Podobnik","slug":"jure-podobnik"},"office":"Ob\u010dinski svetnik","office_code":"local_councillor","role_detail":"izvoljen z liste SLOVENSKA LJUDSKA STRANKA","organization":{"name":"Cerkno","slug":"cerkno"},"since":"2022-11-20","since_precision":"inferred","until":null,"status":"elected","current":true,"sources":[{"authority":"Dr\u017eavna volilna komisija","url":"https:\/\/www.dvk-rs.si\/arhivi\/volitve2022\/lv2022\/data\/prvikrog\/obcine-data\/data_014.json"}]},{"person":{"name":"Patricija Tu\u0161ar","slug":"patricija-tusar"},"office":"Ob\u010dinski svetnik","office_code":"local_councillor","role_detail":"izvoljen z liste SLOVENSKA DEMOKRATSKA STRANKA","organization":{"name":"Cerkno","slug":"cerkno"},"since":"2022-11-20","since_precision":"inferred","until":null,"status":"elected","current":true,"sources":[{"authority":"Dr\u017eavna volilna komisija","url":"https:\/\/www.dvk-rs.si\/arhivi\/volitve2022\/lv2022\/data\/prvikrog\/obcine-data\/data_014.json"}]},{"person":{"name":"Jure Magajne","slug":"jure-magajne"},"office":"Ob\u010dinski svetnik","office_code":"local_councillor","role_detail":"izvoljen z liste SLOVENSKA DEMOKRATSKA STRANKA","organization":{"name":"Cerkno","slug":"cerkno"},"since":"2022-11-20","since_precision":"inferred","until":null,"status":"elected","current":true,"sources":[{"authority":"Dr\u017eavna volilna komisija","url":"https:\/\/www.dvk-rs.si\/arhivi\/volitve2022\/lv2022\/data\/prvikrog\/obcine-data\/data_014.json"}]},{"person":{"name":"Rok Obid","slug":"rok-obid"},"office":"Ob\u010dinski svetnik","office_code":"local_councillor","role_detail":"izvoljen z liste SMO TAKI, KOT SMO.","organization":{"name":"Cerkno","slug":"cerkno"},"since":"2022-11-20","since_precision":"inferred","until":null,"status":"elected","current":true,"sources":[{"authority":"Dr\u017eavna volilna komisija","url":"https:\/\/www.dvk-rs.si\/arhivi\/volitve2022\/lv2022\/data\/prvikrog\/obcine-data\/data_014.json"}]},{"person":{"name":"Monika Hadalin","slug":"monika-hadalin"},"office":"Ob\u010dinski svetnik","office_code":"local_councillor","role_detail":"izvoljen z liste GIBANJE SVOBODA","organization":{"name":"Cerkno","slug":"cerkno"},"since":"2022-11-20","since_precision":"inferred","until":null,"status":"elected","current":true,"sources":[{"authority":"Dr\u017eavna volilna komisija","url":"https:\/\/www.dvk-rs.si\/arhivi\/volitve2022\/lv2022\/data\/prvikrog\/obcine-data\/data_014.json"}]},{"person":{"name":"Silvo Jeram","slug":"silvo-jeram"},"office":"Ob\u010dinski svetnik","office_code":"local_councillor","role_detail":"izvoljen z liste SLOVENSKA LJUDSKA STRANKA","organization":{"name":"Cerkno","slug":"cerkno"},"since":"2022-11-20","since_precision":"inferred","until":null,"status":"elected","current":true,"sources":[{"authority":"Dr\u017eavna volilna komisija","url":"https:\/\/www.dvk-rs.si\/arhivi\/volitve2022\/lv2022\/data\/prvikrog\/obcine-data\/data_014.json"}]},{"person":{"name":"Ga\u0161per Ur\u0161i\u010d","slug":"gasper-ursic"},"office":"\u017dupan","office_code":"mayor","role_detail":null,"organization":{"name":"Cerkno","slug":"cerkno"},"since":"2022-12-04","since_precision":"inferred","until":null,"status":"elected","current":true,"sources":[{"authority":"Dr\u017eavna volilna komisija","url":"https:\/\/www.dvk-rs.si\/arhivi\/volitve2022\/lv2022\/data\/drugi_krog.json"}]}],"children":[{"slug":"krajevna-skupnost-bukovo","name":"Krajevna Skupnost Bukovo","type":"local_community","body_type":null},{"slug":"krajevna-skupnost-cerkno","name":"Krajevna Skupnost Cerkno","type":"local_community","body_type":null},{"slug":"krajevna-skupnost-gorje","name":"Krajevna Skupnost Gorje","type":"local_community","body_type":null},{"slug":"krajevna-skupnost-novaki","name":"Krajevna Skupnost Novaki","type":"local_community","body_type":null},{"slug":"krajevna-skupnost-orehek-jesenica","name":"Krajevna Skupnost Orehek-Jesenica","type":"local_community","body_type":null},{"slug":"krajevna-skupnost-otalez","name":"Krajevna Skupnost Otale\u017e","type":"local_community","body_type":null},{"slug":"krajevna-skupnost-podlanisce","name":"Krajevna Skupnost Podlani\u0161\u010de","type":"local_community","body_type":null},{"slug":"krajevna-skupnost-ravne-zakriz","name":"Krajevna Skupnost Ravne-Zakri\u017e","type":"local_community","body_type":null},{"slug":"krajevna-skupnost-sebrelje","name":"Krajevna Skupnost \u0160ebrelje","type":"local_community","body_type":null},{"slug":"krajevna-skupnost-straza","name":"Krajevna Skupnost Stra\u017ea","type":"local_community","body_type":null},{"slug":"osnovna-sola-cerkno","name":"Osnovna \u0160ola Cerkno","type":"public_institute","body_type":null},{"slug":"zavod-za-turizem-cerkno","name":"Zavod Za Turizem Cerkno","type":"public_institute","body_type":null}]}

Občina

Gašper Uršič

Župan

Občinski svetnik

izvoljen z liste NOVA SLOVENIJA - KRŠČANSKI DEMOKRATI

Državna volilna komisija

David Bašelj

Andraž Drešček

Katja Kejžar

Domen Uršič

Nataša Štremfelj

Stanko Močnik

Patricija Tušar

Krajevna Skupnost Otalež

Krajevna Skupnost Podlanišče

Krajevna Skupnost Ravne-Zakriž

Krajevna Skupnost Šebrelje

Krajevna Skupnost Straža

Osnovna Šola Cerkno
