{"data":{"slug":"crensovci","name":"\u010cren\u0161ovci","type":"municipality","type_label":"Ob\u010dina","body_type":null,"parent":null,"website":null,"phone":null,"address":"Ulica Prekmurske \u010dete 020, 9232 \u010cREN\u0160OVCI","email":"info@obcina-crensovci.si","leader":{"name":"Vera Markoja","person_slug":"vera-markoja","office":"\u017dupan","office_code":"mayor","since":"2022-11-20"},"image":null,"sources":[],"url":"https:\/\/kdo-vodi.si\/organ\/crensovci","api_url":"https:\/\/kdo-vodi.si\/api\/v1\/organizations\/crensovci"},"office_holders":[{"person":{"name":"Marija Horvat","slug":"marija-horvat"},"office":"Ob\u010dinski svetnik","office_code":"local_councillor","role_detail":"izvoljen z liste NOVA SLOVENIJA - KR\u0160\u010cANSKI DEMOKRATI","organization":{"name":"\u010cren\u0161ovci","slug":"crensovci"},"since":"2022-11-20","since_precision":"inferred","until":null,"status":"elected","current":true,"sources":[{"authority":"Dr\u017eavna volilna komisija","url":"https:\/\/www.dvk-rs.si\/arhivi\/volitve2022\/lv2022\/data\/prvikrog\/obcine-data\/data_015.json"}]},{"person":{"name":"Milan Gabor","slug":"milan-gabor"},"office":"Ob\u010dinski svetnik","office_code":"local_councillor","role_detail":"izvoljen z liste NOVA SLOVENIJA - KR\u0160\u010cANSKI DEMOKRATI","organization":{"name":"\u010cren\u0161ovci","slug":"crensovci"},"since":"2022-11-20","since_precision":"inferred","until":null,"status":"elected","current":true,"sources":[{"authority":"Dr\u017eavna volilna komisija","url":"https:\/\/www.dvk-rs.si\/arhivi\/volitve2022\/lv2022\/data\/prvikrog\/obcine-data\/data_015.json"}]},{"person":{"name":"Romana Lebar","slug":"romana-lebar"},"office":"Ob\u010dinski svetnik","office_code":"local_councillor","role_detail":"izvoljen z liste NOVA SLOVENIJA - KR\u0160\u010cANSKI DEMOKRATI","organization":{"name":"\u010cren\u0161ovci","slug":"crensovci"},"since":"2022-11-20","since_precision":"inferred","until":null,"status":"elected","current":true,"sources":[{"authority":"Dr\u017eavna volilna komisija","url":"https:\/\/www.dvk-rs.si\/arhivi\/volitve2022\/lv2022\/data\/prvikrog\/obcine-data\/data_015.json"}]},{"person":{"name":"Roman Kolenko","slug":"roman-kolenko"},"office":"Ob\u010dinski svetnik","office_code":"local_councillor","role_detail":"izvoljen z liste NEODVISNA LISTA","organization":{"name":"\u010cren\u0161ovci","slug":"crensovci"},"since":"2022-11-20","since_precision":"inferred","until":null,"status":"elected","current":true,"sources":[{"authority":"Dr\u017eavna volilna komisija","url":"https:\/\/www.dvk-rs.si\/arhivi\/volitve2022\/lv2022\/data\/prvikrog\/obcine-data\/data_015.json"}]},{"person":{"name":"Karel \u017dalig","slug":"karel-zalig"},"office":"Ob\u010dinski svetnik","office_code":"local_councillor","role_detail":"izvoljen z liste GLAS LJUDSTVA -NEODVISNA LISTA","organization":{"name":"\u010cren\u0161ovci","slug":"crensovci"},"since":"2022-11-20","since_precision":"inferred","until":null,"status":"elected","current":true,"sources":[{"authority":"Dr\u017eavna volilna komisija","url":"https:\/\/www.dvk-rs.si\/arhivi\/volitve2022\/lv2022\/data\/prvikrog\/obcine-data\/data_015.json"}]},{"person":{"name":"Vera Markoja","slug":"vera-markoja"},"office":"Ob\u010dinski svetnik","office_code":"local_councillor","role_detail":"izvoljen z liste GLAS LJUDSTVA -NEODVISNA LISTA","organization":{"name":"\u010cren\u0161ovci","slug":"crensovci"},"since":"2022-11-20","since_precision":"inferred","until":null,"status":"elected","current":true,"sources":[{"authority":"Dr\u017eavna volilna komisija","url":"https:\/\/www.dvk-rs.si\/arhivi\/volitve2022\/lv2022\/data\/prvikrog\/obcine-data\/data_015.json"}]},{"person":{"name":"Matej Kolenko","slug":"matej-kolenko"},"office":"Ob\u010dinski svetnik","office_code":"local_councillor","role_detail":"izvoljen z liste NOVA SLOVENIJA - KR\u0160\u010cANSKI DEMOKRATI","organization":{"name":"\u010cren\u0161ovci","slug":"crensovci"},"since":"2022-11-20","since_precision":"inferred","until":null,"status":"elected","current":true,"sources":[{"authority":"Dr\u017eavna volilna komisija","url":"https:\/\/www.dvk-rs.si\/arhivi\/volitve2022\/lv2022\/data\/prvikrog\/obcine-data\/data_015.json"}]},{"person":{"name":"Marija Tibaut","slug":"marija-tibaut"},"office":"Ob\u010dinski svetnik","office_code":"local_councillor","role_detail":"izvoljen z liste NOVA SLOVENIJA - KR\u0160\u010cANSKI DEMOKRATI","organization":{"name":"\u010cren\u0161ovci","slug":"crensovci"},"since":"2022-11-20","since_precision":"inferred","until":null,"status":"elected","current":true,"sources":[{"authority":"Dr\u017eavna volilna komisija","url":"https:\/\/www.dvk-rs.si\/arhivi\/volitve2022\/lv2022\/data\/prvikrog\/obcine-data\/data_015.json"}]},{"person":{"name":"Miha Horvat","slug":"miha-horvat"},"office":"Ob\u010dinski svetnik","office_code":"local_councillor","role_detail":"izvoljen z liste NOVA SLOVENIJA - KR\u0160\u010cANSKI DEMOKRATI","organization":{"name":"\u010cren\u0161ovci","slug":"crensovci"},"since":"2022-11-20","since_precision":"inferred","until":null,"status":"elected","current":true,"sources":[{"authority":"Dr\u017eavna volilna komisija","url":"https:\/\/www.dvk-rs.si\/arhivi\/volitve2022\/lv2022\/data\/prvikrog\/obcine-data\/data_015.json"}]},{"person":{"name":"Niko Horvat","slug":"niko-horvat"},"office":"Ob\u010dinski svetnik","office_code":"local_councillor","role_detail":"izvoljen z liste NEODVISNA LISTA","organization":{"name":"\u010cren\u0161ovci","slug":"crensovci"},"since":"2022-11-20","since_precision":"inferred","until":null,"status":"elected","current":true,"sources":[{"authority":"Dr\u017eavna volilna komisija","url":"https:\/\/www.dvk-rs.si\/arhivi\/volitve2022\/lv2022\/data\/prvikrog\/obcine-data\/data_015.json"}]},{"person":{"name":"\u0160tefan Gyurica","slug":"stefan-gyurica"},"office":"Ob\u010dinski svetnik","office_code":"local_councillor","role_detail":"izvoljen z liste SLOVENSKA LJUDSKA STRANKA","organization":{"name":"\u010cren\u0161ovci","slug":"crensovci"},"since":"2022-11-20","since_precision":"inferred","until":null,"status":"elected","current":true,"sources":[{"authority":"Dr\u017eavna volilna komisija","url":"https:\/\/www.dvk-rs.si\/arhivi\/volitve2022\/lv2022\/data\/prvikrog\/obcine-data\/data_015.json"}]},{"person":{"name":"Jo\u017eica Vaupoti\u010d","slug":"jozica-vaupotic"},"office":"Ob\u010dinski svetnik","office_code":"local_councillor","role_detail":"izvoljen z liste SLOVENSKA DEMOKRATSKA STRANKA","organization":{"name":"\u010cren\u0161ovci","slug":"crensovci"},"since":"2022-11-20","since_precision":"inferred","until":null,"status":"elected","current":true,"sources":[{"authority":"Dr\u017eavna volilna komisija","url":"https:\/\/www.dvk-rs.si\/arhivi\/volitve2022\/lv2022\/data\/prvikrog\/obcine-data\/data_015.json"}]},{"person":{"name":"Bo\u0161tjan Kramar","slug":"bostjan-kramar"},"office":"Ob\u010dinski svetnik","office_code":"local_councillor","role_detail":"izvoljen z liste GLAS LJUDSTVA -NEODVISNA LISTA","organization":{"name":"\u010cren\u0161ovci","slug":"crensovci"},"since":"2022-11-20","since_precision":"inferred","until":null,"status":"elected","current":true,"sources":[{"authority":"Dr\u017eavna volilna komisija","url":"https:\/\/www.dvk-rs.si\/arhivi\/volitve2022\/lv2022\/data\/prvikrog\/obcine-data\/data_015.json"}]},{"person":{"name":"Primo\u017e Gjerki\u0161","slug":"primoz-gjerkis"},"office":"Ob\u010dinski svetnik","office_code":"local_councillor","role_detail":"izvoljen z liste GLAS LJUDSTVA -NEODVISNA LISTA","organization":{"name":"\u010cren\u0161ovci","slug":"crensovci"},"since":"2022-11-20","since_precision":"inferred","until":null,"status":"elected","current":true,"sources":[{"authority":"Dr\u017eavna volilna komisija","url":"https:\/\/www.dvk-rs.si\/arhivi\/volitve2022\/lv2022\/data\/prvikrog\/obcine-data\/data_015.json"}]},{"person":{"name":"Vera Markoja","slug":"vera-markoja"},"office":"\u017dupan","office_code":"mayor","role_detail":null,"organization":{"name":"\u010cren\u0161ovci","slug":"crensovci"},"since":"2022-11-20","since_precision":"inferred","until":null,"status":"elected","current":true,"sources":[{"authority":"Dr\u017eavna volilna komisija","url":"https:\/\/www.dvk-rs.si\/arhivi\/volitve2022\/lv2022\/data\/ostale_obcine.json"}]}],"children":[{"slug":"osnovna-sola-franceta-preserna-crensovci","name":"Osnovna \u0160ola Franceta Pre\u0161erna \u010cren\u0161ovci","type":"public_institute","body_type":null},{"slug":"osnovna-sola-prezihovega-voranca-bistrica","name":"Osnovna \u0160ola Pre\u017eihovega Voranca Bistrica","type":"public_institute","body_type":null}]}

Črenšovci

Občina

Ulica Prekmurske čete 020, 9232 ČRENŠOVCI

Župan

Občinski svetnik

izvoljen z liste NOVA SLOVENIJA - KRŠČANSKI DEMOKRATI

Državna volilna komisija

Karel Žalig

Štefan Gyurica

Jožica Vaupotič

Boštjan Kramar

Primož Gjerkiš

Osnovna Šola Franceta Prešerna Črenšovci

Osnovna Šola Prežihovega Voranca Bistrica
