{"data":{"slug":"crna-na-koroskem","name":"\u010crna na Koro\u0161kem","type":"municipality","type_label":"Ob\u010dina","body_type":null,"parent":null,"website":null,"phone":null,"address":"Center 101, 2393 \u010cRNA NA KORO\u0160KEM","email":"obcina@crna.si","leader":{"name":"Romana Lesjak","person_slug":"romana-lesjak","office":"\u017dupan","office_code":"mayor","since":"2022-11-20"},"image":{"url":"https:\/\/commons.wikimedia.org\/wiki\/Special:FilePath\/Grb_Ob%C4%8Dine_%C4%8Crna_na_Koro%C5%A1kem.png","attribution":"Wikimedia Commons","source":"https:\/\/commons.wikimedia.org\/wiki\/Special:FilePath\/Grb_Ob%C4%8Dine_%C4%8Crna_na_Koro%C5%A1kem.png","hosted":false},"sources":[],"url":"https:\/\/kdo-vodi.si\/organ\/crna-na-koroskem","api_url":"https:\/\/kdo-vodi.si\/api\/v1\/organizations\/crna-na-koroskem"},"office_holders":[{"person":{"name":"Andreja Grobel\u0161ek","slug":"andreja-grobelsek"},"office":"Ob\u010dinski svetnik","office_code":"local_councillor","role_detail":"izvoljen z liste SLOVENSKA DEMOKRATSKA STRANKA","organization":{"name":"\u010crna na Koro\u0161kem","slug":"crna-na-koroskem"},"since":"2022-11-20","since_precision":"inferred","until":null,"status":"elected","current":true,"sources":[{"authority":"Dr\u017eavna volilna komisija","url":"https:\/\/www.dvk-rs.si\/arhivi\/volitve2022\/lv2022\/data\/prvikrog\/obcine-data\/data_016.json"}]},{"person":{"name":"Bojan Gorza","slug":"bojan-gorza"},"office":"Ob\u010dinski svetnik","office_code":"local_councillor","role_detail":"izvoljen z liste SLOVENSKA DEMOKRATSKA STRANKA","organization":{"name":"\u010crna na Koro\u0161kem","slug":"crna-na-koroskem"},"since":"2022-11-20","since_precision":"inferred","until":null,"status":"elected","current":true,"sources":[{"authority":"Dr\u017eavna volilna komisija","url":"https:\/\/www.dvk-rs.si\/arhivi\/volitve2022\/lv2022\/data\/prvikrog\/obcine-data\/data_016.json"}]},{"person":{"name":"Ivanka Stopar","slug":"ivanka-stopar"},"office":"Ob\u010dinski svetnik","office_code":"local_councillor","role_detail":"izvoljen z liste NESTRANKARSKA LISTA ROMANE LESJAK","organization":{"name":"\u010crna na Koro\u0161kem","slug":"crna-na-koroskem"},"since":"2022-11-20","since_precision":"inferred","until":null,"status":"elected","current":true,"sources":[{"authority":"Dr\u017eavna volilna komisija","url":"https:\/\/www.dvk-rs.si\/arhivi\/volitve2022\/lv2022\/data\/prvikrog\/obcine-data\/data_016.json"}]},{"person":{"name":"Ga\u0161per Mlinar","slug":"gasper-mlinar"},"office":"Ob\u010dinski svetnik","office_code":"local_councillor","role_detail":"izvoljen z liste NESTRANKARSKA LISTA ROMANE LESJAK","organization":{"name":"\u010crna na Koro\u0161kem","slug":"crna-na-koroskem"},"since":"2022-11-20","since_precision":"inferred","until":null,"status":"elected","current":true,"sources":[{"authority":"Dr\u017eavna volilna komisija","url":"https:\/\/www.dvk-rs.si\/arhivi\/volitve2022\/lv2022\/data\/prvikrog\/obcine-data\/data_016.json"}]},{"person":{"name":"Tara Simetinger","slug":"tara-simetinger"},"office":"Ob\u010dinski svetnik","office_code":"local_councillor","role_detail":"izvoljen z liste NESTRANKARSKA LISTA ROMANE LESJAK","organization":{"name":"\u010crna na Koro\u0161kem","slug":"crna-na-koroskem"},"since":"2022-11-20","since_precision":"inferred","until":null,"status":"elected","current":true,"sources":[{"authority":"Dr\u017eavna volilna komisija","url":"https:\/\/www.dvk-rs.si\/arhivi\/volitve2022\/lv2022\/data\/prvikrog\/obcine-data\/data_016.json"}]},{"person":{"name":"Toma\u017e Simetinger","slug":"tomaz-simetinger"},"office":"Ob\u010dinski svetnik","office_code":"local_councillor","role_detail":"izvoljen z liste NESTRANKARSKA LISTA ROMANE LESJAK","organization":{"name":"\u010crna na Koro\u0161kem","slug":"crna-na-koroskem"},"since":"2022-11-20","since_precision":"inferred","until":null,"status":"elected","current":true,"sources":[{"authority":"Dr\u017eavna volilna komisija","url":"https:\/\/www.dvk-rs.si\/arhivi\/volitve2022\/lv2022\/data\/prvikrog\/obcine-data\/data_016.json"}]},{"person":{"name":"Romana Lesjak","slug":"romana-lesjak"},"office":"Ob\u010dinski svetnik","office_code":"local_councillor","role_detail":"izvoljen z liste NESTRANKARSKA LISTA ROMANE LESJAK","organization":{"name":"\u010crna na Koro\u0161kem","slug":"crna-na-koroskem"},"since":"2022-11-20","since_precision":"inferred","until":null,"status":"elected","current":true,"sources":[{"authority":"Dr\u017eavna volilna komisija","url":"https:\/\/www.dvk-rs.si\/arhivi\/volitve2022\/lv2022\/data\/prvikrog\/obcine-data\/data_016.json"}]},{"person":{"name":"Mojca Poto\u010dnik","slug":"mojca-potocnik"},"office":"Ob\u010dinski svetnik","office_code":"local_councillor","role_detail":"izvoljen z liste NESTRANKARSKA LISTA ALE\u0160A PRAPROTNIKA","organization":{"name":"\u010crna na Koro\u0161kem","slug":"crna-na-koroskem"},"since":"2022-11-20","since_precision":"inferred","until":null,"status":"elected","current":true,"sources":[{"authority":"Dr\u017eavna volilna komisija","url":"https:\/\/www.dvk-rs.si\/arhivi\/volitve2022\/lv2022\/data\/prvikrog\/obcine-data\/data_016.json"}]},{"person":{"name":"Ale\u0161 Praprotnik","slug":"ales-praprotnik"},"office":"Ob\u010dinski svetnik","office_code":"local_councillor","role_detail":"izvoljen z liste NESTRANKARSKA LISTA ALE\u0160A PRAPROTNIKA","organization":{"name":"\u010crna na Koro\u0161kem","slug":"crna-na-koroskem"},"since":"2022-11-20","since_precision":"inferred","until":null,"status":"elected","current":true,"sources":[{"authority":"Dr\u017eavna volilna komisija","url":"https:\/\/www.dvk-rs.si\/arhivi\/volitve2022\/lv2022\/data\/prvikrog\/obcine-data\/data_016.json"}]},{"person":{"name":"Petra Kunc","slug":"petra-kunc"},"office":"Ob\u010dinski svetnik","office_code":"local_councillor","role_detail":"izvoljen z liste SOCIALNI DEMOKRATI","organization":{"name":"\u010crna na Koro\u0161kem","slug":"crna-na-koroskem"},"since":"2022-11-20","since_precision":"inferred","until":null,"status":"elected","current":true,"sources":[{"authority":"Dr\u017eavna volilna komisija","url":"https:\/\/www.dvk-rs.si\/arhivi\/volitve2022\/lv2022\/data\/prvikrog\/obcine-data\/data_016.json"}]},{"person":{"name":"Ale\u0161 Tom\u0161e","slug":"ales-tomse"},"office":"Ob\u010dinski svetnik","office_code":"local_councillor","role_detail":"izvoljen z liste SOCIALNI DEMOKRATI","organization":{"name":"\u010crna na Koro\u0161kem","slug":"crna-na-koroskem"},"since":"2022-11-20","since_precision":"inferred","until":null,"status":"elected","current":true,"sources":[{"authority":"Dr\u017eavna volilna komisija","url":"https:\/\/www.dvk-rs.si\/arhivi\/volitve2022\/lv2022\/data\/prvikrog\/obcine-data\/data_016.json"}]},{"person":{"name":"Dragica Mazej","slug":"dragica-mazej"},"office":"Ob\u010dinski svetnik","office_code":"local_councillor","role_detail":"izvoljen z liste SOCIALNI DEMOKRATI","organization":{"name":"\u010crna na Koro\u0161kem","slug":"crna-na-koroskem"},"since":"2022-11-20","since_precision":"inferred","until":null,"status":"elected","current":true,"sources":[{"authority":"Dr\u017eavna volilna komisija","url":"https:\/\/www.dvk-rs.si\/arhivi\/volitve2022\/lv2022\/data\/prvikrog\/obcine-data\/data_016.json"}]},{"person":{"name":"Natalija Loren\u010di\u010d","slug":"natalija-lorencic"},"office":"Ob\u010dinski svetnik","office_code":"local_councillor","role_detail":"izvoljen z liste GIBANJE SVOBODA","organization":{"name":"\u010crna na Koro\u0161kem","slug":"crna-na-koroskem"},"since":"2022-11-20","since_precision":"inferred","until":null,"status":"elected","current":true,"sources":[{"authority":"Dr\u017eavna volilna komisija","url":"https:\/\/www.dvk-rs.si\/arhivi\/volitve2022\/lv2022\/data\/prvikrog\/obcine-data\/data_016.json"}]},{"person":{"name":"Romana Lesjak","slug":"romana-lesjak"},"office":"\u017dupan","office_code":"mayor","role_detail":null,"organization":{"name":"\u010crna na Koro\u0161kem","slug":"crna-na-koroskem"},"since":"2022-11-20","since_precision":"inferred","until":null,"status":"elected","current":true,"sources":[{"authority":"Dr\u017eavna volilna komisija","url":"https:\/\/www.dvk-rs.si\/arhivi\/volitve2022\/lv2022\/data\/ostale_obcine.json"}]}],"children":[{"slug":"krajevna-skupnost-zerjav","name":"Krajevna Skupnost \u017derjav","type":"local_community","body_type":null},{"slug":"osnovna-sola-crna-na-koroskem","name":"Osnovna \u0160ola \u010crna Na Koro\u0161kem","type":"public_institute","body_type":null}]}

Črna na Koroškem

Občina

Center 101, 2393 ČRNA NA KOROŠKEM

Župan

Andreja Grobelšek

Občinski svetnik

Državna volilna komisija

Gašper Mlinar

Tomaž Simetinger

Mojca Potočnik

izvoljen z liste NESTRANKARSKA LISTA ALEŠA PRAPROTNIKA

Aleš Praprotnik

Aleš Tomše

Natalija Lorenčič

Krajevna Skupnost Žerjav

Osnovna Šola Črna Na Koroškem
