{"data":{"slug":"delegacija-drzavnega-zbora-v-parlamentarni-skupscini-nato","name":"Delegacija Dr\u017eavnega zbora v Parlamentarni skup\u0161\u010dini NATO","type":"national_assembly","type_label":"Stalna delegacija","body_type":"standing_delegation","parent":{"slug":"drzavni-zbor","name":"Dr\u017eavni zbor Republike Slovenije","type":"national_assembly"},"website":null,"phone":null,"address":null,"email":null,"leader":{"name":"\u017dan Mahni\u010d","person_slug":"zan-mahnic","office":"Predsednik delovnega telesa","office_code":"working_body_chair","since":"2026-07-12"},"image":null,"sources":[{"authority":"Dr\u017eavni zbor Republike Slovenije","url":"https:\/\/fotogalerija.dz-rs.si\/datoteke\/opendata\/SIF.XML"}],"url":"https:\/\/kdo-vodi.si\/organ\/delegacija-drzavnega-zbora-v-parlamentarni-skupscini-nato","api_url":"https:\/\/kdo-vodi.si\/api\/v1\/organizations\/delegacija-drzavnega-zbora-v-parlamentarni-skupscini-nato"},"office_holders":[{"person":{"name":"\u017dan Mahni\u010d","slug":"zan-mahnic"},"office":"Predsednik delovnega telesa","office_code":"working_body_chair","role_detail":"vodja","organization":{"name":"Delegacija Dr\u017eavnega zbora v Parlamentarni skup\u0161\u010dini NATO","slug":"delegacija-drzavnega-zbora-v-parlamentarni-skupscini-nato"},"since":"2026-07-12","since_precision":"at_least","until":null,"status":"serving","current":true,"sources":[{"authority":"Dr\u017eavni zbor Republike Slovenije","url":"https:\/\/fotogalerija.dz-rs.si\/datoteke\/opendata\/SIF.XML"}]}],"children":[]}

Delegacija Državnega zbora v Parlamentarni skupščini NATO

Državni zbor Republike Slovenije

Žan Mahnič
