{"data":{"slug":"dobrna","name":"Dobrna","type":"municipality","type_label":"Ob\u010dina","body_type":null,"parent":null,"website":null,"phone":null,"address":"Dobrna 019, 3204 DOBRNA","email":"obcina@dobrna.si","leader":{"name":"Martin Brecl","person_slug":"martin-brecl","office":"\u017dupan","office_code":"mayor","since":"2022-11-20"},"image":{"url":"https:\/\/commons.wikimedia.org\/wiki\/Special:FilePath\/Coat_of_arms_of_Dobrna.png","attribution":"Wikimedia Commons","source":"https:\/\/commons.wikimedia.org\/wiki\/Special:FilePath\/Coat_of_arms_of_Dobrna.png","hosted":false},"sources":[],"url":"https:\/\/kdo-vodi.si\/organ\/dobrna","api_url":"https:\/\/kdo-vodi.si\/api\/v1\/organizations\/dobrna"},"office_holders":[{"person":{"name":"Branko Ram\u0161ak","slug":"branko-ramsak"},"office":"Ob\u010dinski svetnik","office_code":"local_councillor","role_detail":"izvoljen z liste DESUS - DEMOKRATI\u010cNA STRANKA UPOKOJENCEV SLOVENIJE","organization":{"name":"Dobrna","slug":"dobrna"},"since":"2022-11-20","since_precision":"inferred","until":null,"status":"elected","current":true,"sources":[{"authority":"Dr\u017eavna volilna komisija","url":"https:\/\/www.dvk-rs.si\/arhivi\/volitve2022\/lv2022\/data\/prvikrog\/obcine-data\/data_155.json"}]},{"person":{"name":"Janez \u0160vent","slug":"janez-svent"},"office":"Ob\u010dinski svetnik","office_code":"local_councillor","role_detail":"izvoljen z liste SLOVENSKA LJUDSKA STRANKA","organization":{"name":"Dobrna","slug":"dobrna"},"since":"2022-11-20","since_precision":"inferred","until":null,"status":"elected","current":true,"sources":[{"authority":"Dr\u017eavna volilna komisija","url":"https:\/\/www.dvk-rs.si\/arhivi\/volitve2022\/lv2022\/data\/prvikrog\/obcine-data\/data_155.json"}]},{"person":{"name":"Aleksander Podpe\u010dan","slug":"aleksander-podpecan"},"office":"Ob\u010dinski svetnik","office_code":"local_councillor","role_detail":"izvoljen z liste SLOVENSKA LJUDSKA STRANKA","organization":{"name":"Dobrna","slug":"dobrna"},"since":"2022-11-20","since_precision":"inferred","until":null,"status":"elected","current":true,"sources":[{"authority":"Dr\u017eavna volilna komisija","url":"https:\/\/www.dvk-rs.si\/arhivi\/volitve2022\/lv2022\/data\/prvikrog\/obcine-data\/data_155.json"}]},{"person":{"name":"Darko Brusl","slug":"darko-brusl"},"office":"Ob\u010dinski svetnik","office_code":"local_councillor","role_detail":"izvoljen z liste DESUS - DEMOKRATI\u010cNA STRANKA UPOKOJENCEV SLOVENIJE","organization":{"name":"Dobrna","slug":"dobrna"},"since":"2022-11-20","since_precision":"inferred","until":null,"status":"elected","current":true,"sources":[{"authority":"Dr\u017eavna volilna komisija","url":"https:\/\/www.dvk-rs.si\/arhivi\/volitve2022\/lv2022\/data\/prvikrog\/obcine-data\/data_155.json"}]},{"person":{"name":"Danijel \u0160ibanc","slug":"danijel-sibanc"},"office":"Ob\u010dinski svetnik","office_code":"local_councillor","role_detail":"izvoljen z liste SLOVENSKA LJUDSKA STRANKA","organization":{"name":"Dobrna","slug":"dobrna"},"since":"2022-11-20","since_precision":"inferred","until":null,"status":"elected","current":true,"sources":[{"authority":"Dr\u017eavna volilna komisija","url":"https:\/\/www.dvk-rs.si\/arhivi\/volitve2022\/lv2022\/data\/prvikrog\/obcine-data\/data_155.json"}]},{"person":{"name":"Jo\u017ee Verdel","slug":"joze-verdel"},"office":"Ob\u010dinski svetnik","office_code":"local_councillor","role_detail":"izvoljen z liste SLOVENSKA LJUDSKA STRANKA","organization":{"name":"Dobrna","slug":"dobrna"},"since":"2022-11-20","since_precision":"inferred","until":null,"status":"elected","current":true,"sources":[{"authority":"Dr\u017eavna volilna komisija","url":"https:\/\/www.dvk-rs.si\/arhivi\/volitve2022\/lv2022\/data\/prvikrog\/obcine-data\/data_155.json"}]},{"person":{"name":"Jo\u017ee Lugari\u010d","slug":"joze-lugaric"},"office":"Ob\u010dinski svetnik","office_code":"local_councillor","role_detail":"izvoljen z liste SLOVENSKA DEMOKRATSKA STRANKA","organization":{"name":"Dobrna","slug":"dobrna"},"since":"2022-11-20","since_precision":"inferred","until":null,"status":"elected","current":true,"sources":[{"authority":"Dr\u017eavna volilna komisija","url":"https:\/\/www.dvk-rs.si\/arhivi\/volitve2022\/lv2022\/data\/prvikrog\/obcine-data\/data_155.json"}]},{"person":{"name":"Vera Horjak Kravos","slug":"vera-horjak-kravos"},"office":"Ob\u010dinski svetnik","office_code":"local_councillor","role_detail":"izvoljen z liste NOVA SLOVENIJA - KR\u0160\u010cANSKI DEMOKRATI","organization":{"name":"Dobrna","slug":"dobrna"},"since":"2022-11-20","since_precision":"inferred","until":null,"status":"elected","current":true,"sources":[{"authority":"Dr\u017eavna volilna komisija","url":"https:\/\/www.dvk-rs.si\/arhivi\/volitve2022\/lv2022\/data\/prvikrog\/obcine-data\/data_155.json"}]},{"person":{"name":"Branka Gal","slug":"branka-gal"},"office":"Ob\u010dinski svetnik","office_code":"local_councillor","role_detail":"izvoljen z liste SLOVENSKA LJUDSKA STRANKA","organization":{"name":"Dobrna","slug":"dobrna"},"since":"2022-11-20","since_precision":"inferred","until":null,"status":"elected","current":true,"sources":[{"authority":"Dr\u017eavna volilna komisija","url":"https:\/\/www.dvk-rs.si\/arhivi\/volitve2022\/lv2022\/data\/prvikrog\/obcine-data\/data_155.json"}]},{"person":{"name":"Martin Brecl","slug":"martin-brecl"},"office":"\u017dupan","office_code":"mayor","role_detail":null,"organization":{"name":"Dobrna","slug":"dobrna"},"since":"2022-11-20","since_precision":"inferred","until":null,"status":"elected","current":true,"sources":[{"authority":"Dr\u017eavna volilna komisija","url":"https:\/\/www.dvk-rs.si\/arhivi\/volitve2022\/lv2022\/data\/ostale_obcine.json"}]}],"children":[{"slug":"javni-zavod-za-turizem-sport-in-kulturo-dobrna","name":"Javni Zavod Za Turizem, \u0160port In Kulturo Dobrna","type":"public_institute","body_type":null},{"slug":"osnovna-sola-dobrna","name":"Osnovna \u0160ola Dobrna","type":"public_institute","body_type":null}]}

Občina

Župan

Branko Ramšak

Občinski svetnik

izvoljen z liste DESUS - DEMOKRATIČNA STRANKA UPOKOJENCEV SLOVENIJE

Državna volilna komisija

Janez Švent

Aleksander Podpečan

Danijel Šibanc

Jože Verdel

Jože Lugarič

izvoljen z liste NOVA SLOVENIJA - KRŠČANSKI DEMOKRATI

Javni Zavod Za Turizem, Šport In Kulturo Dobrna

Osnovna Šola Dobrna
