{"data":{"slug":"dol-pri-ljubljani","name":"Dol pri Ljubljani","type":"municipality","type_label":"Ob\u010dina","body_type":null,"parent":null,"website":null,"phone":null,"address":"Dol pri Ljubljani 018, 1262 DOL PRI LJUBLJANI","email":"obcina@dol.si","leader":{"name":"\u017deljko Savi\u010d","person_slug":"zeljko-savic","office":"\u017dupan","office_code":"mayor","since":"2022-11-20"},"image":{"url":"https:\/\/commons.wikimedia.org\/wiki\/Special:FilePath\/Grb_Ob%C4%8Dine_Dol_pri_Ljubljani.png","attribution":"Wikimedia Commons","source":"https:\/\/commons.wikimedia.org\/wiki\/Special:FilePath\/Grb_Ob%C4%8Dine_Dol_pri_Ljubljani.png","hosted":false},"sources":[],"url":"https:\/\/kdo-vodi.si\/organ\/dol-pri-ljubljani","api_url":"https:\/\/kdo-vodi.si\/api\/v1\/organizations\/dol-pri-ljubljani"},"office_holders":[{"person":{"name":"Toma\u017e Poga\u010dar","slug":"tomaz-pogacar"},"office":"Ob\u010dinski svetnik","office_code":"local_councillor","role_detail":"izvoljen z liste GIBANJE SVOBODA","organization":{"name":"Dol pri Ljubljani","slug":"dol-pri-ljubljani"},"since":"2022-11-20","since_precision":"inferred","until":null,"status":"elected","current":true,"sources":[{"authority":"Dr\u017eavna volilna komisija","url":"https:\/\/www.dvk-rs.si\/arhivi\/volitve2022\/lv2022\/data\/prvikrog\/obcine-data\/data_022.json"}]},{"person":{"name":"Karina Medved Bregar","slug":"karina-medved-bregar"},"office":"Ob\u010dinski svetnik","office_code":"local_councillor","role_detail":"izvoljen z liste GIBANJE SVOBODA","organization":{"name":"Dol pri Ljubljani","slug":"dol-pri-ljubljani"},"since":"2022-11-20","since_precision":"inferred","until":null,"status":"elected","current":true,"sources":[{"authority":"Dr\u017eavna volilna komisija","url":"https:\/\/www.dvk-rs.si\/arhivi\/volitve2022\/lv2022\/data\/prvikrog\/obcine-data\/data_022.json"}]},{"person":{"name":"Rafael Jeras","slug":"rafael-jeras"},"office":"Ob\u010dinski svetnik","office_code":"local_councillor","role_detail":"izvoljen z liste SLOVENSKA DEMOKRATSKA STRANKA","organization":{"name":"Dol pri Ljubljani","slug":"dol-pri-ljubljani"},"since":"2022-11-20","since_precision":"inferred","until":null,"status":"elected","current":true,"sources":[{"authority":"Dr\u017eavna volilna komisija","url":"https:\/\/www.dvk-rs.si\/arhivi\/volitve2022\/lv2022\/data\/prvikrog\/obcine-data\/data_022.json"}]},{"person":{"name":"Branko \u0160karja","slug":"branko-skarja"},"office":"Ob\u010dinski svetnik","office_code":"local_councillor","role_detail":"izvoljen z liste Lista krajanov Seno\u017eeti","organization":{"name":"Dol pri Ljubljani","slug":"dol-pri-ljubljani"},"since":"2022-11-20","since_precision":"inferred","until":null,"status":"elected","current":true,"sources":[{"authority":"Dr\u017eavna volilna komisija","url":"https:\/\/www.dvk-rs.si\/arhivi\/volitve2022\/lv2022\/data\/prvikrog\/obcine-data\/data_022.json"}]},{"person":{"name":"Gregor Pirc","slug":"gregor-pirc"},"office":"Ob\u010dinski svetnik","office_code":"local_councillor","role_detail":"izvoljen z liste Lista krajanov Seno\u017eeti","organization":{"name":"Dol pri Ljubljani","slug":"dol-pri-ljubljani"},"since":"2022-11-20","since_precision":"inferred","until":null,"status":"elected","current":true,"sources":[{"authority":"Dr\u017eavna volilna komisija","url":"https:\/\/www.dvk-rs.si\/arhivi\/volitve2022\/lv2022\/data\/prvikrog\/obcine-data\/data_022.json"}]},{"person":{"name":"Mojca Repan\u0161ek","slug":"mojca-repansek"},"office":"Ob\u010dinski svetnik","office_code":"local_councillor","role_detail":"izvoljen z liste Lista Soto\u010dja","organization":{"name":"Dol pri Ljubljani","slug":"dol-pri-ljubljani"},"since":"2022-11-20","since_precision":"inferred","until":null,"status":"elected","current":true,"sources":[{"authority":"Dr\u017eavna volilna komisija","url":"https:\/\/www.dvk-rs.si\/arhivi\/volitve2022\/lv2022\/data\/prvikrog\/obcine-data\/data_022.json"}]},{"person":{"name":"Drago Sreden\u0161ek","slug":"drago-sredensek"},"office":"Ob\u010dinski svetnik","office_code":"local_councillor","role_detail":"izvoljen z liste Lista Soto\u010dja","organization":{"name":"Dol pri Ljubljani","slug":"dol-pri-ljubljani"},"since":"2022-11-20","since_precision":"inferred","until":null,"status":"elected","current":true,"sources":[{"authority":"Dr\u017eavna volilna komisija","url":"https:\/\/www.dvk-rs.si\/arhivi\/volitve2022\/lv2022\/data\/prvikrog\/obcine-data\/data_022.json"}]},{"person":{"name":"Sla\u0111ana Brodnik","slug":"sladana-brodnik"},"office":"Ob\u010dinski svetnik","office_code":"local_councillor","role_detail":"izvoljen z liste Lista Soto\u010dja","organization":{"name":"Dol pri Ljubljani","slug":"dol-pri-ljubljani"},"since":"2022-11-20","since_precision":"inferred","until":null,"status":"elected","current":true,"sources":[{"authority":"Dr\u017eavna volilna komisija","url":"https:\/\/www.dvk-rs.si\/arhivi\/volitve2022\/lv2022\/data\/prvikrog\/obcine-data\/data_022.json"}]},{"person":{"name":"\u017deljko Savi\u010d","slug":"zeljko-savic"},"office":"Ob\u010dinski svetnik","office_code":"local_councillor","role_detail":"izvoljen z liste Lista Soto\u010dja","organization":{"name":"Dol pri Ljubljani","slug":"dol-pri-ljubljani"},"since":"2022-11-20","since_precision":"inferred","until":null,"status":"elected","current":true,"sources":[{"authority":"Dr\u017eavna volilna komisija","url":"https:\/\/www.dvk-rs.si\/arhivi\/volitve2022\/lv2022\/data\/prvikrog\/obcine-data\/data_022.json"}]},{"person":{"name":"Nika Rov\u0161ek","slug":"nika-rovsek"},"office":"Ob\u010dinski svetnik","office_code":"local_councillor","role_detail":"izvoljen z liste Lista Soto\u010dja","organization":{"name":"Dol pri Ljubljani","slug":"dol-pri-ljubljani"},"since":"2022-11-20","since_precision":"inferred","until":null,"status":"elected","current":true,"sources":[{"authority":"Dr\u017eavna volilna komisija","url":"https:\/\/www.dvk-rs.si\/arhivi\/volitve2022\/lv2022\/data\/prvikrog\/obcine-data\/data_022.json"}]},{"person":{"name":"Jo\u017ee Klemen\u010di\u010d","slug":"joze-klemencic"},"office":"Ob\u010dinski svetnik","office_code":"local_councillor","role_detail":"izvoljen z liste NOVA SLOVENIJA - KR\u0160\u010cANSKI DEMOKRATI","organization":{"name":"Dol pri Ljubljani","slug":"dol-pri-ljubljani"},"since":"2022-11-20","since_precision":"inferred","until":null,"status":"elected","current":true,"sources":[{"authority":"Dr\u017eavna volilna komisija","url":"https:\/\/www.dvk-rs.si\/arhivi\/volitve2022\/lv2022\/data\/prvikrog\/obcine-data\/data_022.json"}]},{"person":{"name":"Marko Lunar","slug":"marko-lunar"},"office":"Ob\u010dinski svetnik","office_code":"local_councillor","role_detail":"izvoljen z liste Lista za vse ob\u010dane","organization":{"name":"Dol pri Ljubljani","slug":"dol-pri-ljubljani"},"since":"2022-11-20","since_precision":"inferred","until":null,"status":"elected","current":true,"sources":[{"authority":"Dr\u017eavna volilna komisija","url":"https:\/\/www.dvk-rs.si\/arhivi\/volitve2022\/lv2022\/data\/prvikrog\/obcine-data\/data_022.json"}]},{"person":{"name":"Petra Le\u0161njak","slug":"petra-lesnjak"},"office":"Ob\u010dinski svetnik","office_code":"local_councillor","role_detail":"izvoljen z liste Lista za vse ob\u010dane","organization":{"name":"Dol pri Ljubljani","slug":"dol-pri-ljubljani"},"since":"2022-11-20","since_precision":"inferred","until":null,"status":"elected","current":true,"sources":[{"authority":"Dr\u017eavna volilna komisija","url":"https:\/\/www.dvk-rs.si\/arhivi\/volitve2022\/lv2022\/data\/prvikrog\/obcine-data\/data_022.json"}]},{"person":{"name":"\u017deljko Savi\u010d","slug":"zeljko-savic"},"office":"\u017dupan","office_code":"mayor","role_detail":null,"organization":{"name":"Dol pri Ljubljani","slug":"dol-pri-ljubljani"},"since":"2022-11-20","since_precision":"inferred","until":null,"status":"elected","current":true,"sources":[{"authority":"Dr\u017eavna volilna komisija","url":"https:\/\/www.dvk-rs.si\/arhivi\/volitve2022\/lv2022\/data\/ostale_obcine.json"}]}],"children":[{"slug":"osnovna-sola-janka-modra-dol-pri-ljubljani","name":"OSNOVNA \u0160OLA JANKA MODRA, Dol pri Ljubljani","type":"public_institute","body_type":null}]}

Občina

Željko Savič

Župan

Tomaž Pogačar

Občinski svetnik

Državna volilna komisija

Branko Škarja

izvoljen z liste Lista krajanov Senožeti

Mojca Repanšek

izvoljen z liste Lista Sotočja

Drago Sredenšek

Slađana Brodnik

Nika Rovšek

Jože Klemenčič

izvoljen z liste NOVA SLOVENIJA - KRŠČANSKI DEMOKRATI

izvoljen z liste Lista za vse občane

Petra Lešnjak

OSNOVNA ŠOLA JANKA MODRA, Dol pri Ljubljani
