{"data":{"slug":"gorenja-vas-poljane","name":"Gorenja vas-Poljane","type":"municipality","type_label":"Ob\u010dina","body_type":null,"parent":null,"website":null,"phone":null,"address":"Poljanska cesta 087, 4224 GORENJA VAS","email":"info@obcina-gvp.si","leader":{"name":"Milan \u010cade\u017e","person_slug":"milan-cadez","office":"\u017dupan","office_code":"mayor","since":"2022-11-20"},"image":null,"sources":[],"url":"https:\/\/kdo-vodi.si\/organ\/gorenja-vas-poljane","api_url":"https:\/\/kdo-vodi.si\/api\/v1\/organizations\/gorenja-vas-poljane"},"office_holders":[{"person":{"name":"\u017dan Mahni\u010d","slug":"zan-mahnic"},"office":"Ob\u010dinski svetnik","office_code":"local_councillor","role_detail":"izvoljen z liste SLOVENSKA DEMOKRATSKA STRANKA - SDS","organization":{"name":"Gorenja vas-Poljane","slug":"gorenja-vas-poljane"},"since":"2022-11-20","since_precision":"inferred","until":null,"status":"elected","current":true,"sources":[{"authority":"Dr\u017eavna volilna komisija","url":"https:\/\/www.dvk-rs.si\/arhivi\/volitve2022\/lv2022\/data\/prvikrog\/obcine-data\/data_027.json"}]},{"person":{"name":"Ana Gantar","slug":"ana-gantar"},"office":"Ob\u010dinski svetnik","office_code":"local_councillor","role_detail":"izvoljen z liste SLOVENSKA DEMOKRATSKA STRANKA - SDS","organization":{"name":"Gorenja vas-Poljane","slug":"gorenja-vas-poljane"},"since":"2022-11-20","since_precision":"inferred","until":null,"status":"elected","current":true,"sources":[{"authority":"Dr\u017eavna volilna komisija","url":"https:\/\/www.dvk-rs.si\/arhivi\/volitve2022\/lv2022\/data\/prvikrog\/obcine-data\/data_027.json"}]},{"person":{"name":"Milan \u010cade\u017e","slug":"milan-cadez"},"office":"Ob\u010dinski svetnik","office_code":"local_councillor","role_detail":"izvoljen z liste SLOVENSKA DEMOKRATSKA STRANKA - SDS","organization":{"name":"Gorenja vas-Poljane","slug":"gorenja-vas-poljane"},"since":"2022-11-20","since_precision":"inferred","until":null,"status":"elected","current":true,"sources":[{"authority":"Dr\u017eavna volilna komisija","url":"https:\/\/www.dvk-rs.si\/arhivi\/volitve2022\/lv2022\/data\/prvikrog\/obcine-data\/data_027.json"}]},{"person":{"name":"Vladimir Kav\u010di\u010d","slug":"vladimir-kavcic"},"office":"Ob\u010dinski svetnik","office_code":"local_councillor","role_detail":"izvoljen z liste SLOVENSKA LJUDSKA STRANKA","organization":{"name":"Gorenja vas-Poljane","slug":"gorenja-vas-poljane"},"since":"2022-11-20","since_precision":"inferred","until":null,"status":"elected","current":true,"sources":[{"authority":"Dr\u017eavna volilna komisija","url":"https:\/\/www.dvk-rs.si\/arhivi\/volitve2022\/lv2022\/data\/prvikrog\/obcine-data\/data_027.json"}]},{"person":{"name":"Bla\u017e Kav\u010di\u010d","slug":"blaz-kavcic"},"office":"Ob\u010dinski svetnik","office_code":"local_councillor","role_detail":"izvoljen z liste NOVA SLOVENIJA - KR\u0160\u010cANSKI DEMOKRATI","organization":{"name":"Gorenja vas-Poljane","slug":"gorenja-vas-poljane"},"since":"2022-11-20","since_precision":"inferred","until":null,"status":"elected","current":true,"sources":[{"authority":"Dr\u017eavna volilna komisija","url":"https:\/\/www.dvk-rs.si\/arhivi\/volitve2022\/lv2022\/data\/prvikrog\/obcine-data\/data_027.json"}]},{"person":{"name":"Stjepan Benkovi\u0107","slug":"stjepan-benkovic"},"office":"Ob\u010dinski svetnik","office_code":"local_councillor","role_detail":"izvoljen z liste SD - SOCIALNI DEMOKRATI","organization":{"name":"Gorenja vas-Poljane","slug":"gorenja-vas-poljane"},"since":"2022-11-20","since_precision":"inferred","until":null,"status":"elected","current":true,"sources":[{"authority":"Dr\u017eavna volilna komisija","url":"https:\/\/www.dvk-rs.si\/arhivi\/volitve2022\/lv2022\/data\/prvikrog\/obcine-data\/data_027.json"}]},{"person":{"name":"Marija Bajt","slug":"marija-bajt"},"office":"Ob\u010dinski svetnik","office_code":"local_councillor","role_detail":"izvoljen z liste SLOVENSKA DEMOKRATSKA STRANKA - SDS","organization":{"name":"Gorenja vas-Poljane","slug":"gorenja-vas-poljane"},"since":"2022-11-20","since_precision":"inferred","until":null,"status":"elected","current":true,"sources":[{"authority":"Dr\u017eavna volilna komisija","url":"https:\/\/www.dvk-rs.si\/arhivi\/volitve2022\/lv2022\/data\/prvikrog\/obcine-data\/data_027.json"}]},{"person":{"name":"Miha Mrak","slug":"miha-mrak"},"office":"Ob\u010dinski svetnik","office_code":"local_councillor","role_detail":"izvoljen z liste SLOVENSKA DEMOKRATSKA STRANKA - SDS","organization":{"name":"Gorenja vas-Poljane","slug":"gorenja-vas-poljane"},"since":"2022-11-20","since_precision":"inferred","until":null,"status":"elected","current":true,"sources":[{"authority":"Dr\u017eavna volilna komisija","url":"https:\/\/www.dvk-rs.si\/arhivi\/volitve2022\/lv2022\/data\/prvikrog\/obcine-data\/data_027.json"}]},{"person":{"name":"Zvonko Dolinar","slug":"zvonko-dolinar"},"office":"Ob\u010dinski svetnik","office_code":"local_councillor","role_detail":"izvoljen z liste SLOVENSKA LJUDSKA STRANKA","organization":{"name":"Gorenja vas-Poljane","slug":"gorenja-vas-poljane"},"since":"2022-11-20","since_precision":"inferred","until":null,"status":"elected","current":true,"sources":[{"authority":"Dr\u017eavna volilna komisija","url":"https:\/\/www.dvk-rs.si\/arhivi\/volitve2022\/lv2022\/data\/prvikrog\/obcine-data\/data_027.json"}]},{"person":{"name":"Roman Kokalj","slug":"roman-kokalj"},"office":"Ob\u010dinski svetnik","office_code":"local_councillor","role_detail":"izvoljen z liste DeSUS","organization":{"name":"Gorenja vas-Poljane","slug":"gorenja-vas-poljane"},"since":"2022-11-20","since_precision":"inferred","until":null,"status":"elected","current":true,"sources":[{"authority":"Dr\u017eavna volilna komisija","url":"https:\/\/www.dvk-rs.si\/arhivi\/volitve2022\/lv2022\/data\/prvikrog\/obcine-data\/data_027.json"}]},{"person":{"name":"Bo\u0161tjan Pintar","slug":"bostjan-pintar"},"office":"Ob\u010dinski svetnik","office_code":"local_councillor","role_detail":"izvoljen z liste NOVA SLOVENIJA - KR\u0160\u010cANSKI DEMOKRATI","organization":{"name":"Gorenja vas-Poljane","slug":"gorenja-vas-poljane"},"since":"2022-11-20","since_precision":"inferred","until":null,"status":"elected","current":true,"sources":[{"authority":"Dr\u017eavna volilna komisija","url":"https:\/\/www.dvk-rs.si\/arhivi\/volitve2022\/lv2022\/data\/prvikrog\/obcine-data\/data_027.json"}]},{"person":{"name":"Martina Ko\u0161ir","slug":"martina-kosir"},"office":"Ob\u010dinski svetnik","office_code":"local_councillor","role_detail":"izvoljen z liste SLOVENSKA DEMOKRATSKA STRANKA - SDS","organization":{"name":"Gorenja vas-Poljane","slug":"gorenja-vas-poljane"},"since":"2022-11-20","since_precision":"inferred","until":null,"status":"elected","current":true,"sources":[{"authority":"Dr\u017eavna volilna komisija","url":"https:\/\/www.dvk-rs.si\/arhivi\/volitve2022\/lv2022\/data\/prvikrog\/obcine-data\/data_027.json"}]},{"person":{"name":"Ciril Ali\u010d","slug":"ciril-alic"},"office":"Ob\u010dinski svetnik","office_code":"local_councillor","role_detail":"izvoljen z liste SLOVENSKA DEMOKRATSKA STRANKA - SDS","organization":{"name":"Gorenja vas-Poljane","slug":"gorenja-vas-poljane"},"since":"2022-11-20","since_precision":"inferred","until":null,"status":"elected","current":true,"sources":[{"authority":"Dr\u017eavna volilna komisija","url":"https:\/\/www.dvk-rs.si\/arhivi\/volitve2022\/lv2022\/data\/prvikrog\/obcine-data\/data_027.json"}]},{"person":{"name":"Vilma Kos","slug":"vilma-kos"},"office":"Ob\u010dinski svetnik","office_code":"local_councillor","role_detail":"izvoljen z liste SLOVENSKA DEMOKRATSKA STRANKA - SDS","organization":{"name":"Gorenja vas-Poljane","slug":"gorenja-vas-poljane"},"since":"2022-11-20","since_precision":"inferred","until":null,"status":"elected","current":true,"sources":[{"authority":"Dr\u017eavna volilna komisija","url":"https:\/\/www.dvk-rs.si\/arhivi\/volitve2022\/lv2022\/data\/prvikrog\/obcine-data\/data_027.json"}]},{"person":{"name":"Anton Debeljak","slug":"anton-debeljak"},"office":"Ob\u010dinski svetnik","office_code":"local_councillor","role_detail":"izvoljen z liste SLOVENSKA DEMOKRATSKA STRANKA - SDS","organization":{"name":"Gorenja vas-Poljane","slug":"gorenja-vas-poljane"},"since":"2022-11-20","since_precision":"inferred","until":null,"status":"elected","current":true,"sources":[{"authority":"Dr\u017eavna volilna komisija","url":"https:\/\/www.dvk-rs.si\/arhivi\/volitve2022\/lv2022\/data\/prvikrog\/obcine-data\/data_027.json"}]},{"person":{"name":"Janez Hrovat","slug":"janez-hrovat"},"office":"Ob\u010dinski svetnik","office_code":"local_councillor","role_detail":"izvoljen z liste NOVA SLOVENIJA - KR\u0160\u010cANSKI DEMOKRATI","organization":{"name":"Gorenja vas-Poljane","slug":"gorenja-vas-poljane"},"since":"2022-11-20","since_precision":"inferred","until":null,"status":"elected","current":true,"sources":[{"authority":"Dr\u017eavna volilna komisija","url":"https:\/\/www.dvk-rs.si\/arhivi\/volitve2022\/lv2022\/data\/prvikrog\/obcine-data\/data_027.json"}]},{"person":{"name":"Janez Dolinar","slug":"janez-dolinar"},"office":"Ob\u010dinski svetnik","office_code":"local_councillor","role_detail":"izvoljen z liste SD - SOCIALNI DEMOKRATI","organization":{"name":"Gorenja vas-Poljane","slug":"gorenja-vas-poljane"},"since":"2022-11-20","since_precision":"inferred","until":null,"status":"elected","current":true,"sources":[{"authority":"Dr\u017eavna volilna komisija","url":"https:\/\/www.dvk-rs.si\/arhivi\/volitve2022\/lv2022\/data\/prvikrog\/obcine-data\/data_027.json"}]},{"person":{"name":"Milan \u010cade\u017e","slug":"milan-cadez"},"office":"\u017dupan","office_code":"mayor","role_detail":null,"organization":{"name":"Gorenja vas-Poljane","slug":"gorenja-vas-poljane"},"since":"2022-11-20","since_precision":"inferred","until":null,"status":"elected","current":true,"sources":[{"authority":"Dr\u017eavna volilna komisija","url":"https:\/\/www.dvk-rs.si\/arhivi\/volitve2022\/lv2022\/data\/ostale_obcine.json"}]}],"children":[{"slug":"krajevna-skupnost-gorenja-vas","name":"Krajevna Skupnost Gorenja Vas","type":"local_community","body_type":null},{"slug":"krajevna-skupnost-javorje","name":"Krajevna Skupnost Javorje","type":"local_community","body_type":null},{"slug":"krajevna-skupnost-lucine","name":"Krajevna Skupnost Lu\u010dine","type":"local_community","body_type":null},{"slug":"krajevna-skupnost-poljane","name":"Krajevna Skupnost Poljane","type":"local_community","body_type":null},{"slug":"krajevna-skupnost-sovodenj","name":"Krajevna Skupnost Sovodenj","type":"local_community","body_type":null},{"slug":"krajevna-skupnost-trebija","name":"Krajevna Skupnost Trebija","type":"local_community","body_type":null},{"slug":"osnovna-sola-ivana-tavcarja-gorenja-vas","name":"Osnovna \u0160ola Ivana Tav\u010darja Gorenja Vas","type":"public_institute","body_type":null},{"slug":"osnovna-sola-poljane-4223-poljane","name":"Osnovna \u0160ola Poljane, 4223 Poljane","type":"public_institute","body_type":null},{"slug":"zavod-za-turizem-in-kulturo-poljanska-dolina","name":"Zavod za turizem in kulturo Poljanska dolina","type":"public_institute","body_type":null}]}

Občina

Milan Čadež

Župan

Žan Mahnič

Občinski svetnik

Državna volilna komisija

Vladimir Kavčič

Blaž Kavčič

izvoljen z liste NOVA SLOVENIJA - KRŠČANSKI DEMOKRATI

Stjepan Benković

Boštjan Pintar

Martina Košir

Ciril Alič

Krajevna Skupnost Lučine

Osnovna Šola Ivana Tavčarja Gorenja Vas

Osnovna Šola Poljane, 4223 Poljane
