{"data":{"slug":"gorisnica","name":"Gori\u0161nica","type":"municipality","type_label":"Ob\u010dina","body_type":null,"parent":null,"website":null,"phone":null,"address":"Gori\u0161nica 083 A, 2272 GORI\u0160NICA","email":"obcina@gorisnica.si","leader":{"name":"Borut Kolar","person_slug":"borut-kolar","office":"\u017dupan","office_code":"mayor","since":"2022-12-04"},"image":{"url":"https:\/\/commons.wikimedia.org\/wiki\/Special:FilePath\/Grb_Ob%C4%8Dine_Gori%C5%A1nica.png","attribution":"Wikimedia Commons","source":"https:\/\/commons.wikimedia.org\/wiki\/Special:FilePath\/Grb_Ob%C4%8Dine_Gori%C5%A1nica.png","hosted":false},"sources":[],"url":"https:\/\/kdo-vodi.si\/organ\/gorisnica","api_url":"https:\/\/kdo-vodi.si\/api\/v1\/organizations\/gorisnica"},"office_holders":[{"person":{"name":"Anja Pignar","slug":"anja-pignar"},"office":"Ob\u010dinski svetnik","office_code":"local_councillor","role_detail":"izvoljen z liste SLOVENSKA LJUDSKA STRANKA","organization":{"name":"Gori\u0161nica","slug":"gorisnica"},"since":"2022-11-20","since_precision":"inferred","until":null,"status":"elected","current":true,"sources":[{"authority":"Dr\u017eavna volilna komisija","url":"https:\/\/www.dvk-rs.si\/arhivi\/volitve2022\/lv2022\/data\/prvikrog\/obcine-data\/data_028.json"}]},{"person":{"name":"Bojan Vozli\u010d","slug":"bojan-vozlic"},"office":"Ob\u010dinski svetnik","office_code":"local_councillor","role_detail":"izvoljen z liste SLOVENSKA DEMOKRATSKA STRANKA","organization":{"name":"Gori\u0161nica","slug":"gorisnica"},"since":"2022-11-20","since_precision":"inferred","until":null,"status":"elected","current":true,"sources":[{"authority":"Dr\u017eavna volilna komisija","url":"https:\/\/www.dvk-rs.si\/arhivi\/volitve2022\/lv2022\/data\/prvikrog\/obcine-data\/data_028.json"}]},{"person":{"name":"Matej Munda","slug":"matej-munda"},"office":"Ob\u010dinski svetnik","office_code":"local_councillor","role_detail":"izvoljen z liste SOCIALNI DEMOKRATI","organization":{"name":"Gori\u0161nica","slug":"gorisnica"},"since":"2022-11-20","since_precision":"inferred","until":null,"status":"elected","current":true,"sources":[{"authority":"Dr\u017eavna volilna komisija","url":"https:\/\/www.dvk-rs.si\/arhivi\/volitve2022\/lv2022\/data\/prvikrog\/obcine-data\/data_028.json"}]},{"person":{"name":"Gregor Visenjak","slug":"gregor-visenjak"},"office":"Ob\u010dinski svetnik","office_code":"local_councillor","role_detail":"izvoljen z liste SLOVENSKA DEMOKRATSKA STRANKA","organization":{"name":"Gori\u0161nica","slug":"gorisnica"},"since":"2022-11-20","since_precision":"inferred","until":null,"status":"elected","current":true,"sources":[{"authority":"Dr\u017eavna volilna komisija","url":"https:\/\/www.dvk-rs.si\/arhivi\/volitve2022\/lv2022\/data\/prvikrog\/obcine-data\/data_028.json"}]},{"person":{"name":"Evgen Muhi\u010d","slug":"evgen-muhic"},"office":"Ob\u010dinski svetnik","office_code":"local_councillor","role_detail":"izvoljen z liste Slava \u0160uman in skupina volivcev","organization":{"name":"Gori\u0161nica","slug":"gorisnica"},"since":"2022-11-20","since_precision":"inferred","until":null,"status":"elected","current":true,"sources":[{"authority":"Dr\u017eavna volilna komisija","url":"https:\/\/www.dvk-rs.si\/arhivi\/volitve2022\/lv2022\/data\/prvikrog\/obcine-data\/data_028.json"}]},{"person":{"name":"Bo\u0161tjan Kolar","slug":"bostjan-kolar"},"office":"Ob\u010dinski svetnik","office_code":"local_councillor","role_detail":"izvoljen z liste MATIJA TOPLAK IN SKUPINA VOLIVCEV","organization":{"name":"Gori\u0161nica","slug":"gorisnica"},"since":"2022-11-20","since_precision":"inferred","until":null,"status":"elected","current":true,"sources":[{"authority":"Dr\u017eavna volilna komisija","url":"https:\/\/www.dvk-rs.si\/arhivi\/volitve2022\/lv2022\/data\/prvikrog\/obcine-data\/data_028.json"}]},{"person":{"name":"Milko \u0160trucl","slug":"milko-strucl"},"office":"Ob\u010dinski svetnik","office_code":"local_councillor","role_detail":"izvoljen z liste SLOVENSKA DEMOKRATSKA STRANKA","organization":{"name":"Gori\u0161nica","slug":"gorisnica"},"since":"2022-11-20","since_precision":"inferred","until":null,"status":"elected","current":true,"sources":[{"authority":"Dr\u017eavna volilna komisija","url":"https:\/\/www.dvk-rs.si\/arhivi\/volitve2022\/lv2022\/data\/prvikrog\/obcine-data\/data_028.json"}]},{"person":{"name":"Miran \u010cernesl","slug":"miran-cernesl"},"office":"Ob\u010dinski svetnik","office_code":"local_councillor","role_detail":"izvoljen z liste SLOVENSKA DEMOKRATSKA STRANKA","organization":{"name":"Gori\u0161nica","slug":"gorisnica"},"since":"2022-11-20","since_precision":"inferred","until":null,"status":"elected","current":true,"sources":[{"authority":"Dr\u017eavna volilna komisija","url":"https:\/\/www.dvk-rs.si\/arhivi\/volitve2022\/lv2022\/data\/prvikrog\/obcine-data\/data_028.json"}]},{"person":{"name":"Peter Bezjak","slug":"peter-bezjak"},"office":"Ob\u010dinski svetnik","office_code":"local_councillor","role_detail":"izvoljen z liste NOVA SLOVENIJA - KR\u0160\u010cANSKI DEMOKRATI","organization":{"name":"Gori\u0161nica","slug":"gorisnica"},"since":"2022-11-20","since_precision":"inferred","until":null,"status":"elected","current":true,"sources":[{"authority":"Dr\u017eavna volilna komisija","url":"https:\/\/www.dvk-rs.si\/arhivi\/volitve2022\/lv2022\/data\/prvikrog\/obcine-data\/data_028.json"}]},{"person":{"name":"Daniel Munda","slug":"daniel-munda"},"office":"Ob\u010dinski svetnik","office_code":"local_councillor","role_detail":"izvoljen z liste SLOVENSKA DEMOKRATSKA STRANKA","organization":{"name":"Gori\u0161nica","slug":"gorisnica"},"since":"2022-11-20","since_precision":"inferred","until":null,"status":"elected","current":true,"sources":[{"authority":"Dr\u017eavna volilna komisija","url":"https:\/\/www.dvk-rs.si\/arhivi\/volitve2022\/lv2022\/data\/prvikrog\/obcine-data\/data_028.json"}]},{"person":{"name":"Denis Kolari\u010d","slug":"denis-kolaric"},"office":"Ob\u010dinski svetnik","office_code":"local_councillor","role_detail":"izvoljen z liste SOCIALNI DEMOKRATI","organization":{"name":"Gori\u0161nica","slug":"gorisnica"},"since":"2022-11-20","since_precision":"inferred","until":null,"status":"elected","current":true,"sources":[{"authority":"Dr\u017eavna volilna komisija","url":"https:\/\/www.dvk-rs.si\/arhivi\/volitve2022\/lv2022\/data\/prvikrog\/obcine-data\/data_028.json"}]},{"person":{"name":"Borut Kolar","slug":"borut-kolar"},"office":"\u017dupan","office_code":"mayor","role_detail":null,"organization":{"name":"Gori\u0161nica","slug":"gorisnica"},"since":"2022-12-04","since_precision":"inferred","until":null,"status":"elected","current":true,"sources":[{"authority":"Dr\u017eavna volilna komisija","url":"https:\/\/www.dvk-rs.si\/arhivi\/volitve2022\/lv2022\/data\/drugi_krog.json"}]}],"children":[{"slug":"osnovna-sola-gorisnica","name":"Osnovna \u0160ola Gori\u0161nica","type":"public_institute","body_type":null}]}

Gorišnica

Občina

Gorišnica 083 A, 2272 GORIŠNICA

Župan

Občinski svetnik

Državna volilna komisija

Bojan Vozlič

Evgen Muhič

izvoljen z liste Slava Šuman in skupina volivcev

Boštjan Kolar

Milko Štrucl

Miran Černesl

izvoljen z liste NOVA SLOVENIJA - KRŠČANSKI DEMOKRATI

Denis Kolarič

Osnovna Šola Gorišnica
