{"data":{"slug":"gorje","name":"Gorje","type":"municipality","type_label":"Ob\u010dina","body_type":null,"parent":null,"website":null,"phone":null,"address":"Zgornje Gorje 006 B, 4247 ZGORNJE GORJE","email":"obcina.gorje@gorje.si","leader":{"name":"Peter Torkar","person_slug":"peter-torkar","office":"\u017dupan","office_code":"mayor","since":"2022-11-20"},"image":{"url":"https:\/\/commons.wikimedia.org\/wiki\/Special:FilePath\/Coat_of_Arm_of_Gorje.png","attribution":"Wikimedia Commons","source":"https:\/\/commons.wikimedia.org\/wiki\/Special:FilePath\/Coat_of_Arm_of_Gorje.png","hosted":false},"sources":[],"url":"https:\/\/kdo-vodi.si\/organ\/gorje","api_url":"https:\/\/kdo-vodi.si\/api\/v1\/organizations\/gorje"},"office_holders":[{"person":{"name":"Matja\u017e Zalokar","slug":"matjaz-zalokar"},"office":"Ob\u010dinski svetnik","office_code":"local_councillor","role_detail":"izvoljen z liste Du\u0161an Zalokar in skupina volivcev","organization":{"name":"Gorje","slug":"gorje"},"since":"2022-11-20","since_precision":"inferred","until":null,"status":"elected","current":true,"sources":[{"authority":"Dr\u017eavna volilna komisija","url":"https:\/\/www.dvk-rs.si\/arhivi\/volitve2022\/lv2022\/data\/prvikrog\/obcine-data\/data_207.json"}]},{"person":{"name":"Danijela Mandeljc","slug":"danijela-mandeljc"},"office":"Ob\u010dinski svetnik","office_code":"local_councillor","role_detail":"izvoljen z liste Marija Pe\u010dar in skupina volivcev","organization":{"name":"Gorje","slug":"gorje"},"since":"2022-11-20","since_precision":"inferred","until":null,"status":"elected","current":true,"sources":[{"authority":"Dr\u017eavna volilna komisija","url":"https:\/\/www.dvk-rs.si\/arhivi\/volitve2022\/lv2022\/data\/prvikrog\/obcine-data\/data_207.json"}]},{"person":{"name":"Zdenka Repe","slug":"zdenka-repe"},"office":"Ob\u010dinski svetnik","office_code":"local_councillor","role_detail":"izvoljen z liste Marija Repe in skupina volivcev","organization":{"name":"Gorje","slug":"gorje"},"since":"2022-11-20","since_precision":"inferred","until":null,"status":"elected","current":true,"sources":[{"authority":"Dr\u017eavna volilna komisija","url":"https:\/\/www.dvk-rs.si\/arhivi\/volitve2022\/lv2022\/data\/prvikrog\/obcine-data\/data_207.json"}]},{"person":{"name":"Toma\u017e Bergant","slug":"tomaz-bergant"},"office":"Ob\u010dinski svetnik","office_code":"local_councillor","role_detail":"izvoljen z liste Simona Bergant in skupina volivcev","organization":{"name":"Gorje","slug":"gorje"},"since":"2022-11-20","since_precision":"inferred","until":null,"status":"elected","current":true,"sources":[{"authority":"Dr\u017eavna volilna komisija","url":"https:\/\/www.dvk-rs.si\/arhivi\/volitve2022\/lv2022\/data\/prvikrog\/obcine-data\/data_207.json"}]},{"person":{"name":"Katarina Jakopi\u010d Branc","slug":"katarina-jakopic-branc"},"office":"Ob\u010dinski svetnik","office_code":"local_councillor","role_detail":"izvoljen z liste \u0160pela Torkar in skupina volivcev","organization":{"name":"Gorje","slug":"gorje"},"since":"2022-11-20","since_precision":"inferred","until":null,"status":"elected","current":true,"sources":[{"authority":"Dr\u017eavna volilna komisija","url":"https:\/\/www.dvk-rs.si\/arhivi\/volitve2022\/lv2022\/data\/prvikrog\/obcine-data\/data_207.json"}]},{"person":{"name":"Janez Jan","slug":"janez-jan"},"office":"Ob\u010dinski svetnik","office_code":"local_councillor","role_detail":"izvoljen z liste Marija Jan in skupina volivcev","organization":{"name":"Gorje","slug":"gorje"},"since":"2022-11-20","since_precision":"inferred","until":null,"status":"elected","current":true,"sources":[{"authority":"Dr\u017eavna volilna komisija","url":"https:\/\/www.dvk-rs.si\/arhivi\/volitve2022\/lv2022\/data\/prvikrog\/obcine-data\/data_207.json"}]},{"person":{"name":"Matej Poklukar","slug":"matej-poklukar"},"office":"Ob\u010dinski svetnik","office_code":"local_councillor","role_detail":"izvoljen z liste Anton \u0160obrle Poklukar in skupina volivcev","organization":{"name":"Gorje","slug":"gorje"},"since":"2022-11-20","since_precision":"inferred","until":null,"status":"elected","current":true,"sources":[{"authority":"Dr\u017eavna volilna komisija","url":"https:\/\/www.dvk-rs.si\/arhivi\/volitve2022\/lv2022\/data\/prvikrog\/obcine-data\/data_207.json"}]},{"person":{"name":"Matja\u017e Slivnik","slug":"matjaz-slivnik"},"office":"Ob\u010dinski svetnik","office_code":"local_councillor","role_detail":"izvoljen z liste Lucija Slivnik in skupina volivcev","organization":{"name":"Gorje","slug":"gorje"},"since":"2022-11-20","since_precision":"inferred","until":null,"status":"elected","current":true,"sources":[{"authority":"Dr\u017eavna volilna komisija","url":"https:\/\/www.dvk-rs.si\/arhivi\/volitve2022\/lv2022\/data\/prvikrog\/obcine-data\/data_207.json"}]},{"person":{"name":"Tadeja Kvas Majer","slug":"tadeja-kvas-majer"},"office":"Ob\u010dinski svetnik","office_code":"local_councillor","role_detail":"izvoljen z liste Marko Majer in skupina volivcev","organization":{"name":"Gorje","slug":"gorje"},"since":"2022-11-20","since_precision":"inferred","until":null,"status":"elected","current":true,"sources":[{"authority":"Dr\u017eavna volilna komisija","url":"https:\/\/www.dvk-rs.si\/arhivi\/volitve2022\/lv2022\/data\/prvikrog\/obcine-data\/data_207.json"}]},{"person":{"name":"Bernarda Ferjan dr. Med.","slug":"bernarda-ferjan-dr-med"},"office":"Ob\u010dinski svetnik","office_code":"local_councillor","role_detail":"izvoljen z liste Ivanka Ferjan in skupina volivcev","organization":{"name":"Gorje","slug":"gorje"},"since":"2022-11-20","since_precision":"inferred","until":null,"status":"elected","current":true,"sources":[{"authority":"Dr\u017eavna volilna komisija","url":"https:\/\/www.dvk-rs.si\/arhivi\/volitve2022\/lv2022\/data\/prvikrog\/obcine-data\/data_207.json"}]},{"person":{"name":"Janez Kolenc","slug":"janez-kolenc"},"office":"Ob\u010dinski svetnik","office_code":"local_councillor","role_detail":"izvoljen z liste Milena Pretnar in skupina volivcev","organization":{"name":"Gorje","slug":"gorje"},"since":"2022-11-20","since_precision":"inferred","until":null,"status":"elected","current":true,"sources":[{"authority":"Dr\u017eavna volilna komisija","url":"https:\/\/www.dvk-rs.si\/arhivi\/volitve2022\/lv2022\/data\/prvikrog\/obcine-data\/data_207.json"}]},{"person":{"name":"Peter Torkar","slug":"peter-torkar"},"office":"\u017dupan","office_code":"mayor","role_detail":null,"organization":{"name":"Gorje","slug":"gorje"},"since":"2022-11-20","since_precision":"inferred","until":null,"status":"elected","current":true,"sources":[{"authority":"Dr\u017eavna volilna komisija","url":"https:\/\/www.dvk-rs.si\/arhivi\/volitve2022\/lv2022\/data\/ostale_obcine.json"}]}],"children":[{"slug":"osnovna-sola-gorje","name":"Osnovna \u0160ola Gorje","type":"public_institute","body_type":null}]}

Občina

Župan

Matjaž Zalokar

Občinski svetnik

izvoljen z liste Dušan Zalokar in skupina volivcev

Državna volilna komisija

izvoljen z liste Marija Pečar in skupina volivcev

Tomaž Bergant

Katarina Jakopič Branc

izvoljen z liste Špela Torkar in skupina volivcev

izvoljen z liste Anton Šobrle Poklukar in skupina volivcev

Matjaž Slivnik

Osnovna Šola Gorje
