{"data":{"slug":"gornja-radgona","name":"Gornja Radgona","type":"municipality","type_label":"Ob\u010dina","body_type":null,"parent":null,"website":null,"phone":null,"address":"Partizanska cesta 013, 9250 GORNJA RADGONA","email":"obcina@gor-radgona.si","leader":{"name":"Ur\u0161ka Mauko Tu\u0161","person_slug":"urska-mauko-tus","office":"\u017dupan","office_code":"mayor","since":"2022-12-04"},"image":null,"sources":[],"url":"https:\/\/kdo-vodi.si\/organ\/gornja-radgona","api_url":"https:\/\/kdo-vodi.si\/api\/v1\/organizations\/gornja-radgona"},"office_holders":[{"person":{"name":"Je\u017e \u017di\u017eek","slug":"jez-zizek"},"office":"Ob\u010dinski svetnik","office_code":"local_councillor","role_detail":"izvoljen z liste SLS - SLOVENSKA LJUDSKA STRANKA","organization":{"name":"Gornja Radgona","slug":"gornja-radgona"},"since":"2022-11-20","since_precision":"inferred","until":null,"status":"elected","current":true,"sources":[{"authority":"Dr\u017eavna volilna komisija","url":"https:\/\/www.dvk-rs.si\/arhivi\/volitve2022\/lv2022\/data\/prvikrog\/obcine-data\/data_029.json"}]},{"person":{"name":"Branko Kocbek","slug":"branko-kocbek"},"office":"Ob\u010dinski svetnik","office_code":"local_councillor","role_detail":"izvoljen z liste DAVID RO\u0160KAR IN RADGONA JE NA\u0160E MESTO","organization":{"name":"Gornja Radgona","slug":"gornja-radgona"},"since":"2022-11-20","since_precision":"inferred","until":null,"status":"elected","current":true,"sources":[{"authority":"Dr\u017eavna volilna komisija","url":"https:\/\/www.dvk-rs.si\/arhivi\/volitve2022\/lv2022\/data\/prvikrog\/obcine-data\/data_029.json"}]},{"person":{"name":"Slavko Raj\u0161p","slug":"slavko-rajsp"},"office":"Ob\u010dinski svetnik","office_code":"local_councillor","role_detail":"izvoljen z liste LISTA SKUPAJ UR\u0160KE MAUKO TU\u0160","organization":{"name":"Gornja Radgona","slug":"gornja-radgona"},"since":"2022-11-20","since_precision":"inferred","until":null,"status":"elected","current":true,"sources":[{"authority":"Dr\u017eavna volilna komisija","url":"https:\/\/www.dvk-rs.si\/arhivi\/volitve2022\/lv2022\/data\/prvikrog\/obcine-data\/data_029.json"}]},{"person":{"name":"Renata Gj\u00fcre\u010d","slug":"renata-gjurec"},"office":"Ob\u010dinski svetnik","office_code":"local_councillor","role_detail":"izvoljen z liste LISTA SKUPAJ UR\u0160KE MAUKO TU\u0160","organization":{"name":"Gornja Radgona","slug":"gornja-radgona"},"since":"2022-11-20","since_precision":"inferred","until":null,"status":"elected","current":true,"sources":[{"authority":"Dr\u017eavna volilna komisija","url":"https:\/\/www.dvk-rs.si\/arhivi\/volitve2022\/lv2022\/data\/prvikrog\/obcine-data\/data_029.json"}]},{"person":{"name":"Nina Elise Reiter","slug":"nina-elise-reiter"},"office":"Ob\u010dinski svetnik","office_code":"local_councillor","role_detail":"izvoljen z liste GIBANJE SVOBODA","organization":{"name":"Gornja Radgona","slug":"gornja-radgona"},"since":"2022-11-20","since_precision":"inferred","until":null,"status":"elected","current":true,"sources":[{"authority":"Dr\u017eavna volilna komisija","url":"https:\/\/www.dvk-rs.si\/arhivi\/volitve2022\/lv2022\/data\/prvikrog\/obcine-data\/data_029.json"}]},{"person":{"name":"Franc Fartek","slug":"franc-fartek"},"office":"Ob\u010dinski svetnik","office_code":"local_councillor","role_detail":"izvoljen z liste SLOVENSKA DEMOKRATSKA STRANKA - SDS","organization":{"name":"Gornja Radgona","slug":"gornja-radgona"},"since":"2022-11-20","since_precision":"inferred","until":null,"status":"elected","current":true,"sources":[{"authority":"Dr\u017eavna volilna komisija","url":"https:\/\/www.dvk-rs.si\/arhivi\/volitve2022\/lv2022\/data\/prvikrog\/obcine-data\/data_029.json"}]},{"person":{"name":"Miran Dokl","slug":"miran-dokl"},"office":"Ob\u010dinski svetnik","office_code":"local_councillor","role_detail":"izvoljen z liste SOCIALNI DEMOKRATI SD","organization":{"name":"Gornja Radgona","slug":"gornja-radgona"},"since":"2022-11-20","since_precision":"inferred","until":null,"status":"elected","current":true,"sources":[{"authority":"Dr\u017eavna volilna komisija","url":"https:\/\/www.dvk-rs.si\/arhivi\/volitve2022\/lv2022\/data\/prvikrog\/obcine-data\/data_029.json"}]},{"person":{"name":"Toma\u017e Munda","slug":"tomaz-munda"},"office":"Ob\u010dinski svetnik","office_code":"local_councillor","role_detail":"izvoljen z liste LGR - LISTA ZA GORNJO RADGONO","organization":{"name":"Gornja Radgona","slug":"gornja-radgona"},"since":"2022-11-20","since_precision":"inferred","until":null,"status":"elected","current":true,"sources":[{"authority":"Dr\u017eavna volilna komisija","url":"https:\/\/www.dvk-rs.si\/arhivi\/volitve2022\/lv2022\/data\/prvikrog\/obcine-data\/data_029.json"}]},{"person":{"name":"Katarina Hafner","slug":"katarina-hafner"},"office":"Ob\u010dinski svetnik","office_code":"local_councillor","role_detail":"izvoljen z liste DAVID RO\u0160KAR IN RADGONA JE NA\u0160E MESTO","organization":{"name":"Gornja Radgona","slug":"gornja-radgona"},"since":"2022-11-20","since_precision":"inferred","until":null,"status":"elected","current":true,"sources":[{"authority":"Dr\u017eavna volilna komisija","url":"https:\/\/www.dvk-rs.si\/arhivi\/volitve2022\/lv2022\/data\/prvikrog\/obcine-data\/data_029.json"}]},{"person":{"name":"Miroslav Njivar","slug":"miroslav-njivar"},"office":"Ob\u010dinski svetnik","office_code":"local_councillor","role_detail":"izvoljen z liste DAVID RO\u0160KAR IN RADGONA JE NA\u0160E MESTO","organization":{"name":"Gornja Radgona","slug":"gornja-radgona"},"since":"2022-11-20","since_precision":"inferred","until":null,"status":"elected","current":true,"sources":[{"authority":"Dr\u017eavna volilna komisija","url":"https:\/\/www.dvk-rs.si\/arhivi\/volitve2022\/lv2022\/data\/prvikrog\/obcine-data\/data_029.json"}]},{"person":{"name":"Ale\u0161 Dokl","slug":"ales-dokl"},"office":"Ob\u010dinski svetnik","office_code":"local_councillor","role_detail":"izvoljen z liste LISTA SKUPAJ UR\u0160KE MAUKO TU\u0160","organization":{"name":"Gornja Radgona","slug":"gornja-radgona"},"since":"2022-11-20","since_precision":"inferred","until":null,"status":"elected","current":true,"sources":[{"authority":"Dr\u017eavna volilna komisija","url":"https:\/\/www.dvk-rs.si\/arhivi\/volitve2022\/lv2022\/data\/prvikrog\/obcine-data\/data_029.json"}]},{"person":{"name":"Ur\u0161ka Mauko Tu\u0161","slug":"urska-mauko-tus"},"office":"Ob\u010dinski svetnik","office_code":"local_councillor","role_detail":"izvoljen z liste LISTA SKUPAJ UR\u0160KE MAUKO TU\u0160","organization":{"name":"Gornja Radgona","slug":"gornja-radgona"},"since":"2022-11-20","since_precision":"inferred","until":null,"status":"elected","current":true,"sources":[{"authority":"Dr\u017eavna volilna komisija","url":"https:\/\/www.dvk-rs.si\/arhivi\/volitve2022\/lv2022\/data\/prvikrog\/obcine-data\/data_029.json"}]},{"person":{"name":"Marko \u0160ajnovi\u010d","slug":"marko-sajnovic"},"office":"Ob\u010dinski svetnik","office_code":"local_councillor","role_detail":"izvoljen z liste DESUS - DEMOKRATI\u010cNA STRANKA UPOKOJENCEV SLOVENIJE","organization":{"name":"Gornja Radgona","slug":"gornja-radgona"},"since":"2022-11-20","since_precision":"inferred","until":null,"status":"elected","current":true,"sources":[{"authority":"Dr\u017eavna volilna komisija","url":"https:\/\/www.dvk-rs.si\/arhivi\/volitve2022\/lv2022\/data\/prvikrog\/obcine-data\/data_029.json"}]},{"person":{"name":"Polona Kralj","slug":"polona-kralj"},"office":"Ob\u010dinski svetnik","office_code":"local_councillor","role_detail":"izvoljen z liste GIBANJE SVOBODA","organization":{"name":"Gornja Radgona","slug":"gornja-radgona"},"since":"2022-11-20","since_precision":"inferred","until":null,"status":"elected","current":true,"sources":[{"authority":"Dr\u017eavna volilna komisija","url":"https:\/\/www.dvk-rs.si\/arhivi\/volitve2022\/lv2022\/data\/prvikrog\/obcine-data\/data_029.json"}]},{"person":{"name":"Marjan \u017dula","slug":"marjan-zula"},"office":"Ob\u010dinski svetnik","office_code":"local_councillor","role_detail":"izvoljen z liste GIBANJE SVOBODA","organization":{"name":"Gornja Radgona","slug":"gornja-radgona"},"since":"2022-11-20","since_precision":"inferred","until":null,"status":"elected","current":true,"sources":[{"authority":"Dr\u017eavna volilna komisija","url":"https:\/\/www.dvk-rs.si\/arhivi\/volitve2022\/lv2022\/data\/prvikrog\/obcine-data\/data_029.json"}]},{"person":{"name":"Sre\u010dko \u017di\u017eek","slug":"srecko-zizek"},"office":"Ob\u010dinski svetnik","office_code":"local_councillor","role_detail":"izvoljen z liste LGR - LISTA ZA GORNJO RADGONO","organization":{"name":"Gornja Radgona","slug":"gornja-radgona"},"since":"2022-11-20","since_precision":"inferred","until":null,"status":"elected","current":true,"sources":[{"authority":"Dr\u017eavna volilna komisija","url":"https:\/\/www.dvk-rs.si\/arhivi\/volitve2022\/lv2022\/data\/prvikrog\/obcine-data\/data_029.json"}]},{"person":{"name":"David Ro\u0161kar","slug":"david-roskar"},"office":"Ob\u010dinski svetnik","office_code":"local_councillor","role_detail":"izvoljen z liste DAVID RO\u0160KAR IN RADGONA JE NA\u0160E MESTO","organization":{"name":"Gornja Radgona","slug":"gornja-radgona"},"since":"2022-11-20","since_precision":"inferred","until":null,"status":"elected","current":true,"sources":[{"authority":"Dr\u017eavna volilna komisija","url":"https:\/\/www.dvk-rs.si\/arhivi\/volitve2022\/lv2022\/data\/prvikrog\/obcine-data\/data_029.json"}]},{"person":{"name":"Ale\u0161 Domanjko","slug":"ales-domanjko"},"office":"Ob\u010dinski svetnik","office_code":"local_councillor","role_detail":"izvoljen z liste LISTA SKUPAJ UR\u0160KE MAUKO TU\u0160","organization":{"name":"Gornja Radgona","slug":"gornja-radgona"},"since":"2022-11-20","since_precision":"inferred","until":null,"status":"elected","current":true,"sources":[{"authority":"Dr\u017eavna volilna komisija","url":"https:\/\/www.dvk-rs.si\/arhivi\/volitve2022\/lv2022\/data\/prvikrog\/obcine-data\/data_029.json"}]},{"person":{"name":"Suzana Bra\u010di\u010d Arcet","slug":"suzana-bracic-arcet"},"office":"Ob\u010dinski svetnik","office_code":"local_councillor","role_detail":"izvoljen z liste DESUS - DEMOKRATI\u010cNA STRANKA UPOKOJENCEV SLOVENIJE","organization":{"name":"Gornja Radgona","slug":"gornja-radgona"},"since":"2022-11-20","since_precision":"inferred","until":null,"status":"elected","current":true,"sources":[{"authority":"Dr\u017eavna volilna komisija","url":"https:\/\/www.dvk-rs.si\/arhivi\/volitve2022\/lv2022\/data\/prvikrog\/obcine-data\/data_029.json"}]},{"person":{"name":"Ivan Kajdi\u010d","slug":"ivan-kajdic"},"office":"Ob\u010dinski svetnik","office_code":"local_councillor","role_detail":"izvoljen z liste NOVA SLOVENIJA - KR\u0160\u010cANSKI DEMOKRATI","organization":{"name":"Gornja Radgona","slug":"gornja-radgona"},"since":"2022-11-20","since_precision":"inferred","until":null,"status":"elected","current":true,"sources":[{"authority":"Dr\u017eavna volilna komisija","url":"https:\/\/www.dvk-rs.si\/arhivi\/volitve2022\/lv2022\/data\/prvikrog\/obcine-data\/data_029.json"}]},{"person":{"name":"Zvone Ro\u017eman","slug":"zvone-rozman"},"office":"Ob\u010dinski svetnik","office_code":"local_councillor","role_detail":"izvoljen z liste GIBANJE SVOBODA","organization":{"name":"Gornja Radgona","slug":"gornja-radgona"},"since":"2022-11-20","since_precision":"inferred","until":null,"status":"elected","current":true,"sources":[{"authority":"Dr\u017eavna volilna komisija","url":"https:\/\/www.dvk-rs.si\/arhivi\/volitve2022\/lv2022\/data\/prvikrog\/obcine-data\/data_029.json"}]},{"person":{"name":"Ur\u0161ka Mauko Tu\u0161","slug":"urska-mauko-tus"},"office":"\u017dupan","office_code":"mayor","role_detail":null,"organization":{"name":"Gornja Radgona","slug":"gornja-radgona"},"since":"2022-12-04","since_precision":"inferred","until":null,"status":"elected","current":true,"sources":[{"authority":"Dr\u017eavna volilna komisija","url":"https:\/\/www.dvk-rs.si\/arhivi\/volitve2022\/lv2022\/data\/drugi_krog.json"}]}],"children":[{"slug":"glasbena-sola-gornja-radgona","name":"Glasbena \u0160ola Gornja Radgona","type":"public_institute","body_type":null},{"slug":"javni-zavod-knjiznica-gornja-radgona","name":"Javni zavod Knji\u017enica Gornja Radgona","type":"public_institute","body_type":null},{"slug":"krajevna-skupnost-cresnjevci-zbigovci","name":"Krajevna Skupnost \u010cre\u0161njevci-Zbigovci","type":"local_community","body_type":null},{"slug":"krajevna-skupnost-gornja-radgona","name":"Krajevna Skupnost Gornja Radgona","type":"local_community","body_type":null},{"slug":"krajevna-skupnost-negova","name":"Krajevna Skupnost Negova","type":"local_community","body_type":null},{"slug":"krajevna-skupnost-spodnja-scavnica","name":"Krajevna Skupnost Spodnja \u0160\u010davnica","type":"local_community","body_type":null},{"slug":"krajevna-skupnost-spodnji-ivanjci","name":"Krajevna Skupnost Spodnji Ivanjci","type":"local_community","body_type":null},{"slug":"osnovna-sola-dr-antona-trstenjaka-negova","name":"Osnovna \u0161ola dr. Antona Trstenjaka Negova","type":"public_institute","body_type":null},{"slug":"osnovna-sola-gornja-radgona","name":"Osnovna \u0160ola Gornja Radgona","type":"public_institute","body_type":null},{"slug":"pora-razvojna-agencija-gornja-radgona","name":"PORA, razvojna agencija Gornja Radgona","type":"public_institute","body_type":null},{"slug":"vrtec-manka-golarja-gornja-radgona","name":"Vrtec Manka Golarja Gornja Radgona","type":"public_institute","body_type":null},{"slug":"zavod-za-kulturo-turizem-in-promocijo-gornja-radgona","name":"Zavod Za Kulturo, Turizem In Promocijo Gornja Radgona","type":"public_institute","body_type":null},{"slug":"zdravstveni-dom-gornja-radgona","name":"Zdravstveni Dom Gornja Radgona","type":"public_institute","body_type":null}]}

Občina

Urška Mauko Tuš

Župan

Jež Žižek

Občinski svetnik

Državna volilna komisija

izvoljen z liste DAVID ROŠKAR IN RADGONA JE NAŠE MESTO

Slavko Rajšp

izvoljen z liste LISTA SKUPAJ URŠKE MAUKO TUŠ

Renata Gjüreč

Tomaž Munda

Aleš Dokl

Marko Šajnovič

izvoljen z liste DESUS - DEMOKRATIČNA STRANKA UPOKOJENCEV SLOVENIJE

Marjan Žula

Srečko Žižek

David Roškar

Aleš Domanjko

Suzana Bračič Arcet

Ivan Kajdič

izvoljen z liste NOVA SLOVENIJA - KRŠČANSKI DEMOKRATI

Zvone Rožman

Glasbena Šola Gornja Radgona

Javni zavod Knjižnica Gornja Radgona

Krajevna Skupnost Črešnjevci-Zbigovci

Krajevna Skupnost Spodnja Ščavnica

Osnovna šola dr. Antona Trstenjaka Negova

Osnovna Šola Gornja Radgona
