{"data":{"slug":"gornji-petrovci","name":"Gornji Petrovci","type":"municipality","type_label":"Ob\u010dina","body_type":null,"parent":null,"website":null,"phone":null,"address":"Gornji Petrovci 031 E, 9203 PETROVCI","email":"obcina.gpetrovci@siol.net","leader":{"name":"Franc \u0160lihthuber","person_slug":"franc-slihthuber","office":"\u017dupan","office_code":"mayor","since":"2022-11-20"},"image":null,"sources":[],"url":"https:\/\/kdo-vodi.si\/organ\/gornji-petrovci","api_url":"https:\/\/kdo-vodi.si\/api\/v1\/organizations\/gornji-petrovci"},"office_holders":[{"person":{"name":"Drago \u0160kerlak","slug":"drago-skerlak"},"office":"Ob\u010dinski svetnik","office_code":"local_councillor","role_detail":"izvoljen z liste GIBANJE SVOBODA","organization":{"name":"Gornji Petrovci","slug":"gornji-petrovci"},"since":"2022-11-20","since_precision":"inferred","until":null,"status":"elected","current":true,"sources":[{"authority":"Dr\u017eavna volilna komisija","url":"https:\/\/www.dvk-rs.si\/arhivi\/volitve2022\/lv2022\/data\/prvikrog\/obcine-data\/data_031.json"}]},{"person":{"name":"Ernest Ker\u010dmar","slug":"ernest-kercmar"},"office":"Ob\u010dinski svetnik","office_code":"local_councillor","role_detail":"izvoljen z liste GIBANJE SVOBODA","organization":{"name":"Gornji Petrovci","slug":"gornji-petrovci"},"since":"2022-11-20","since_precision":"inferred","until":null,"status":"elected","current":true,"sources":[{"authority":"Dr\u017eavna volilna komisija","url":"https:\/\/www.dvk-rs.si\/arhivi\/volitve2022\/lv2022\/data\/prvikrog\/obcine-data\/data_031.json"}]},{"person":{"name":"Bo\u0161tjan \u0160u\u0161lec","slug":"bostjan-suslec"},"office":"Ob\u010dinski svetnik","office_code":"local_councillor","role_detail":"izvoljen z liste SLOVENSKA DEMOKRATSKA STRANKA","organization":{"name":"Gornji Petrovci","slug":"gornji-petrovci"},"since":"2022-11-20","since_precision":"inferred","until":null,"status":"elected","current":true,"sources":[{"authority":"Dr\u017eavna volilna komisija","url":"https:\/\/www.dvk-rs.si\/arhivi\/volitve2022\/lv2022\/data\/prvikrog\/obcine-data\/data_031.json"}]},{"person":{"name":"Anton Kozar","slug":"anton-kozar"},"office":"Ob\u010dinski svetnik","office_code":"local_councillor","role_detail":"izvoljen z liste NOVA SLOVENIJA - KR\u0160\u010cANSKI DEMOKRATI","organization":{"name":"Gornji Petrovci","slug":"gornji-petrovci"},"since":"2022-11-20","since_precision":"inferred","until":null,"status":"elected","current":true,"sources":[{"authority":"Dr\u017eavna volilna komisija","url":"https:\/\/www.dvk-rs.si\/arhivi\/volitve2022\/lv2022\/data\/prvikrog\/obcine-data\/data_031.json"}]},{"person":{"name":"Drago Svetec","slug":"drago-svetec"},"office":"Ob\u010dinski svetnik","office_code":"local_councillor","role_detail":"izvoljen z liste NOVA SLOVENIJA - KR\u0160\u010cANSKI DEMOKRATI","organization":{"name":"Gornji Petrovci","slug":"gornji-petrovci"},"since":"2022-11-20","since_precision":"inferred","until":null,"status":"elected","current":true,"sources":[{"authority":"Dr\u017eavna volilna komisija","url":"https:\/\/www.dvk-rs.si\/arhivi\/volitve2022\/lv2022\/data\/prvikrog\/obcine-data\/data_031.json"}]},{"person":{"name":"Mirjana \u010casar","slug":"mirjana-casar"},"office":"Ob\u010dinski svetnik","office_code":"local_councillor","role_detail":"izvoljen z liste NOVA SLOVENIJA - KR\u0160\u010cANSKI DEMOKRATI","organization":{"name":"Gornji Petrovci","slug":"gornji-petrovci"},"since":"2022-11-20","since_precision":"inferred","until":null,"status":"elected","current":true,"sources":[{"authority":"Dr\u017eavna volilna komisija","url":"https:\/\/www.dvk-rs.si\/arhivi\/volitve2022\/lv2022\/data\/prvikrog\/obcine-data\/data_031.json"}]},{"person":{"name":"Stanko Lepo\u0161a","slug":"stanko-leposa"},"office":"Ob\u010dinski svetnik","office_code":"local_councillor","role_detail":"izvoljen z liste NOVA SLOVENIJA - KR\u0160\u010cANSKI DEMOKRATI","organization":{"name":"Gornji Petrovci","slug":"gornji-petrovci"},"since":"2022-11-20","since_precision":"inferred","until":null,"status":"elected","current":true,"sources":[{"authority":"Dr\u017eavna volilna komisija","url":"https:\/\/www.dvk-rs.si\/arhivi\/volitve2022\/lv2022\/data\/prvikrog\/obcine-data\/data_031.json"}]},{"person":{"name":"Samanta Ambru\u0161","slug":"samanta-ambrus"},"office":"Ob\u010dinski svetnik","office_code":"local_councillor","role_detail":"izvoljen z liste GIBANJE SVOBODA","organization":{"name":"Gornji Petrovci","slug":"gornji-petrovci"},"since":"2022-11-20","since_precision":"inferred","until":null,"status":"elected","current":true,"sources":[{"authority":"Dr\u017eavna volilna komisija","url":"https:\/\/www.dvk-rs.si\/arhivi\/volitve2022\/lv2022\/data\/prvikrog\/obcine-data\/data_031.json"}]},{"person":{"name":"Zlatko Vukani\u010d","slug":"zlatko-vukanic"},"office":"Ob\u010dinski svetnik","office_code":"local_councillor","role_detail":"izvoljen z liste GIBANJE SVOBODA","organization":{"name":"Gornji Petrovci","slug":"gornji-petrovci"},"since":"2022-11-20","since_precision":"inferred","until":null,"status":"elected","current":true,"sources":[{"authority":"Dr\u017eavna volilna komisija","url":"https:\/\/www.dvk-rs.si\/arhivi\/volitve2022\/lv2022\/data\/prvikrog\/obcine-data\/data_031.json"}]},{"person":{"name":"Bojan Poto\u010dnik","slug":"bojan-potocnik"},"office":"Ob\u010dinski svetnik","office_code":"local_councillor","role_detail":"izvoljen z liste Lista za napredek Ob\u010dine Gornji Petrovci","organization":{"name":"Gornji Petrovci","slug":"gornji-petrovci"},"since":"2022-11-20","since_precision":"inferred","until":null,"status":"elected","current":true,"sources":[{"authority":"Dr\u017eavna volilna komisija","url":"https:\/\/www.dvk-rs.si\/arhivi\/volitve2022\/lv2022\/data\/prvikrog\/obcine-data\/data_031.json"}]},{"person":{"name":"Geza V\u00fctek","slug":"geza-vutek"},"office":"Ob\u010dinski svetnik","office_code":"local_councillor","role_detail":"izvoljen z liste NOVA SLOVENIJA - KR\u0160\u010cANSKI DEMOKRATI","organization":{"name":"Gornji Petrovci","slug":"gornji-petrovci"},"since":"2022-11-20","since_precision":"inferred","until":null,"status":"elected","current":true,"sources":[{"authority":"Dr\u017eavna volilna komisija","url":"https:\/\/www.dvk-rs.si\/arhivi\/volitve2022\/lv2022\/data\/prvikrog\/obcine-data\/data_031.json"}]},{"person":{"name":"Dejan Sobjak","slug":"dejan-sobjak"},"office":"Ob\u010dinski svetnik","office_code":"local_councillor","role_detail":"izvoljen z liste NOVA SLOVENIJA - KR\u0160\u010cANSKI DEMOKRATI","organization":{"name":"Gornji Petrovci","slug":"gornji-petrovci"},"since":"2022-11-20","since_precision":"inferred","until":null,"status":"elected","current":true,"sources":[{"authority":"Dr\u017eavna volilna komisija","url":"https:\/\/www.dvk-rs.si\/arhivi\/volitve2022\/lv2022\/data\/prvikrog\/obcine-data\/data_031.json"}]},{"person":{"name":"Stanislav Habjani\u010d","slug":"stanislav-habjanic"},"office":"Ob\u010dinski svetnik","office_code":"local_councillor","role_detail":"izvoljen z liste NOVA SLOVENIJA - KR\u0160\u010cANSKI DEMOKRATI","organization":{"name":"Gornji Petrovci","slug":"gornji-petrovci"},"since":"2022-11-20","since_precision":"inferred","until":null,"status":"elected","current":true,"sources":[{"authority":"Dr\u017eavna volilna komisija","url":"https:\/\/www.dvk-rs.si\/arhivi\/volitve2022\/lv2022\/data\/prvikrog\/obcine-data\/data_031.json"}]},{"person":{"name":"Franc \u0160lihthuber","slug":"franc-slihthuber"},"office":"\u017dupan","office_code":"mayor","role_detail":null,"organization":{"name":"Gornji Petrovci","slug":"gornji-petrovci"},"since":"2022-11-20","since_precision":"inferred","until":null,"status":"elected","current":true,"sources":[{"authority":"Dr\u017eavna volilna komisija","url":"https:\/\/www.dvk-rs.si\/arhivi\/volitve2022\/lv2022\/data\/ostale_obcine.json"}]}],"children":[{"slug":"krajevna-skupnost-gornji-petrovci","name":"Krajevna Skupnost Gornji Petrovci","type":"local_community","body_type":null},{"slug":"krajevna-skupnost-krizevci-v-prekmurju","name":"Krajevna Skupnost Kri\u017eevci V Prekmurju","type":"local_community","body_type":null},{"slug":"krajevna-skupnost-sulinci","name":"Krajevna Skupnost \u0160ulinci","type":"local_community","body_type":null},{"slug":"osnovna-sola-gornji-petrovci","name":"Osnovna \u0160ola Gornji Petrovci","type":"public_institute","body_type":null}]}

Občina

Franc Šlihthuber

Župan

Drago Škerlak

Občinski svetnik

Državna volilna komisija

Ernest Kerčmar

Boštjan Šušlec

izvoljen z liste NOVA SLOVENIJA - KRŠČANSKI DEMOKRATI

Mirjana Časar

Stanko Lepoša

Samanta Ambruš

Zlatko Vukanič

Bojan Potočnik

izvoljen z liste Lista za napredek Občine Gornji Petrovci

Geza Vütek

Stanislav Habjanič

Krajevna Skupnost Križevci V Prekmurju

Krajevna Skupnost Šulinci

Osnovna Šola Gornji Petrovci
