{"data":{"slug":"grad","name":"Grad","type":"municipality","type_label":"Ob\u010dina","body_type":null,"parent":null,"website":null,"phone":null,"address":"Grad 172, 9264 GRAD","email":"tajnistvo@obcina-grad.si","leader":{"name":"Cvetka Ficko","person_slug":"cvetka-ficko","office":"\u017dupan","office_code":"mayor","since":"2022-11-20"},"image":{"url":"https:\/\/commons.wikimedia.org\/wiki\/Special:FilePath\/Coat_of_arms_of_Ob%C4%8Dina_Grad.png","attribution":"Wikimedia Commons","source":"https:\/\/commons.wikimedia.org\/wiki\/Special:FilePath\/Coat_of_arms_of_Ob%C4%8Dina_Grad.png","hosted":false},"sources":[],"url":"https:\/\/kdo-vodi.si\/organ\/grad","api_url":"https:\/\/kdo-vodi.si\/api\/v1\/organizations\/grad"},"office_holders":[{"person":{"name":"Sre\u010dko Vogrin\u010di\u010d","slug":"srecko-vogrincic"},"office":"Ob\u010dinski svetnik","office_code":"local_councillor","role_detail":"izvoljen z liste NEODVISNA STRANKA POMURJA","organization":{"name":"Grad","slug":"grad"},"since":"2022-11-20","since_precision":"inferred","until":null,"status":"elected","current":true,"sources":[{"authority":"Dr\u017eavna volilna komisija","url":"https:\/\/www.dvk-rs.si\/arhivi\/volitve2022\/lv2022\/data\/prvikrog\/obcine-data\/data_158.json"}]},{"person":{"name":"Jo\u017eef Ceiger","slug":"jozef-ceiger"},"office":"Ob\u010dinski svetnik","office_code":"local_councillor","role_detail":"izvoljen z liste NEODVISNA STRANKA POMURJA","organization":{"name":"Grad","slug":"grad"},"since":"2022-11-20","since_precision":"inferred","until":null,"status":"elected","current":true,"sources":[{"authority":"Dr\u017eavna volilna komisija","url":"https:\/\/www.dvk-rs.si\/arhivi\/volitve2022\/lv2022\/data\/prvikrog\/obcine-data\/data_158.json"}]},{"person":{"name":"Gorazd Zelko","slug":"gorazd-zelko"},"office":"Ob\u010dinski svetnik","office_code":"local_councillor","role_detail":"izvoljen z liste SOCIALNI DEMOKRATI","organization":{"name":"Grad","slug":"grad"},"since":"2022-11-20","since_precision":"inferred","until":null,"status":"elected","current":true,"sources":[{"authority":"Dr\u017eavna volilna komisija","url":"https:\/\/www.dvk-rs.si\/arhivi\/volitve2022\/lv2022\/data\/prvikrog\/obcine-data\/data_158.json"}]},{"person":{"name":"\u0160tefan Gjergjek","slug":"stefan-gjergjek"},"office":"Ob\u010dinski svetnik","office_code":"local_councillor","role_detail":"izvoljen z liste SOCIALNI DEMOKRATI","organization":{"name":"Grad","slug":"grad"},"since":"2022-11-20","since_precision":"inferred","until":null,"status":"elected","current":true,"sources":[{"authority":"Dr\u017eavna volilna komisija","url":"https:\/\/www.dvk-rs.si\/arhivi\/volitve2022\/lv2022\/data\/prvikrog\/obcine-data\/data_158.json"}]},{"person":{"name":"Marija Hajdinjak","slug":"marija-hajdinjak"},"office":"Ob\u010dinski svetnik","office_code":"local_councillor","role_detail":"izvoljen z liste SOCIALNI DEMOKRATI","organization":{"name":"Grad","slug":"grad"},"since":"2022-11-20","since_precision":"inferred","until":null,"status":"elected","current":true,"sources":[{"authority":"Dr\u017eavna volilna komisija","url":"https:\/\/www.dvk-rs.si\/arhivi\/volitve2022\/lv2022\/data\/prvikrog\/obcine-data\/data_158.json"}]},{"person":{"name":"Danijel Bernjak","slug":"danijel-bernjak"},"office":"Ob\u010dinski svetnik","office_code":"local_councillor","role_detail":"izvoljen z liste SLOVENSKA DEMOKRATSKA STRANKA","organization":{"name":"Grad","slug":"grad"},"since":"2022-11-20","since_precision":"inferred","until":null,"status":"elected","current":true,"sources":[{"authority":"Dr\u017eavna volilna komisija","url":"https:\/\/www.dvk-rs.si\/arhivi\/volitve2022\/lv2022\/data\/prvikrog\/obcine-data\/data_158.json"}]},{"person":{"name":"Robert Wolf","slug":"robert-wolf"},"office":"Ob\u010dinski svetnik","office_code":"local_councillor","role_detail":"izvoljen z liste SOCIALNI DEMOKRATI","organization":{"name":"Grad","slug":"grad"},"since":"2022-11-20","since_precision":"inferred","until":null,"status":"elected","current":true,"sources":[{"authority":"Dr\u017eavna volilna komisija","url":"https:\/\/www.dvk-rs.si\/arhivi\/volitve2022\/lv2022\/data\/prvikrog\/obcine-data\/data_158.json"}]},{"person":{"name":"Danijela Marko\u010d","slug":"danijela-markoc"},"office":"Ob\u010dinski svetnik","office_code":"local_councillor","role_detail":"izvoljen z liste SOCIALNI DEMOKRATI","organization":{"name":"Grad","slug":"grad"},"since":"2022-11-20","since_precision":"inferred","until":null,"status":"elected","current":true,"sources":[{"authority":"Dr\u017eavna volilna komisija","url":"https:\/\/www.dvk-rs.si\/arhivi\/volitve2022\/lv2022\/data\/prvikrog\/obcine-data\/data_158.json"}]},{"person":{"name":"Marijan Klement","slug":"marijan-klement"},"office":"Ob\u010dinski svetnik","office_code":"local_councillor","role_detail":"izvoljen z liste SLOVENSKA DEMOKRATSKA STRANKA","organization":{"name":"Grad","slug":"grad"},"since":"2022-11-20","since_precision":"inferred","until":null,"status":"elected","current":true,"sources":[{"authority":"Dr\u017eavna volilna komisija","url":"https:\/\/www.dvk-rs.si\/arhivi\/volitve2022\/lv2022\/data\/prvikrog\/obcine-data\/data_158.json"}]},{"person":{"name":"Ernest Me\u0161i\u010d","slug":"ernest-mesic"},"office":"Ob\u010dinski svetnik","office_code":"local_councillor","role_detail":"izvoljen z liste SOCIALNI DEMOKRATI","organization":{"name":"Grad","slug":"grad"},"since":"2022-11-20","since_precision":"inferred","until":null,"status":"elected","current":true,"sources":[{"authority":"Dr\u017eavna volilna komisija","url":"https:\/\/www.dvk-rs.si\/arhivi\/volitve2022\/lv2022\/data\/prvikrog\/obcine-data\/data_158.json"}]},{"person":{"name":"Ale\u0161 Fartek","slug":"ales-fartek"},"office":"Ob\u010dinski svetnik","office_code":"local_councillor","role_detail":"izvoljen z liste Andreja Fartek in skupina volivcev","organization":{"name":"Grad","slug":"grad"},"since":"2022-11-20","since_precision":"inferred","until":null,"status":"elected","current":true,"sources":[{"authority":"Dr\u017eavna volilna komisija","url":"https:\/\/www.dvk-rs.si\/arhivi\/volitve2022\/lv2022\/data\/prvikrog\/obcine-data\/data_158.json"}]},{"person":{"name":"Cvetka Ficko","slug":"cvetka-ficko"},"office":"\u017dupan","office_code":"mayor","role_detail":null,"organization":{"name":"Grad","slug":"grad"},"since":"2022-11-20","since_precision":"inferred","until":null,"status":"elected","current":true,"sources":[{"authority":"Dr\u017eavna volilna komisija","url":"https:\/\/www.dvk-rs.si\/arhivi\/volitve2022\/lv2022\/data\/ostale_obcine.json"}]}],"children":[{"slug":"osnovna-sola-grad","name":"Osnovna \u0160ola Grad","type":"public_institute","body_type":null},{"slug":"zavod-za-turizem-in-kulturo-obcine-grad","name":"Zavod za turizem in kulturo Ob\u010dine Grad","type":"public_institute","body_type":null}]}

Občina

Župan

Srečko Vogrinčič

Občinski svetnik

Državna volilna komisija

Jožef Ceiger

Štefan Gjergjek

Danijela Markoč

Ernest Mešič

Aleš Fartek

Osnovna Šola Grad

Zavod za turizem in kulturo Občine Grad
