{"data":{"slug":"izola","name":"Izola","type":"municipality","type_label":"Ob\u010dina","body_type":null,"parent":null,"website":null,"phone":null,"address":"Son\u010dno nabre\u017eje 008, 6310 IZOLA-ISOLA","email":"obcina@izola.si","leader":{"name":"Milan Bogati\u010d","person_slug":"milan-bogatic","office":"\u017dupan","office_code":"mayor","since":"2022-12-04"},"image":null,"sources":[],"url":"https:\/\/kdo-vodi.si\/organ\/izola","api_url":"https:\/\/kdo-vodi.si\/api\/v1\/organizations\/izola"},"office_holders":[{"person":{"name":"Maks Filip\u010di\u010d","slug":"maks-filipcic"},"office":"Ob\u010dinski svetnik","office_code":"local_councillor","role_detail":"izvoljen z liste SDS - SLOVENSKA DEMOKRATSKA STRANKA","organization":{"name":"Izola","slug":"izola"},"since":"2022-11-20","since_precision":"inferred","until":null,"status":"elected","current":true,"sources":[{"authority":"Dr\u017eavna volilna komisija","url":"https:\/\/www.dvk-rs.si\/arhivi\/volitve2022\/lv2022\/data\/prvikrog\/obcine-data\/data_040.json"}]},{"person":{"name":"Mojca Mahajnc","slug":"mojca-mahajnc"},"office":"Ob\u010dinski svetnik","office_code":"local_councillor","role_detail":"izvoljen z liste SDS - SLOVENSKA DEMOKRATSKA STRANKA","organization":{"name":"Izola","slug":"izola"},"since":"2022-11-20","since_precision":"inferred","until":null,"status":"elected","current":true,"sources":[{"authority":"Dr\u017eavna volilna komisija","url":"https:\/\/www.dvk-rs.si\/arhivi\/volitve2022\/lv2022\/data\/prvikrog\/obcine-data\/data_040.json"}]},{"person":{"name":"Diana Peloza","slug":"diana-peloza"},"office":"Ob\u010dinski svetnik","office_code":"local_councillor","role_detail":"izvoljen z liste GIBANJE SVOBODA","organization":{"name":"Izola","slug":"izola"},"since":"2022-11-20","since_precision":"inferred","until":null,"status":"elected","current":true,"sources":[{"authority":"Dr\u017eavna volilna komisija","url":"https:\/\/www.dvk-rs.si\/arhivi\/volitve2022\/lv2022\/data\/prvikrog\/obcine-data\/data_040.json"}]},{"person":{"name":"Matja\u017e Musa","slug":"matjaz-musa"},"office":"Ob\u010dinski svetnik","office_code":"local_councillor","role_detail":"izvoljen z liste GIBANJE SVOBODA","organization":{"name":"Izola","slug":"izola"},"since":"2022-11-20","since_precision":"inferred","until":null,"status":"elected","current":true,"sources":[{"authority":"Dr\u017eavna volilna komisija","url":"https:\/\/www.dvk-rs.si\/arhivi\/volitve2022\/lv2022\/data\/prvikrog\/obcine-data\/data_040.json"}]},{"person":{"name":"Ksenija Cergol","slug":"ksenija-cergol"},"office":"Ob\u010dinski svetnik","office_code":"local_councillor","role_detail":"izvoljen z liste GIBANJE SVOBODA","organization":{"name":"Izola","slug":"izola"},"since":"2022-11-20","since_precision":"inferred","until":null,"status":"elected","current":true,"sources":[{"authority":"Dr\u017eavna volilna komisija","url":"https:\/\/www.dvk-rs.si\/arhivi\/volitve2022\/lv2022\/data\/prvikrog\/obcine-data\/data_040.json"}]},{"person":{"name":"Luka \u0160krbina","slug":"luka-skrbina"},"office":"Ob\u010dinski svetnik","office_code":"local_councillor","role_detail":"izvoljen z liste GIBANJE SVOBODA","organization":{"name":"Izola","slug":"izola"},"since":"2022-11-20","since_precision":"inferred","until":null,"status":"elected","current":true,"sources":[{"authority":"Dr\u017eavna volilna komisija","url":"https:\/\/www.dvk-rs.si\/arhivi\/volitve2022\/lv2022\/data\/prvikrog\/obcine-data\/data_040.json"}]},{"person":{"name":"Elma Sinanbegovi\u0107","slug":"elma-sinanbegovic"},"office":"Ob\u010dinski svetnik","office_code":"local_councillor","role_detail":"izvoljen z liste GIBANJE SVOBODA","organization":{"name":"Izola","slug":"izola"},"since":"2022-11-20","since_precision":"inferred","until":null,"status":"elected","current":true,"sources":[{"authority":"Dr\u017eavna volilna komisija","url":"https:\/\/www.dvk-rs.si\/arhivi\/volitve2022\/lv2022\/data\/prvikrog\/obcine-data\/data_040.json"}]},{"person":{"name":"Marko Treskavica","slug":"marko-treskavica"},"office":"Ob\u010dinski svetnik","office_code":"local_councillor","role_detail":"izvoljen z liste GIBANJE SVOBODA","organization":{"name":"Izola","slug":"izola"},"since":"2022-11-20","since_precision":"inferred","until":null,"status":"elected","current":true,"sources":[{"authority":"Dr\u017eavna volilna komisija","url":"https:\/\/www.dvk-rs.si\/arhivi\/volitve2022\/lv2022\/data\/prvikrog\/obcine-data\/data_040.json"}]},{"person":{"name":"Nata\u0161a \u010cerin","slug":"natasa-cerin"},"office":"Ob\u010dinski svetnik","office_code":"local_councillor","role_detail":"izvoljen z liste GIBANJE SVOBODA","organization":{"name":"Izola","slug":"izola"},"since":"2022-11-20","since_precision":"inferred","until":null,"status":"elected","current":true,"sources":[{"authority":"Dr\u017eavna volilna komisija","url":"https:\/\/www.dvk-rs.si\/arhivi\/volitve2022\/lv2022\/data\/prvikrog\/obcine-data\/data_040.json"}]},{"person":{"name":"Milan Bogati\u010d","slug":"milan-bogatic"},"office":"Ob\u010dinski svetnik","office_code":"local_councillor","role_detail":"izvoljen z liste GIBANJE SVOBODA","organization":{"name":"Izola","slug":"izola"},"since":"2022-11-20","since_precision":"inferred","until":null,"status":"elected","current":true,"sources":[{"authority":"Dr\u017eavna volilna komisija","url":"https:\/\/www.dvk-rs.si\/arhivi\/volitve2022\/lv2022\/data\/prvikrog\/obcine-data\/data_040.json"}]},{"person":{"name":"Hazbi Re\u0111epi","slug":"hazbi-redepi"},"office":"Ob\u010dinski svetnik","office_code":"local_councillor","role_detail":"izvoljen z liste LISTA VASILIJA \u017dBOGARJA","organization":{"name":"Izola","slug":"izola"},"since":"2022-11-20","since_precision":"inferred","until":null,"status":"elected","current":true,"sources":[{"authority":"Dr\u017eavna volilna komisija","url":"https:\/\/www.dvk-rs.si\/arhivi\/volitve2022\/lv2022\/data\/prvikrog\/obcine-data\/data_040.json"}]},{"person":{"name":"Vida Orbani\u0107","slug":"vida-orbanic"},"office":"Ob\u010dinski svetnik","office_code":"local_councillor","role_detail":"izvoljen z liste LISTA VASILIJA \u017dBOGARJA","organization":{"name":"Izola","slug":"izola"},"since":"2022-11-20","since_precision":"inferred","until":null,"status":"elected","current":true,"sources":[{"authority":"Dr\u017eavna volilna komisija","url":"https:\/\/www.dvk-rs.si\/arhivi\/volitve2022\/lv2022\/data\/prvikrog\/obcine-data\/data_040.json"}]},{"person":{"name":"Vasilij \u017dbogar","slug":"vasilij-zbogar"},"office":"Ob\u010dinski svetnik","office_code":"local_councillor","role_detail":"izvoljen z liste LISTA VASILIJA \u017dBOGARJA","organization":{"name":"Izola","slug":"izola"},"since":"2022-11-20","since_precision":"inferred","until":null,"status":"elected","current":true,"sources":[{"authority":"Dr\u017eavna volilna komisija","url":"https:\/\/www.dvk-rs.si\/arhivi\/volitve2022\/lv2022\/data\/prvikrog\/obcine-data\/data_040.json"}]},{"person":{"name":"Leonid Danilovi\u0107","slug":"leonid-danilovic"},"office":"Ob\u010dinski svetnik","office_code":"local_councillor","role_detail":"izvoljen z liste SD - SOCIALNI DEMOKRATI","organization":{"name":"Izola","slug":"izola"},"since":"2022-11-20","since_precision":"inferred","until":null,"status":"elected","current":true,"sources":[{"authority":"Dr\u017eavna volilna komisija","url":"https:\/\/www.dvk-rs.si\/arhivi\/volitve2022\/lv2022\/data\/prvikrog\/obcine-data\/data_040.json"}]},{"person":{"name":"Romina Kralj","slug":"romina-kralj"},"office":"Ob\u010dinski svetnik","office_code":"local_councillor","role_detail":"izvoljen z liste SD - SOCIALNI DEMOKRATI","organization":{"name":"Izola","slug":"izola"},"since":"2022-11-20","since_precision":"inferred","until":null,"status":"elected","current":true,"sources":[{"authority":"Dr\u017eavna volilna komisija","url":"https:\/\/www.dvk-rs.si\/arhivi\/volitve2022\/lv2022\/data\/prvikrog\/obcine-data\/data_040.json"}]},{"person":{"name":"Robert Turk","slug":"robert-turk"},"office":"Ob\u010dinski svetnik","office_code":"local_councillor","role_detail":"izvoljen z liste MEF IN IZOLANI","organization":{"name":"Izola","slug":"izola"},"since":"2022-11-20","since_precision":"inferred","until":null,"status":"elected","current":true,"sources":[{"authority":"Dr\u017eavna volilna komisija","url":"https:\/\/www.dvk-rs.si\/arhivi\/volitve2022\/lv2022\/data\/prvikrog\/obcine-data\/data_040.json"}]},{"person":{"name":"Mirjana Klodi\u010d","slug":"mirjana-klodic"},"office":"Ob\u010dinski svetnik","office_code":"local_councillor","role_detail":"izvoljen z liste MEF IN IZOLANI","organization":{"name":"Izola","slug":"izola"},"since":"2022-11-20","since_precision":"inferred","until":null,"status":"elected","current":true,"sources":[{"authority":"Dr\u017eavna volilna komisija","url":"https:\/\/www.dvk-rs.si\/arhivi\/volitve2022\/lv2022\/data\/prvikrog\/obcine-data\/data_040.json"}]},{"person":{"name":"Du\u0161an Ambro\u017e","slug":"dusan-ambroz"},"office":"Ob\u010dinski svetnik","office_code":"local_councillor","role_detail":"izvoljen z liste MEF IN IZOLANI","organization":{"name":"Izola","slug":"izola"},"since":"2022-11-20","since_precision":"inferred","until":null,"status":"elected","current":true,"sources":[{"authority":"Dr\u017eavna volilna komisija","url":"https:\/\/www.dvk-rs.si\/arhivi\/volitve2022\/lv2022\/data\/prvikrog\/obcine-data\/data_040.json"}]},{"person":{"name":"Anton Baloh","slug":"anton-baloh"},"office":"Ob\u010dinski svetnik","office_code":"local_councillor","role_detail":"izvoljen z liste I\u017dL - IZOLSKA \u017dUPANOVA LISTA","organization":{"name":"Izola","slug":"izola"},"since":"2022-11-20","since_precision":"inferred","until":null,"status":"elected","current":true,"sources":[{"authority":"Dr\u017eavna volilna komisija","url":"https:\/\/www.dvk-rs.si\/arhivi\/volitve2022\/lv2022\/data\/prvikrog\/obcine-data\/data_040.json"}]},{"person":{"name":"Martina Soban","slug":"martina-soban"},"office":"Ob\u010dinski svetnik","office_code":"local_councillor","role_detail":"izvoljen z liste I\u017dL - IZOLSKA \u017dUPANOVA LISTA","organization":{"name":"Izola","slug":"izola"},"since":"2022-11-20","since_precision":"inferred","until":null,"status":"elected","current":true,"sources":[{"authority":"Dr\u017eavna volilna komisija","url":"https:\/\/www.dvk-rs.si\/arhivi\/volitve2022\/lv2022\/data\/prvikrog\/obcine-data\/data_040.json"}]},{"person":{"name":"Danilo Marko\u010di\u010d","slug":"danilo-markocic"},"office":"Ob\u010dinski svetnik","office_code":"local_councillor","role_detail":"izvoljen z liste I\u017dL - IZOLSKA \u017dUPANOVA LISTA","organization":{"name":"Izola","slug":"izola"},"since":"2022-11-20","since_precision":"inferred","until":null,"status":"elected","current":true,"sources":[{"authority":"Dr\u017eavna volilna komisija","url":"https:\/\/www.dvk-rs.si\/arhivi\/volitve2022\/lv2022\/data\/prvikrog\/obcine-data\/data_040.json"}]},{"person":{"name":"Milan Bogati\u010d","slug":"milan-bogatic"},"office":"\u017dupan","office_code":"mayor","role_detail":null,"organization":{"name":"Izola","slug":"izola"},"since":"2022-12-04","since_precision":"inferred","until":null,"status":"elected","current":true,"sources":[{"authority":"Dr\u017eavna volilna komisija","url":"https:\/\/www.dvk-rs.si\/arhivi\/volitve2022\/lv2022\/data\/drugi_krog.json"}]}],"children":[{"slug":"center-za-kulturo-sport-in-prireditve-izola-centro-per-la-cultura-lo-sport-e-le-manifestazioni-isola","name":"Center Za Kulturo, \u0160port In Prireditve Izola Centro Per La Cultura, Lo Sport E Le Manifestazioni Isola","type":"public_institute","body_type":null},{"slug":"javni-zavod-za-spodbujanje-podjetnistva-in-razvojne-projekte-obcine-izola-ente-pubblico-per-la-promozione-dellimprenditoria-e-progetti-di-sviluppo-del-comune-disola","name":"Javni zavod za spodbujanje podjetni\u0161tva in razvojne projekte Ob\u010dine Izola - Ente pubblico per la promozione dell'imprenditoria e progetti di sviluppo del Comune d'Isola","type":"public_institute","body_type":null},{"slug":"krajevna-skupnost-haliaetum","name":"Krajevna Skupnost Haliaetum","type":"local_community","body_type":null},{"slug":"krajevna-skupnost-jagodje-dobrava","name":"Krajevna Skupnost Jagodje-Dobrava","type":"local_community","body_type":null},{"slug":"krajevna-skupnost-korte","name":"Krajevna Skupnost Korte","type":"local_community","body_type":null},{"slug":"krajevna-skupnost-livade","name":"Krajevna Skupnost Livade","type":"local_community","body_type":null},{"slug":"krajevna-skupnost-staro-mesto","name":"Krajevna Skupnost Staro Mesto","type":"local_community","body_type":null},{"slug":"mestna-knjiznica-izola-biblioteca-civica-di-isola","name":"Mestna Knji\u017enica Izola - Biblioteca Civica Di Isola","type":"public_institute","body_type":null},{"slug":"osnovna-sola-livade-izola","name":"Osnovna \u0160ola Livade Izola","type":"public_institute","body_type":null},{"slug":"osnovna-sola-vojke-smuc-izola-scuola-elementare-vojka-smuc-isola","name":"Osnovna \u0160ola Vojke \u0160muc Izola Scuola Elementare Vojka \u0160muc Isola","type":"public_institute","body_type":null},{"slug":"scuola-elementare-dante-alighieri-isola-osnovna-sola-dante-alighieri-izola","name":"Scuola Elementare Dante Alighieri Isola - Osnovna \u0160ola Dante Alighieri Izola","type":"public_institute","body_type":null},{"slug":"vzgojno-izobrazevalni-zavod-vrtec-mavrica-izola-ente-pubblico-di-educazione-ed-istruzione-asilo-mavrica-isola","name":"Vzgojno Izobra\u017eevalni Zavod Vrtec Mavrica Izola Ente Pubblico Di Educazione Ed Istruzione Asilo \"Mavrica\" Isola","type":"public_institute","body_type":null},{"slug":"zdravstveni-dom-izola","name":"Zdravstveni Dom Izola","type":"public_institute","body_type":null}]}

Občina

Sončno nabrežje 008, 6310 IZOLA-ISOLA

Milan Bogatič

Župan

Maks Filipčič

Občinski svetnik

Državna volilna komisija

Matjaž Musa

Luka Škrbina

Elma Sinanbegović

Nataša Čerin

Hazbi Ređepi

izvoljen z liste LISTA VASILIJA ŽBOGARJA

Vida Orbanić

Vasilij Žbogar

Leonid Danilović

Mirjana Klodič

Dušan Ambrož

izvoljen z liste IŽL - IZOLSKA ŽUPANOVA LISTA

Danilo Markočič

Center Za Kulturo, Šport In Prireditve Izola Centro Per La Cultura, Lo Sport E Le Manifestazioni Isola

Javni zavod za spodbujanje podjetništva in razvojne projekte Občine Izola - Ente pubblico per la promozione dell'imprenditoria e progetti di sviluppo del Comune d'Isola

Mestna Knjižnica Izola - Biblioteca Civica Di Isola

Osnovna Šola Livade Izola

Osnovna Šola Vojke Šmuc Izola Scuola Elementare Vojka Šmuc Isola

Scuola Elementare Dante Alighieri Isola - Osnovna Šola Dante Alighieri Izola

Vzgojno Izobraževalni Zavod Vrtec Mavrica Izola Ente Pubblico Di Educazione Ed Istruzione Asilo "Mavrica" Isola
