{"data":{"slug":"kanal","name":"Kanal","type":"municipality","type_label":"Ob\u010dina","body_type":null,"parent":null,"website":null,"phone":null,"address":null,"email":null,"leader":{"name":"Miha Stegel","person_slug":"miha-stegel","office":"\u017dupan","office_code":"mayor","since":"2022-12-04"},"image":null,"sources":[],"url":"https:\/\/kdo-vodi.si\/organ\/kanal","api_url":"https:\/\/kdo-vodi.si\/api\/v1\/organizations\/kanal"},"office_holders":[{"person":{"name":"Valentina Humar","slug":"valentina-humar"},"office":"Ob\u010dinski svetnik","office_code":"local_councillor","role_detail":"izvoljen z liste LISTA ZA ZDRAVJE IN KAKOVOST BIVANJA","organization":{"name":"Kanal","slug":"kanal"},"since":"2022-11-20","since_precision":"inferred","until":null,"status":"elected","current":true,"sources":[{"authority":"Dr\u017eavna volilna komisija","url":"https:\/\/www.dvk-rs.si\/arhivi\/volitve2022\/lv2022\/data\/prvikrog\/obcine-data\/data_044.json"}]},{"person":{"name":"Simon Prin\u010di\u010d","slug":"simon-princic"},"office":"Ob\u010dinski svetnik","office_code":"local_councillor","role_detail":"izvoljen z liste SD - SOCIALNI DEMOKRATI","organization":{"name":"Kanal","slug":"kanal"},"since":"2022-11-20","since_precision":"inferred","until":null,"status":"elected","current":true,"sources":[{"authority":"Dr\u017eavna volilna komisija","url":"https:\/\/www.dvk-rs.si\/arhivi\/volitve2022\/lv2022\/data\/prvikrog\/obcine-data\/data_044.json"}]},{"person":{"name":"Vladimir Kolman\u010di\u010d","slug":"vladimir-kolmancic"},"office":"Ob\u010dinski svetnik","office_code":"local_councillor","role_detail":"izvoljen z liste SD - SOCIALNI DEMOKRATI","organization":{"name":"Kanal","slug":"kanal"},"since":"2022-11-20","since_precision":"inferred","until":null,"status":"elected","current":true,"sources":[{"authority":"Dr\u017eavna volilna komisija","url":"https:\/\/www.dvk-rs.si\/arhivi\/volitve2022\/lv2022\/data\/prvikrog\/obcine-data\/data_044.json"}]},{"person":{"name":"Bruno Colavini","slug":"bruno-colavini"},"office":"Ob\u010dinski svetnik","office_code":"local_councillor","role_detail":"izvoljen z liste SLS - SLOVENSKA LJUDSKA STRANKA","organization":{"name":"Kanal","slug":"kanal"},"since":"2022-11-20","since_precision":"inferred","until":null,"status":"elected","current":true,"sources":[{"authority":"Dr\u017eavna volilna komisija","url":"https:\/\/www.dvk-rs.si\/arhivi\/volitve2022\/lv2022\/data\/prvikrog\/obcine-data\/data_044.json"}]},{"person":{"name":"Viljem Urban\u010di\u010d","slug":"viljem-urbancic"},"office":"Ob\u010dinski svetnik","office_code":"local_councillor","role_detail":"izvoljen z liste MIHA STEGEL IN LISTA Z VIZIJO","organization":{"name":"Kanal","slug":"kanal"},"since":"2022-11-20","since_precision":"inferred","until":null,"status":"elected","current":true,"sources":[{"authority":"Dr\u017eavna volilna komisija","url":"https:\/\/www.dvk-rs.si\/arhivi\/volitve2022\/lv2022\/data\/prvikrog\/obcine-data\/data_044.json"}]},{"person":{"name":"Barbara Fajdiga Per\u0161e","slug":"barbara-fajdiga-perse"},"office":"Ob\u010dinski svetnik","office_code":"local_councillor","role_detail":"izvoljen z liste GIBANJE SVOBODA","organization":{"name":"Kanal","slug":"kanal"},"since":"2022-11-20","since_precision":"inferred","until":null,"status":"elected","current":true,"sources":[{"authority":"Dr\u017eavna volilna komisija","url":"https:\/\/www.dvk-rs.si\/arhivi\/volitve2022\/lv2022\/data\/prvikrog\/obcine-data\/data_044.json"}]},{"person":{"name":"Risto Djuri\u0107","slug":"risto-djuric"},"office":"Ob\u010dinski svetnik","office_code":"local_councillor","role_detail":"izvoljen z liste SD - SOCIALNI DEMOKRATI","organization":{"name":"Kanal","slug":"kanal"},"since":"2022-11-20","since_precision":"inferred","until":null,"status":"elected","current":true,"sources":[{"authority":"Dr\u017eavna volilna komisija","url":"https:\/\/www.dvk-rs.si\/arhivi\/volitve2022\/lv2022\/data\/prvikrog\/obcine-data\/data_044.json"}]},{"person":{"name":"David Kri\u017eni\u010d","slug":"david-kriznic"},"office":"Ob\u010dinski svetnik","office_code":"local_councillor","role_detail":"izvoljen z liste NOVA SLOVENIJA - KR\u0160\u010cANSKI DEMOKRATI","organization":{"name":"Kanal","slug":"kanal"},"since":"2022-11-20","since_precision":"inferred","until":null,"status":"elected","current":true,"sources":[{"authority":"Dr\u017eavna volilna komisija","url":"https:\/\/www.dvk-rs.si\/arhivi\/volitve2022\/lv2022\/data\/prvikrog\/obcine-data\/data_044.json"}]},{"person":{"name":"Ermin Hvalica","slug":"ermin-hvalica"},"office":"Ob\u010dinski svetnik","office_code":"local_councillor","role_detail":"izvoljen z liste SLOVENSKA DEMOKRATSKA STRANKA - SDS","organization":{"name":"Kanal","slug":"kanal"},"since":"2022-11-20","since_precision":"inferred","until":null,"status":"elected","current":true,"sources":[{"authority":"Dr\u017eavna volilna komisija","url":"https:\/\/www.dvk-rs.si\/arhivi\/volitve2022\/lv2022\/data\/prvikrog\/obcine-data\/data_044.json"}]},{"person":{"name":"Klelija Dolenc","slug":"klelija-dolenc"},"office":"Ob\u010dinski svetnik","office_code":"local_councillor","role_detail":"izvoljen z liste DESUS","organization":{"name":"Kanal","slug":"kanal"},"since":"2022-11-20","since_precision":"inferred","until":null,"status":"elected","current":true,"sources":[{"authority":"Dr\u017eavna volilna komisija","url":"https:\/\/www.dvk-rs.si\/arhivi\/volitve2022\/lv2022\/data\/prvikrog\/obcine-data\/data_044.json"}]},{"person":{"name":"Miha Stegel","slug":"miha-stegel"},"office":"Ob\u010dinski svetnik","office_code":"local_councillor","role_detail":"izvoljen z liste MIHA STEGEL IN LISTA Z VIZIJO","organization":{"name":"Kanal","slug":"kanal"},"since":"2022-11-20","since_precision":"inferred","until":null,"status":"elected","current":true,"sources":[{"authority":"Dr\u017eavna volilna komisija","url":"https:\/\/www.dvk-rs.si\/arhivi\/volitve2022\/lv2022\/data\/prvikrog\/obcine-data\/data_044.json"}]},{"person":{"name":"Anastazija Makori\u010d Bev\u010dar","slug":"anastazija-makoric-bevcar"},"office":"Ob\u010dinski svetnik","office_code":"local_councillor","role_detail":"izvoljen z liste LISTA ZA ZDRAVJE IN KAKOVOST BIVANJA","organization":{"name":"Kanal","slug":"kanal"},"since":"2022-11-20","since_precision":"inferred","until":null,"status":"elected","current":true,"sources":[{"authority":"Dr\u017eavna volilna komisija","url":"https:\/\/www.dvk-rs.si\/arhivi\/volitve2022\/lv2022\/data\/prvikrog\/obcine-data\/data_044.json"}]},{"person":{"name":"Mateja Sattler","slug":"mateja-sattler"},"office":"Ob\u010dinski svetnik","office_code":"local_councillor","role_detail":"izvoljen z liste LISTA ZA ZDRAVJE IN KAKOVOST BIVANJA","organization":{"name":"Kanal","slug":"kanal"},"since":"2022-11-20","since_precision":"inferred","until":null,"status":"elected","current":true,"sources":[{"authority":"Dr\u017eavna volilna komisija","url":"https:\/\/www.dvk-rs.si\/arhivi\/volitve2022\/lv2022\/data\/prvikrog\/obcine-data\/data_044.json"}]},{"person":{"name":"Bor Zorzut","slug":"bor-zorzut"},"office":"Ob\u010dinski svetnik","office_code":"local_councillor","role_detail":"izvoljen z liste GIBANJE SVOBODA","organization":{"name":"Kanal","slug":"kanal"},"since":"2022-11-20","since_precision":"inferred","until":null,"status":"elected","current":true,"sources":[{"authority":"Dr\u017eavna volilna komisija","url":"https:\/\/www.dvk-rs.si\/arhivi\/volitve2022\/lv2022\/data\/prvikrog\/obcine-data\/data_044.json"}]},{"person":{"name":"Anton Bolterstein Leskovar","slug":"anton-bolterstein-leskovar"},"office":"Ob\u010dinski svetnik","office_code":"local_councillor","role_detail":"izvoljen z liste SD - SOCIALNI DEMOKRATI","organization":{"name":"Kanal","slug":"kanal"},"since":"2022-11-20","since_precision":"inferred","until":null,"status":"elected","current":true,"sources":[{"authority":"Dr\u017eavna volilna komisija","url":"https:\/\/www.dvk-rs.si\/arhivi\/volitve2022\/lv2022\/data\/prvikrog\/obcine-data\/data_044.json"}]},{"person":{"name":"Miha \u010cargo","slug":"miha-cargo"},"office":"Ob\u010dinski svetnik","office_code":"local_councillor","role_detail":"izvoljen z liste KONKRETNO","organization":{"name":"Kanal","slug":"kanal"},"since":"2022-11-20","since_precision":"inferred","until":null,"status":"elected","current":true,"sources":[{"authority":"Dr\u017eavna volilna komisija","url":"https:\/\/www.dvk-rs.si\/arhivi\/volitve2022\/lv2022\/data\/prvikrog\/obcine-data\/data_044.json"}]},{"person":{"name":"Jan Mo\u010dnik","slug":"jan-mocnik"},"office":"Ob\u010dinski svetnik","office_code":"local_councillor","role_detail":"izvoljen z liste MIHA STEGEL IN LISTA Z VIZIJO","organization":{"name":"Kanal","slug":"kanal"},"since":"2022-11-20","since_precision":"inferred","until":null,"status":"elected","current":true,"sources":[{"authority":"Dr\u017eavna volilna komisija","url":"https:\/\/www.dvk-rs.si\/arhivi\/volitve2022\/lv2022\/data\/prvikrog\/obcine-data\/data_044.json"}]},{"person":{"name":"Miha Stegel","slug":"miha-stegel"},"office":"\u017dupan","office_code":"mayor","role_detail":null,"organization":{"name":"Kanal","slug":"kanal"},"since":"2022-12-04","since_precision":"inferred","until":null,"status":"elected","current":true,"sources":[{"authority":"Dr\u017eavna volilna komisija","url":"https:\/\/www.dvk-rs.si\/arhivi\/volitve2022\/lv2022\/data\/drugi_krog.json"}]}],"children":[{"slug":"krajevna-skupnost-anhovo-deskle","name":"Krajevna Skupnost Anhovo - Deskle","type":"local_community","body_type":null},{"slug":"krajevna-skupnost-avce","name":"Krajevna Skupnost Av\u010de","type":"local_community","body_type":null},{"slug":"krajevna-skupnost-kal-nad-kanalom","name":"Krajevna Skupnost Kal Nad Kanalom","type":"local_community","body_type":null},{"slug":"krajevna-skupnost-kambresko","name":"Krajevna Skupnost Kambre\u0161ko","type":"local_community","body_type":null},{"slug":"krajevna-skupnost-kanal","name":"Krajevna Skupnost Kanal","type":"local_community","body_type":null},{"slug":"krajevna-skupnost-levpa","name":"Krajevna Skupnost Levpa","type":"local_community","body_type":null},{"slug":"krajevna-skupnost-lig","name":"Krajevna Skupnost Lig","type":"local_community","body_type":null},{"slug":"krajevna-skupnost-rocinj-doblar","name":"Krajevna Skupnost Ro\u010dinj-Doblar","type":"local_community","body_type":null},{"slug":"osnovna-sola-deskle","name":"Osnovna \u0160ola Deskle","type":"public_institute","body_type":null},{"slug":"osnovna-sola-kanal","name":"Osnovna \u0160ola Kanal","type":"public_institute","body_type":null},{"slug":"zavod-za-turizem-kulturo-mladino-in-sport-kanal","name":"Zavod za turizem, kulturo, mladino in \u0161port Kanal","type":"public_institute","body_type":null}]}

Občina

Župan

Občinski svetnik

Državna volilna komisija

Simon Prinčič

Vladimir Kolmančič

Viljem Urbančič

Barbara Fajdiga Perše

Risto Djurić

David Križnič

izvoljen z liste NOVA SLOVENIJA - KRŠČANSKI DEMOKRATI

Anastazija Makorič Bevčar

Miha Čargo

Jan Močnik

Krajevna Skupnost Avče

Krajevna Skupnost Kambreško

Krajevna Skupnost Ročinj-Doblar

Osnovna Šola Deskle

Osnovna Šola Kanal

Zavod za turizem, kulturo, mladino in šport Kanal
