{"data":{"slug":"kobarid","name":"Kobarid","type":"municipality","type_label":"Ob\u010dina","body_type":null,"parent":null,"website":null,"phone":null,"address":"Trg svobode 002, 5222 KOBARID","email":"obcina@kobarid.si","leader":{"name":"Marko Matajurc","person_slug":"marko-matajurc","office":"\u017dupan","office_code":"mayor","since":"2022-11-20"},"image":{"url":"https:\/\/commons.wikimedia.org\/wiki\/Special:FilePath\/Grb_Ob%C4%8Dine_Kobarid.png","attribution":"Wikimedia Commons","source":"https:\/\/commons.wikimedia.org\/wiki\/Special:FilePath\/Grb_Ob%C4%8Dine_Kobarid.png","hosted":false},"sources":[],"url":"https:\/\/kdo-vodi.si\/organ\/kobarid","api_url":"https:\/\/kdo-vodi.si\/api\/v1\/organizations\/kobarid"},"office_holders":[{"person":{"name":"Luka \u0160avli","slug":"luka-savli"},"office":"Ob\u010dinski svetnik","office_code":"local_councillor","role_detail":"izvoljen z liste Lista Marko Matajurc \"za vodo\"","organization":{"name":"Kobarid","slug":"kobarid"},"since":"2022-11-20","since_precision":"inferred","until":null,"status":"elected","current":true,"sources":[{"authority":"Dr\u017eavna volilna komisija","url":"https:\/\/www.dvk-rs.si\/arhivi\/volitve2022\/lv2022\/data\/prvikrog\/obcine-data\/data_046.json"}]},{"person":{"name":"Tina Sivec Mateli\u010d","slug":"tina-sivec-matelic"},"office":"Ob\u010dinski svetnik","office_code":"local_councillor","role_detail":"izvoljen z liste Lista Marko Matajurc \"za vodo\"","organization":{"name":"Kobarid","slug":"kobarid"},"since":"2022-11-20","since_precision":"inferred","until":null,"status":"elected","current":true,"sources":[{"authority":"Dr\u017eavna volilna komisija","url":"https:\/\/www.dvk-rs.si\/arhivi\/volitve2022\/lv2022\/data\/prvikrog\/obcine-data\/data_046.json"}]},{"person":{"name":"Marko Matajurc","slug":"marko-matajurc"},"office":"Ob\u010dinski svetnik","office_code":"local_councillor","role_detail":"izvoljen z liste Lista Marko Matajurc \"za vodo\"","organization":{"name":"Kobarid","slug":"kobarid"},"since":"2022-11-20","since_precision":"inferred","until":null,"status":"elected","current":true,"sources":[{"authority":"Dr\u017eavna volilna komisija","url":"https:\/\/www.dvk-rs.si\/arhivi\/volitve2022\/lv2022\/data\/prvikrog\/obcine-data\/data_046.json"}]},{"person":{"name":"Darko Smrekar","slug":"darko-smrekar"},"office":"Ob\u010dinski svetnik","office_code":"local_councillor","role_detail":"izvoljen z liste Neodvisna lista Darko Smrekar - Smrk in prijatelji","organization":{"name":"Kobarid","slug":"kobarid"},"since":"2022-11-20","since_precision":"inferred","until":null,"status":"elected","current":true,"sources":[{"authority":"Dr\u017eavna volilna komisija","url":"https:\/\/www.dvk-rs.si\/arhivi\/volitve2022\/lv2022\/data\/prvikrog\/obcine-data\/data_046.json"}]},{"person":{"name":"Bruno Grosar","slug":"bruno-grosar"},"office":"Ob\u010dinski svetnik","office_code":"local_councillor","role_detail":"izvoljen z liste SLOVENSKA DEMOKRATSKA STRANKA","organization":{"name":"Kobarid","slug":"kobarid"},"since":"2022-11-20","since_precision":"inferred","until":null,"status":"elected","current":true,"sources":[{"authority":"Dr\u017eavna volilna komisija","url":"https:\/\/www.dvk-rs.si\/arhivi\/volitve2022\/lv2022\/data\/prvikrog\/obcine-data\/data_046.json"}]},{"person":{"name":"Darko Kurin\u010di\u010d","slug":"darko-kurincic"},"office":"Ob\u010dinski svetnik","office_code":"local_councillor","role_detail":"izvoljen z liste SLOVENSKA DEMOKRATSKA STRANKA","organization":{"name":"Kobarid","slug":"kobarid"},"since":"2022-11-20","since_precision":"inferred","until":null,"status":"elected","current":true,"sources":[{"authority":"Dr\u017eavna volilna komisija","url":"https:\/\/www.dvk-rs.si\/arhivi\/volitve2022\/lv2022\/data\/prvikrog\/obcine-data\/data_046.json"}]},{"person":{"name":"Darko Rosi\u010d","slug":"darko-rosic"},"office":"Ob\u010dinski svetnik","office_code":"local_councillor","role_detail":"izvoljen z liste SLOVENSKA DEMOKRATSKA STRANKA","organization":{"name":"Kobarid","slug":"kobarid"},"since":"2022-11-20","since_precision":"inferred","until":null,"status":"elected","current":true,"sources":[{"authority":"Dr\u017eavna volilna komisija","url":"https:\/\/www.dvk-rs.si\/arhivi\/volitve2022\/lv2022\/data\/prvikrog\/obcine-data\/data_046.json"}]},{"person":{"name":"Branko Veli\u0161\u010dek","slug":"branko-veliscek"},"office":"Ob\u010dinski svetnik","office_code":"local_councillor","role_detail":"izvoljen z liste SOCIALNI DEMOKRATI","organization":{"name":"Kobarid","slug":"kobarid"},"since":"2022-11-20","since_precision":"inferred","until":null,"status":"elected","current":true,"sources":[{"authority":"Dr\u017eavna volilna komisija","url":"https:\/\/www.dvk-rs.si\/arhivi\/volitve2022\/lv2022\/data\/prvikrog\/obcine-data\/data_046.json"}]},{"person":{"name":"Patrik Likar","slug":"patrik-likar"},"office":"Ob\u010dinski svetnik","office_code":"local_councillor","role_detail":"izvoljen z liste NOVA SLOVENIJA - KR\u0160\u010cANSKI DEMOKRATI","organization":{"name":"Kobarid","slug":"kobarid"},"since":"2022-11-20","since_precision":"inferred","until":null,"status":"elected","current":true,"sources":[{"authority":"Dr\u017eavna volilna komisija","url":"https:\/\/www.dvk-rs.si\/arhivi\/volitve2022\/lv2022\/data\/prvikrog\/obcine-data\/data_046.json"}]},{"person":{"name":"Pavel Sivec","slug":"pavel-sivec"},"office":"Ob\u010dinski svetnik","office_code":"local_councillor","role_detail":"izvoljen z liste NOVA SLOVENIJA - KR\u0160\u010cANSKI DEMOKRATI","organization":{"name":"Kobarid","slug":"kobarid"},"since":"2022-11-20","since_precision":"inferred","until":null,"status":"elected","current":true,"sources":[{"authority":"Dr\u017eavna volilna komisija","url":"https:\/\/www.dvk-rs.si\/arhivi\/volitve2022\/lv2022\/data\/prvikrog\/obcine-data\/data_046.json"}]},{"person":{"name":"Marijan Medve\u0161","slug":"marijan-medves"},"office":"Ob\u010dinski svetnik","office_code":"local_councillor","role_detail":"izvoljen z liste SLOVENSKA LJUDSKA STRANKA","organization":{"name":"Kobarid","slug":"kobarid"},"since":"2022-11-20","since_precision":"inferred","until":null,"status":"elected","current":true,"sources":[{"authority":"Dr\u017eavna volilna komisija","url":"https:\/\/www.dvk-rs.si\/arhivi\/volitve2022\/lv2022\/data\/prvikrog\/obcine-data\/data_046.json"}]},{"person":{"name":"Sre\u010dko Ga\u0161perut","slug":"srecko-gasperut"},"office":"Ob\u010dinski svetnik","office_code":"local_councillor","role_detail":"izvoljen z liste SLOVENSKA LJUDSKA STRANKA","organization":{"name":"Kobarid","slug":"kobarid"},"since":"2022-11-20","since_precision":"inferred","until":null,"status":"elected","current":true,"sources":[{"authority":"Dr\u017eavna volilna komisija","url":"https:\/\/www.dvk-rs.si\/arhivi\/volitve2022\/lv2022\/data\/prvikrog\/obcine-data\/data_046.json"}]},{"person":{"name":"Mateja Urban\u010di\u010d","slug":"mateja-urbancic"},"office":"Ob\u010dinski svetnik","office_code":"local_councillor","role_detail":"izvoljen z liste SLOVENSKA LJUDSKA STRANKA","organization":{"name":"Kobarid","slug":"kobarid"},"since":"2022-11-20","since_precision":"inferred","until":null,"status":"elected","current":true,"sources":[{"authority":"Dr\u017eavna volilna komisija","url":"https:\/\/www.dvk-rs.si\/arhivi\/volitve2022\/lv2022\/data\/prvikrog\/obcine-data\/data_046.json"}]},{"person":{"name":"Marko Miklavi\u010d","slug":"marko-miklavic"},"office":"Ob\u010dinski svetnik","office_code":"local_councillor","role_detail":"izvoljen z liste SLOVENSKA LJUDSKA STRANKA","organization":{"name":"Kobarid","slug":"kobarid"},"since":"2022-11-20","since_precision":"inferred","until":null,"status":"elected","current":true,"sources":[{"authority":"Dr\u017eavna volilna komisija","url":"https:\/\/www.dvk-rs.si\/arhivi\/volitve2022\/lv2022\/data\/prvikrog\/obcine-data\/data_046.json"}]},{"person":{"name":"Marijan \u010cebokli","slug":"marijan-cebokli"},"office":"Ob\u010dinski svetnik","office_code":"local_councillor","role_detail":"izvoljen z liste Lista Roberta Kav\u010di\u010da","organization":{"name":"Kobarid","slug":"kobarid"},"since":"2022-11-20","since_precision":"inferred","until":null,"status":"elected","current":true,"sources":[{"authority":"Dr\u017eavna volilna komisija","url":"https:\/\/www.dvk-rs.si\/arhivi\/volitve2022\/lv2022\/data\/prvikrog\/obcine-data\/data_046.json"}]},{"person":{"name":"Erika Tuta","slug":"erika-tuta"},"office":"Ob\u010dinski svetnik","office_code":"local_councillor","role_detail":"izvoljen z liste GIBANJE SVOBODA","organization":{"name":"Kobarid","slug":"kobarid"},"since":"2022-11-20","since_precision":"inferred","until":null,"status":"elected","current":true,"sources":[{"authority":"Dr\u017eavna volilna komisija","url":"https:\/\/www.dvk-rs.si\/arhivi\/volitve2022\/lv2022\/data\/prvikrog\/obcine-data\/data_046.json"}]},{"person":{"name":"Marko Matajurc","slug":"marko-matajurc"},"office":"\u017dupan","office_code":"mayor","role_detail":null,"organization":{"name":"Kobarid","slug":"kobarid"},"since":"2022-11-20","since_precision":"inferred","until":null,"status":"elected","current":true,"sources":[{"authority":"Dr\u017eavna volilna komisija","url":"https:\/\/www.dvk-rs.si\/arhivi\/volitve2022\/lv2022\/data\/ostale_obcine.json"}]}],"children":[{"slug":"krajevna-skupnost-borjana-podbela","name":"Krajevna Skupnost Borjana-Podbela","type":"local_community","body_type":null},{"slug":"krajevna-skupnost-breginj","name":"Krajevna Skupnost Breginj","type":"local_community","body_type":null},{"slug":"krajevna-skupnost-dreznica","name":"Krajevna Skupnost Dre\u017enica","type":"local_community","body_type":null},{"slug":"krajevna-skupnost-idrsko-mlinsko","name":"Krajevna Skupnost Idrsko - Mlinsko","type":"local_community","body_type":null},{"slug":"krajevna-skupnost-kobarid","name":"Krajevna Skupnost Kobarid","type":"local_community","body_type":null},{"slug":"krajevna-skupnost-kred-staro-selo","name":"Krajevna Skupnost Kred-Staro Selo","type":"local_community","body_type":null},{"slug":"krajevna-skupnost-ladra-smast-libusnje","name":"Krajevna Skupnost Ladra - Smast - Libu\u0161nje","type":"local_community","body_type":null},{"slug":"krajevna-skupnost-livek","name":"Krajevna Skupnost Livek","type":"local_community","body_type":null},{"slug":"krajevna-skupnost-trnovo-ob-soci","name":"Krajevna Skupnost Trnovo Ob So\u010di","type":"local_community","body_type":null},{"slug":"krajevna-skupnost-vrsno-krn","name":"Krajevna Skupnost Vrsno - Krn","type":"local_community","body_type":null},{"slug":"osnovna-sola-simona-gregorcica-kobarid","name":"Osnovna \u0160ola Simona Gregor\u010di\u010da Kobarid","type":"public_institute","body_type":null}]}

Občina

Župan

Luka Šavli

Občinski svetnik

Državna volilna komisija

Tina Sivec Matelič

Darko Kurinčič

Darko Rosič

Branko Velišček

izvoljen z liste NOVA SLOVENIJA - KRŠČANSKI DEMOKRATI

Marijan Medveš

Srečko Gašperut

Mateja Urbančič

Marko Miklavič

Marijan Čebokli

izvoljen z liste Lista Roberta Kavčiča

Krajevna Skupnost Drežnica

Krajevna Skupnost Ladra - Smast - Libušnje

Krajevna Skupnost Trnovo Ob Soči

Osnovna Šola Simona Gregorčiča Kobarid
