{"data":{"slug":"komen","name":"Komen","type":"municipality","type_label":"Ob\u010dina","body_type":null,"parent":null,"website":null,"phone":null,"address":"Komen 086, 6223 KOMEN","email":"obcina@komen.si","leader":{"name":"Erik Modic","person_slug":"erik-modic","office":"\u017dupan","office_code":"mayor","since":"2022-11-20"},"image":null,"sources":[],"url":"https:\/\/kdo-vodi.si\/organ\/komen","api_url":"https:\/\/kdo-vodi.si\/api\/v1\/organizations\/komen"},"office_holders":[{"person":{"name":"Dunja Peric","slug":"dunja-peric"},"office":"Ob\u010dinski svetnik","office_code":"local_councillor","role_detail":"izvoljen z liste LISTA ZA PRIHODNOST NA\u0160IH OTROK","organization":{"name":"Komen","slug":"komen"},"since":"2022-11-20","since_precision":"inferred","until":null,"status":"elected","current":true,"sources":[{"authority":"Dr\u017eavna volilna komisija","url":"https:\/\/www.dvk-rs.si\/arhivi\/volitve2022\/lv2022\/data\/prvikrog\/obcine-data\/data_049.json"}]},{"person":{"name":"Adrijana Konjedi\u010d","slug":"adrijana-konjedic"},"office":"Ob\u010dinski svetnik","office_code":"local_councillor","role_detail":"izvoljen z liste SVE\u017d KRA\u0160KI VETER","organization":{"name":"Komen","slug":"komen"},"since":"2022-11-20","since_precision":"inferred","until":null,"status":"elected","current":true,"sources":[{"authority":"Dr\u017eavna volilna komisija","url":"https:\/\/www.dvk-rs.si\/arhivi\/volitve2022\/lv2022\/data\/prvikrog\/obcine-data\/data_049.json"}]},{"person":{"name":"Urban Grmek Masi\u010d","slug":"urban-grmek-masic"},"office":"Ob\u010dinski svetnik","office_code":"local_councillor","role_detail":"izvoljen z liste SVE\u017d KRA\u0160KI VETER","organization":{"name":"Komen","slug":"komen"},"since":"2022-11-20","since_precision":"inferred","until":null,"status":"elected","current":true,"sources":[{"authority":"Dr\u017eavna volilna komisija","url":"https:\/\/www.dvk-rs.si\/arhivi\/volitve2022\/lv2022\/data\/prvikrog\/obcine-data\/data_049.json"}]},{"person":{"name":"Alenka Tav\u010dar","slug":"alenka-tavcar"},"office":"Ob\u010dinski svetnik","office_code":"local_councillor","role_detail":"izvoljen z liste SVE\u017d KRA\u0160KI VETER","organization":{"name":"Komen","slug":"komen"},"since":"2022-11-20","since_precision":"inferred","until":null,"status":"elected","current":true,"sources":[{"authority":"Dr\u017eavna volilna komisija","url":"https:\/\/www.dvk-rs.si\/arhivi\/volitve2022\/lv2022\/data\/prvikrog\/obcine-data\/data_049.json"}]},{"person":{"name":"David Zega","slug":"david-zega"},"office":"Ob\u010dinski svetnik","office_code":"local_councillor","role_detail":"izvoljen z liste SVE\u017d KRA\u0160KI VETER","organization":{"name":"Komen","slug":"komen"},"since":"2022-11-20","since_precision":"inferred","until":null,"status":"elected","current":true,"sources":[{"authority":"Dr\u017eavna volilna komisija","url":"https:\/\/www.dvk-rs.si\/arhivi\/volitve2022\/lv2022\/data\/prvikrog\/obcine-data\/data_049.json"}]},{"person":{"name":"Metka Zver","slug":"metka-zver"},"office":"Ob\u010dinski svetnik","office_code":"local_councillor","role_detail":"izvoljen z liste GIBANJE SVOBODA","organization":{"name":"Komen","slug":"komen"},"since":"2022-11-20","since_precision":"inferred","until":null,"status":"elected","current":true,"sources":[{"authority":"Dr\u017eavna volilna komisija","url":"https:\/\/www.dvk-rs.si\/arhivi\/volitve2022\/lv2022\/data\/prvikrog\/obcine-data\/data_049.json"}]},{"person":{"name":"Bojan \u017dlebnik","slug":"bojan-zlebnik"},"office":"Ob\u010dinski svetnik","office_code":"local_councillor","role_detail":"izvoljen z liste GIBANJE SVOBODA","organization":{"name":"Komen","slug":"komen"},"since":"2022-11-20","since_precision":"inferred","until":null,"status":"elected","current":true,"sources":[{"authority":"Dr\u017eavna volilna komisija","url":"https:\/\/www.dvk-rs.si\/arhivi\/volitve2022\/lv2022\/data\/prvikrog\/obcine-data\/data_049.json"}]},{"person":{"name":"Marko Bandelli","slug":"marko-bandelli"},"office":"Ob\u010dinski svetnik","office_code":"local_councillor","role_detail":"izvoljen z liste LISTA MARKA BANDELLIJA","organization":{"name":"Komen","slug":"komen"},"since":"2022-11-20","since_precision":"inferred","until":null,"status":"elected","current":true,"sources":[{"authority":"Dr\u017eavna volilna komisija","url":"https:\/\/www.dvk-rs.si\/arhivi\/volitve2022\/lv2022\/data\/prvikrog\/obcine-data\/data_049.json"}]},{"person":{"name":"Ivo Kobal","slug":"ivo-kobal"},"office":"Ob\u010dinski svetnik","office_code":"local_councillor","role_detail":"izvoljen z liste NOVA SLOVENIJA - KR\u0160\u010cANSKI DEMOKRATI","organization":{"name":"Komen","slug":"komen"},"since":"2022-11-20","since_precision":"inferred","until":null,"status":"elected","current":true,"sources":[{"authority":"Dr\u017eavna volilna komisija","url":"https:\/\/www.dvk-rs.si\/arhivi\/volitve2022\/lv2022\/data\/prvikrog\/obcine-data\/data_049.json"}]},{"person":{"name":"Stojan Kosmina","slug":"stojan-kosmina"},"office":"Ob\u010dinski svetnik","office_code":"local_councillor","role_detail":"izvoljen z liste LEVICA","organization":{"name":"Komen","slug":"komen"},"since":"2022-11-20","since_precision":"inferred","until":null,"status":"elected","current":true,"sources":[{"authority":"Dr\u017eavna volilna komisija","url":"https:\/\/www.dvk-rs.si\/arhivi\/volitve2022\/lv2022\/data\/prvikrog\/obcine-data\/data_049.json"}]},{"person":{"name":"Damjan Grmek","slug":"damjan-grmek"},"office":"Ob\u010dinski svetnik","office_code":"local_councillor","role_detail":"izvoljen z liste ZVEZA ZA PRIMORSKO-ZZP","organization":{"name":"Komen","slug":"komen"},"since":"2022-11-20","since_precision":"inferred","until":null,"status":"elected","current":true,"sources":[{"authority":"Dr\u017eavna volilna komisija","url":"https:\/\/www.dvk-rs.si\/arhivi\/volitve2022\/lv2022\/data\/prvikrog\/obcine-data\/data_049.json"}]},{"person":{"name":"Jo\u017eef Strnad","slug":"jozef-strnad"},"office":"Ob\u010dinski svetnik","office_code":"local_councillor","role_detail":"izvoljen z liste SLOVENSKA DEMOKRATSKA STRANKA - SDS","organization":{"name":"Komen","slug":"komen"},"since":"2022-11-20","since_precision":"inferred","until":null,"status":"elected","current":true,"sources":[{"authority":"Dr\u017eavna volilna komisija","url":"https:\/\/www.dvk-rs.si\/arhivi\/volitve2022\/lv2022\/data\/prvikrog\/obcine-data\/data_049.json"}]},{"person":{"name":"Goran \u017divec","slug":"goran-zivec"},"office":"Ob\u010dinski svetnik","office_code":"local_councillor","role_detail":"izvoljen z liste SLOVENSKA DEMOKRATSKA STRANKA - SDS","organization":{"name":"Komen","slug":"komen"},"since":"2022-11-20","since_precision":"inferred","until":null,"status":"elected","current":true,"sources":[{"authority":"Dr\u017eavna volilna komisija","url":"https:\/\/www.dvk-rs.si\/arhivi\/volitve2022\/lv2022\/data\/prvikrog\/obcine-data\/data_049.json"}]},{"person":{"name":"Erik Modic","slug":"erik-modic"},"office":"\u017dupan","office_code":"mayor","role_detail":null,"organization":{"name":"Komen","slug":"komen"},"since":"2022-11-20","since_precision":"inferred","until":null,"status":"elected","current":true,"sources":[{"authority":"Dr\u017eavna volilna komisija","url":"https:\/\/www.dvk-rs.si\/arhivi\/volitve2022\/lv2022\/data\/ostale_obcine.json"}]}],"children":[{"slug":"osnovna-sola-antona-sibelja-stjenka-komen","name":"Osnovna \u0160ola Antona \u0160ibelja-Stjenka Komen","type":"public_institute","body_type":null}]}

Občina

Župan

Občinski svetnik

izvoljen z liste LISTA ZA PRIHODNOST NAŠIH OTROK

Državna volilna komisija

Adrijana Konjedič

izvoljen z liste SVEŽ KRAŠKI VETER

Urban Grmek Masič

Alenka Tavčar

Bojan Žlebnik

izvoljen z liste NOVA SLOVENIJA - KRŠČANSKI DEMOKRATI

Jožef Strnad

Goran Živec

Osnovna Šola Antona Šibelja-Stjenka Komen
