{"data":{"slug":"kranjska-gora","name":"Kranjska Gora","type":"municipality","type_label":"Ob\u010dina","body_type":null,"parent":null,"website":null,"phone":null,"address":"Kolodvorska ulica 001 B, 4280 KRANJSKA GORA","email":"obcina@kranjska-gora.si","leader":{"name":"Henrika Zupan","person_slug":"henrika-zupan","office":"\u017dupan","office_code":"mayor","since":"2022-12-04"},"image":{"url":"https:\/\/commons.wikimedia.org\/wiki\/Special:FilePath\/Coat_of_arms_of_Kranjska_Gora.png","attribution":"Wikimedia Commons","source":"https:\/\/commons.wikimedia.org\/wiki\/Special:FilePath\/Coat_of_arms_of_Kranjska_Gora.png","hosted":false},"sources":[],"url":"https:\/\/kdo-vodi.si\/organ\/kranjska-gora","api_url":"https:\/\/kdo-vodi.si\/api\/v1\/organizations\/kranjska-gora"},"office_holders":[{"person":{"name":"Ena Girandon","slug":"ena-girandon"},"office":"Ob\u010dinski svetnik","office_code":"local_councillor","role_detail":"izvoljen z liste GIBANJE SVOBODA","organization":{"name":"Kranjska Gora","slug":"kranjska-gora"},"since":"2022-11-20","since_precision":"inferred","until":null,"status":"elected","current":true,"sources":[{"authority":"Dr\u017eavna volilna komisija","url":"https:\/\/www.dvk-rs.si\/arhivi\/volitve2022\/lv2022\/data\/prvikrog\/obcine-data\/data_053.json"}]},{"person":{"name":"Bla\u017e Knific","slug":"blaz-knific"},"office":"Ob\u010dinski svetnik","office_code":"local_councillor","role_detail":"izvoljen z liste Lista Bla\u017ea Knifica","organization":{"name":"Kranjska Gora","slug":"kranjska-gora"},"since":"2022-11-20","since_precision":"inferred","until":null,"status":"elected","current":true,"sources":[{"authority":"Dr\u017eavna volilna komisija","url":"https:\/\/www.dvk-rs.si\/arhivi\/volitve2022\/lv2022\/data\/prvikrog\/obcine-data\/data_053.json"}]},{"person":{"name":"Klavdija Gomboc","slug":"klavdija-gomboc"},"office":"Ob\u010dinski svetnik","office_code":"local_councillor","role_detail":"izvoljen z liste Zgornjesavci za Zgornjesavce","organization":{"name":"Kranjska Gora","slug":"kranjska-gora"},"since":"2022-11-20","since_precision":"inferred","until":null,"status":"elected","current":true,"sources":[{"authority":"Dr\u017eavna volilna komisija","url":"https:\/\/www.dvk-rs.si\/arhivi\/volitve2022\/lv2022\/data\/prvikrog\/obcine-data\/data_053.json"}]},{"person":{"name":"Sonja Kavalar","slug":"sonja-kavalar"},"office":"Ob\u010dinski svetnik","office_code":"local_councillor","role_detail":"izvoljen z liste SLOVENSKA DEMOKRATSKA STRANKA","organization":{"name":"Kranjska Gora","slug":"kranjska-gora"},"since":"2022-11-20","since_precision":"inferred","until":null,"status":"elected","current":true,"sources":[{"authority":"Dr\u017eavna volilna komisija","url":"https:\/\/www.dvk-rs.si\/arhivi\/volitve2022\/lv2022\/data\/prvikrog\/obcine-data\/data_053.json"}]},{"person":{"name":"Bogdan Jan\u0161a","slug":"bogdan-jansa"},"office":"Ob\u010dinski svetnik","office_code":"local_councillor","role_detail":"izvoljen z liste SLOVENSKA DEMOKRATSKA STRANKA","organization":{"name":"Kranjska Gora","slug":"kranjska-gora"},"since":"2022-11-20","since_precision":"inferred","until":null,"status":"elected","current":true,"sources":[{"authority":"Dr\u017eavna volilna komisija","url":"https:\/\/www.dvk-rs.si\/arhivi\/volitve2022\/lv2022\/data\/prvikrog\/obcine-data\/data_053.json"}]},{"person":{"name":"Polonca Ba\u010dnar","slug":"polonca-bacnar"},"office":"Ob\u010dinski svetnik","office_code":"local_councillor","role_detail":"izvoljen z liste \u017divimo v dolini","organization":{"name":"Kranjska Gora","slug":"kranjska-gora"},"since":"2022-11-20","since_precision":"inferred","until":null,"status":"elected","current":true,"sources":[{"authority":"Dr\u017eavna volilna komisija","url":"https:\/\/www.dvk-rs.si\/arhivi\/volitve2022\/lv2022\/data\/prvikrog\/obcine-data\/data_053.json"}]},{"person":{"name":"Jernej Legat","slug":"jernej-legat"},"office":"Ob\u010dinski svetnik","office_code":"local_councillor","role_detail":"izvoljen z liste \u017divimo v dolini","organization":{"name":"Kranjska Gora","slug":"kranjska-gora"},"since":"2022-11-20","since_precision":"inferred","until":null,"status":"elected","current":true,"sources":[{"authority":"Dr\u017eavna volilna komisija","url":"https:\/\/www.dvk-rs.si\/arhivi\/volitve2022\/lv2022\/data\/prvikrog\/obcine-data\/data_053.json"}]},{"person":{"name":"Eva Macun","slug":"eva-macun"},"office":"Ob\u010dinski svetnik","office_code":"local_councillor","role_detail":"izvoljen z liste \u017divimo v dolini","organization":{"name":"Kranjska Gora","slug":"kranjska-gora"},"since":"2022-11-20","since_precision":"inferred","until":null,"status":"elected","current":true,"sources":[{"authority":"Dr\u017eavna volilna komisija","url":"https:\/\/www.dvk-rs.si\/arhivi\/volitve2022\/lv2022\/data\/prvikrog\/obcine-data\/data_053.json"}]},{"person":{"name":"Toma\u017e Petrovi\u010d","slug":"tomaz-petrovic"},"office":"Ob\u010dinski svetnik","office_code":"local_councillor","role_detail":"izvoljen z liste \u017divimo v dolini","organization":{"name":"Kranjska Gora","slug":"kranjska-gora"},"since":"2022-11-20","since_precision":"inferred","until":null,"status":"elected","current":true,"sources":[{"authority":"Dr\u017eavna volilna komisija","url":"https:\/\/www.dvk-rs.si\/arhivi\/volitve2022\/lv2022\/data\/prvikrog\/obcine-data\/data_053.json"}]},{"person":{"name":"Henrika Zupan","slug":"henrika-zupan"},"office":"Ob\u010dinski svetnik","office_code":"local_councillor","role_detail":"izvoljen z liste \u017divimo v dolini","organization":{"name":"Kranjska Gora","slug":"kranjska-gora"},"since":"2022-11-20","since_precision":"inferred","until":null,"status":"elected","current":true,"sources":[{"authority":"Dr\u017eavna volilna komisija","url":"https:\/\/www.dvk-rs.si\/arhivi\/volitve2022\/lv2022\/data\/prvikrog\/obcine-data\/data_053.json"}]},{"person":{"name":"Uro\u0161 Kopavnik","slug":"uros-kopavnik"},"office":"Ob\u010dinski svetnik","office_code":"local_councillor","role_detail":"izvoljen z liste NOVA SLOVENIJA - KR\u0160\u010cANSKI DEMOKRATI","organization":{"name":"Kranjska Gora","slug":"kranjska-gora"},"since":"2022-11-20","since_precision":"inferred","until":null,"status":"elected","current":true,"sources":[{"authority":"Dr\u017eavna volilna komisija","url":"https:\/\/www.dvk-rs.si\/arhivi\/volitve2022\/lv2022\/data\/prvikrog\/obcine-data\/data_053.json"}]},{"person":{"name":"Branislava Vovk","slug":"branislava-vovk"},"office":"Ob\u010dinski svetnik","office_code":"local_councillor","role_detail":"izvoljen z liste Alpska lista","organization":{"name":"Kranjska Gora","slug":"kranjska-gora"},"since":"2022-11-20","since_precision":"inferred","until":null,"status":"elected","current":true,"sources":[{"authority":"Dr\u017eavna volilna komisija","url":"https:\/\/www.dvk-rs.si\/arhivi\/volitve2022\/lv2022\/data\/prvikrog\/obcine-data\/data_053.json"}]},{"person":{"name":"Bla\u017e Lavti\u017ear","slug":"blaz-lavtizar"},"office":"Ob\u010dinski svetnik","office_code":"local_councillor","role_detail":"izvoljen z liste Alpska lista","organization":{"name":"Kranjska Gora","slug":"kranjska-gora"},"since":"2022-11-20","since_precision":"inferred","until":null,"status":"elected","current":true,"sources":[{"authority":"Dr\u017eavna volilna komisija","url":"https:\/\/www.dvk-rs.si\/arhivi\/volitve2022\/lv2022\/data\/prvikrog\/obcine-data\/data_053.json"}]},{"person":{"name":"Tja\u0161a Prusnik","slug":"tjasa-prusnik"},"office":"Ob\u010dinski svetnik","office_code":"local_councillor","role_detail":"izvoljen z liste Alpska lista","organization":{"name":"Kranjska Gora","slug":"kranjska-gora"},"since":"2022-11-20","since_precision":"inferred","until":null,"status":"elected","current":true,"sources":[{"authority":"Dr\u017eavna volilna komisija","url":"https:\/\/www.dvk-rs.si\/arhivi\/volitve2022\/lv2022\/data\/prvikrog\/obcine-data\/data_053.json"}]},{"person":{"name":"Bla\u017e Veber","slug":"blaz-veber"},"office":"Ob\u010dinski svetnik","office_code":"local_councillor","role_detail":"izvoljen z liste Alpska lista","organization":{"name":"Kranjska Gora","slug":"kranjska-gora"},"since":"2022-11-20","since_precision":"inferred","until":null,"status":"elected","current":true,"sources":[{"authority":"Dr\u017eavna volilna komisija","url":"https:\/\/www.dvk-rs.si\/arhivi\/volitve2022\/lv2022\/data\/prvikrog\/obcine-data\/data_053.json"}]},{"person":{"name":"Franci Kora\u017eija","slug":"franci-korazija"},"office":"Ob\u010dinski svetnik","office_code":"local_councillor","role_detail":"izvoljen z liste SOCIALNI DEMOKRATI","organization":{"name":"Kranjska Gora","slug":"kranjska-gora"},"since":"2022-11-20","since_precision":"inferred","until":null,"status":"elected","current":true,"sources":[{"authority":"Dr\u017eavna volilna komisija","url":"https:\/\/www.dvk-rs.si\/arhivi\/volitve2022\/lv2022\/data\/prvikrog\/obcine-data\/data_053.json"}]},{"person":{"name":"Henrika Zupan","slug":"henrika-zupan"},"office":"\u017dupan","office_code":"mayor","role_detail":null,"organization":{"name":"Kranjska Gora","slug":"kranjska-gora"},"since":"2022-12-04","since_precision":"inferred","until":null,"status":"elected","current":true,"sources":[{"authority":"Dr\u017eavna volilna komisija","url":"https:\/\/www.dvk-rs.si\/arhivi\/volitve2022\/lv2022\/data\/drugi_krog.json"}]}],"children":[{"slug":"osnovna-sola-16-decembra-mojstrana","name":"Osnovna \u0160ola 16. Decembra Mojstrana","type":"public_institute","body_type":null},{"slug":"osnovna-sola-josipa-vandota-kranjska-gora","name":"Osnovna \u0160ola Josipa Vandota Kranjska Gora","type":"public_institute","body_type":null},{"slug":"turizem-kranjska-gora","name":"Turizem Kranjska Gora","type":"public_institute","body_type":null}]}

Občina

Župan

Občinski svetnik

Državna volilna komisija

Blaž Knific

izvoljen z liste Lista Blaža Knifica

Bogdan Janša

Polonca Bačnar

izvoljen z liste Živimo v dolini

Tomaž Petrovič

Uroš Kopavnik

izvoljen z liste NOVA SLOVENIJA - KRŠČANSKI DEMOKRATI

Blaž Lavtižar

Tjaša Prusnik

Blaž Veber

Franci Koražija

Osnovna Šola 16. Decembra Mojstrana

Osnovna Šola Josipa Vandota Kranjska Gora
