{"data":{"slug":"krizevci","name":"Kri\u017eevci","type":"municipality","type_label":"Ob\u010dina","body_type":null,"parent":null,"website":null,"phone":null,"address":"Kri\u017eevci pri Ljutomeru 011, 9242 KRI\u017dEVCI PRI LJUTOMERU","email":"info@obcina-krizevci.si","leader":{"name":"Branko Slavinec","person_slug":"branko-slavinec","office":"\u017dupan","office_code":"mayor","since":"2022-11-20"},"image":{"url":"https:\/\/commons.wikimedia.org\/wiki\/Special:FilePath\/Cropped-grb-krizevci-512-300x300.png","attribution":"Wikimedia Commons","source":"https:\/\/commons.wikimedia.org\/wiki\/Special:FilePath\/Cropped-grb-krizevci-512-300x300.png","hosted":false},"sources":[],"url":"https:\/\/kdo-vodi.si\/organ\/krizevci","api_url":"https:\/\/kdo-vodi.si\/api\/v1\/organizations\/krizevci"},"office_holders":[{"person":{"name":"Marta Juter\u0161a","slug":"marta-jutersa"},"office":"Ob\u010dinski svetnik","office_code":"local_councillor","role_detail":"izvoljen z liste SLOVENSKA LJUDSKA STRANKA","organization":{"name":"Kri\u017eevci","slug":"krizevci"},"since":"2022-11-20","since_precision":"inferred","until":null,"status":"elected","current":true,"sources":[{"authority":"Dr\u017eavna volilna komisija","url":"https:\/\/www.dvk-rs.si\/arhivi\/volitve2022\/lv2022\/data\/prvikrog\/obcine-data\/data_166.json"}]},{"person":{"name":"Bogomir Gaberc","slug":"bogomir-gaberc"},"office":"Ob\u010dinski svetnik","office_code":"local_councillor","role_detail":"izvoljen z liste SLOVENSKA LJUDSKA STRANKA","organization":{"name":"Kri\u017eevci","slug":"krizevci"},"since":"2022-11-20","since_precision":"inferred","until":null,"status":"elected","current":true,"sources":[{"authority":"Dr\u017eavna volilna komisija","url":"https:\/\/www.dvk-rs.si\/arhivi\/volitve2022\/lv2022\/data\/prvikrog\/obcine-data\/data_166.json"}]},{"person":{"name":"Hermina Vrbanj\u0161ak","slug":"hermina-vrbanjsak"},"office":"Ob\u010dinski svetnik","office_code":"local_councillor","role_detail":"izvoljen z liste SLOVENSKA DEMOKRATSKA STRANKA","organization":{"name":"Kri\u017eevci","slug":"krizevci"},"since":"2022-11-20","since_precision":"inferred","until":null,"status":"elected","current":true,"sources":[{"authority":"Dr\u017eavna volilna komisija","url":"https:\/\/www.dvk-rs.si\/arhivi\/volitve2022\/lv2022\/data\/prvikrog\/obcine-data\/data_166.json"}]},{"person":{"name":"Danijel Lesni\u010dar","slug":"danijel-lesnicar"},"office":"Ob\u010dinski svetnik","office_code":"local_councillor","role_detail":"izvoljen z liste SOCIALNI DEMOKRATI","organization":{"name":"Kri\u017eevci","slug":"krizevci"},"since":"2022-11-20","since_precision":"inferred","until":null,"status":"elected","current":true,"sources":[{"authority":"Dr\u017eavna volilna komisija","url":"https:\/\/www.dvk-rs.si\/arhivi\/volitve2022\/lv2022\/data\/prvikrog\/obcine-data\/data_166.json"}]},{"person":{"name":"Ur\u0161ka Osterc","slug":"urska-osterc"},"office":"Ob\u010dinski svetnik","office_code":"local_councillor","role_detail":"izvoljen z liste SOCIALNI DEMOKRATI","organization":{"name":"Kri\u017eevci","slug":"krizevci"},"since":"2022-11-20","since_precision":"inferred","until":null,"status":"elected","current":true,"sources":[{"authority":"Dr\u017eavna volilna komisija","url":"https:\/\/www.dvk-rs.si\/arhivi\/volitve2022\/lv2022\/data\/prvikrog\/obcine-data\/data_166.json"}]},{"person":{"name":"Andrej Weis","slug":"andrej-weis"},"office":"Ob\u010dinski svetnik","office_code":"local_councillor","role_detail":"izvoljen z liste KONKRETNO","organization":{"name":"Kri\u017eevci","slug":"krizevci"},"since":"2022-11-20","since_precision":"inferred","until":null,"status":"elected","current":true,"sources":[{"authority":"Dr\u017eavna volilna komisija","url":"https:\/\/www.dvk-rs.si\/arhivi\/volitve2022\/lv2022\/data\/prvikrog\/obcine-data\/data_166.json"}]},{"person":{"name":"Jo\u017eef Duh","slug":"jozef-duh"},"office":"Ob\u010dinski svetnik","office_code":"local_councillor","role_detail":"izvoljen z liste KONKRETNO","organization":{"name":"Kri\u017eevci","slug":"krizevci"},"since":"2022-11-20","since_precision":"inferred","until":null,"status":"elected","current":true,"sources":[{"authority":"Dr\u017eavna volilna komisija","url":"https:\/\/www.dvk-rs.si\/arhivi\/volitve2022\/lv2022\/data\/prvikrog\/obcine-data\/data_166.json"}]},{"person":{"name":"Jo\u017eef Lup\u0161a","slug":"jozef-lupsa"},"office":"Ob\u010dinski svetnik","office_code":"local_councillor","role_detail":"izvoljen z liste SLOVENSKA LJUDSKA STRANKA","organization":{"name":"Kri\u017eevci","slug":"krizevci"},"since":"2022-11-20","since_precision":"inferred","until":null,"status":"elected","current":true,"sources":[{"authority":"Dr\u017eavna volilna komisija","url":"https:\/\/www.dvk-rs.si\/arhivi\/volitve2022\/lv2022\/data\/prvikrog\/obcine-data\/data_166.json"}]},{"person":{"name":"Helena Krajnc","slug":"helena-krajnc"},"office":"Ob\u010dinski svetnik","office_code":"local_councillor","role_detail":"izvoljen z liste SLOVENSKA LJUDSKA STRANKA","organization":{"name":"Kri\u017eevci","slug":"krizevci"},"since":"2022-11-20","since_precision":"inferred","until":null,"status":"elected","current":true,"sources":[{"authority":"Dr\u017eavna volilna komisija","url":"https:\/\/www.dvk-rs.si\/arhivi\/volitve2022\/lv2022\/data\/prvikrog\/obcine-data\/data_166.json"}]},{"person":{"name":"Nata\u0161a Belec","slug":"natasa-belec"},"office":"Ob\u010dinski svetnik","office_code":"local_councillor","role_detail":"izvoljen z liste SLOVENSKA DEMOKRATSKA STRANKA","organization":{"name":"Kri\u017eevci","slug":"krizevci"},"since":"2022-11-20","since_precision":"inferred","until":null,"status":"elected","current":true,"sources":[{"authority":"Dr\u017eavna volilna komisija","url":"https:\/\/www.dvk-rs.si\/arhivi\/volitve2022\/lv2022\/data\/prvikrog\/obcine-data\/data_166.json"}]},{"person":{"name":"Anton Krajnc","slug":"anton-krajnc"},"office":"Ob\u010dinski svetnik","office_code":"local_councillor","role_detail":"izvoljen z liste SOCIALNI DEMOKRATI","organization":{"name":"Kri\u017eevci","slug":"krizevci"},"since":"2022-11-20","since_precision":"inferred","until":null,"status":"elected","current":true,"sources":[{"authority":"Dr\u017eavna volilna komisija","url":"https:\/\/www.dvk-rs.si\/arhivi\/volitve2022\/lv2022\/data\/prvikrog\/obcine-data\/data_166.json"}]},{"person":{"name":"David Antolin","slug":"david-antolin"},"office":"Ob\u010dinski svetnik","office_code":"local_councillor","role_detail":"izvoljen z liste SOCIALNI DEMOKRATI","organization":{"name":"Kri\u017eevci","slug":"krizevci"},"since":"2022-11-20","since_precision":"inferred","until":null,"status":"elected","current":true,"sources":[{"authority":"Dr\u017eavna volilna komisija","url":"https:\/\/www.dvk-rs.si\/arhivi\/volitve2022\/lv2022\/data\/prvikrog\/obcine-data\/data_166.json"}]},{"person":{"name":"Simon Kapun","slug":"simon-kapun"},"office":"Ob\u010dinski svetnik","office_code":"local_councillor","role_detail":"izvoljen z liste KONKRETNO","organization":{"name":"Kri\u017eevci","slug":"krizevci"},"since":"2022-11-20","since_precision":"inferred","until":null,"status":"elected","current":true,"sources":[{"authority":"Dr\u017eavna volilna komisija","url":"https:\/\/www.dvk-rs.si\/arhivi\/volitve2022\/lv2022\/data\/prvikrog\/obcine-data\/data_166.json"}]},{"person":{"name":"Branko Slavinec","slug":"branko-slavinec"},"office":"\u017dupan","office_code":"mayor","role_detail":null,"organization":{"name":"Kri\u017eevci","slug":"krizevci"},"since":"2022-11-20","since_precision":"inferred","until":null,"status":"elected","current":true,"sources":[{"authority":"Dr\u017eavna volilna komisija","url":"https:\/\/www.dvk-rs.si\/arhivi\/volitve2022\/lv2022\/data\/ostale_obcine.json"}]}],"children":[{"slug":"osnovna-sola-krizevci","name":"Osnovna \u0160ola Kri\u017eevci","type":"public_institute","body_type":null}]}

Križevci

Občina

Križevci pri Ljutomeru 011, 9242 KRIŽEVCI PRI LJUTOMERU

Župan

Marta Juterša

Občinski svetnik

Državna volilna komisija

Hermina Vrbanjšak

Danijel Lesničar

Urška Osterc

Jožef Duh

Jožef Lupša

Nataša Belec

Osnovna Šola Križevci
