{"data":{"slug":"litija","name":"Litija","type":"municipality","type_label":"Ob\u010dina","body_type":null,"parent":null,"website":null,"phone":null,"address":"Jerebova ulica 014, 1270 LITIJA","email":"obcina.litija@litija.si","leader":{"name":"Franc Rokavec","person_slug":"franc-rokavec","office":"\u017dupan","office_code":"mayor","since":"2022-11-20"},"image":{"url":"https:\/\/commons.wikimedia.org\/wiki\/Special:FilePath\/Grb_Ob%C4%8Dine_Litija.jpg","attribution":"Wikimedia Commons","source":"https:\/\/commons.wikimedia.org\/wiki\/Special:FilePath\/Grb_Ob%C4%8Dine_Litija.jpg","hosted":false},"sources":[],"url":"https:\/\/kdo-vodi.si\/organ\/litija","api_url":"https:\/\/kdo-vodi.si\/api\/v1\/organizations\/litija"},"office_holders":[{"person":{"name":"Toma\u017e Lihtenvalner","slug":"tomaz-lihtenvalner"},"office":"Ob\u010dinski svetnik","office_code":"local_councillor","role_detail":"izvoljen z liste GIBANJE SVOBODA","organization":{"name":"Litija","slug":"litija"},"since":"2022-11-20","since_precision":"inferred","until":null,"status":"elected","current":true,"sources":[{"authority":"Dr\u017eavna volilna komisija","url":"https:\/\/www.dvk-rs.si\/arhivi\/volitve2022\/lv2022\/data\/prvikrog\/obcine-data\/data_060.json"}]},{"person":{"name":"Jo\u017eef Krnc","slug":"jozef-krnc"},"office":"Ob\u010dinski svetnik","office_code":"local_councillor","role_detail":"izvoljen z liste SLOVENSKA DEMOKRATSKA STRANKA","organization":{"name":"Litija","slug":"litija"},"since":"2022-11-20","since_precision":"inferred","until":null,"status":"elected","current":true,"sources":[{"authority":"Dr\u017eavna volilna komisija","url":"https:\/\/www.dvk-rs.si\/arhivi\/volitve2022\/lv2022\/data\/prvikrog\/obcine-data\/data_060.json"}]},{"person":{"name":"Alenka Mesojedec","slug":"alenka-mesojedec"},"office":"Ob\u010dinski svetnik","office_code":"local_councillor","role_detail":"izvoljen z liste SLOVENSKA LJUDSKA STRANKA","organization":{"name":"Litija","slug":"litija"},"since":"2022-11-20","since_precision":"inferred","until":null,"status":"elected","current":true,"sources":[{"authority":"Dr\u017eavna volilna komisija","url":"https:\/\/www.dvk-rs.si\/arhivi\/volitve2022\/lv2022\/data\/prvikrog\/obcine-data\/data_060.json"}]},{"person":{"name":"Toma\u017e Vozelj","slug":"tomaz-vozelj"},"office":"Ob\u010dinski svetnik","office_code":"local_councillor","role_detail":"izvoljen z liste SLOVENSKA LJUDSKA STRANKA","organization":{"name":"Litija","slug":"litija"},"since":"2022-11-20","since_precision":"inferred","until":null,"status":"elected","current":true,"sources":[{"authority":"Dr\u017eavna volilna komisija","url":"https:\/\/www.dvk-rs.si\/arhivi\/volitve2022\/lv2022\/data\/prvikrog\/obcine-data\/data_060.json"}]},{"person":{"name":"Irena Bosti\u010d","slug":"irena-bostic"},"office":"Ob\u010dinski svetnik","office_code":"local_councillor","role_detail":"izvoljen z liste SLOVENSKA LJUDSKA STRANKA","organization":{"name":"Litija","slug":"litija"},"since":"2022-11-20","since_precision":"inferred","until":null,"status":"elected","current":true,"sources":[{"authority":"Dr\u017eavna volilna komisija","url":"https:\/\/www.dvk-rs.si\/arhivi\/volitve2022\/lv2022\/data\/prvikrog\/obcine-data\/data_060.json"}]},{"person":{"name":"Matja\u017e Gospeti","slug":"matjaz-gospeti"},"office":"Ob\u010dinski svetnik","office_code":"local_councillor","role_detail":"izvoljen z liste SLOVENSKA DEMOKRATSKA STRANKA","organization":{"name":"Litija","slug":"litija"},"since":"2022-11-20","since_precision":"inferred","until":null,"status":"elected","current":true,"sources":[{"authority":"Dr\u017eavna volilna komisija","url":"https:\/\/www.dvk-rs.si\/arhivi\/volitve2022\/lv2022\/data\/prvikrog\/obcine-data\/data_060.json"}]},{"person":{"name":"Vida Luka\u010d","slug":"vida-lukac"},"office":"Ob\u010dinski svetnik","office_code":"local_councillor","role_detail":"izvoljen z liste GIBANJE SVOBODA","organization":{"name":"Litija","slug":"litija"},"since":"2022-11-20","since_precision":"inferred","until":null,"status":"elected","current":true,"sources":[{"authority":"Dr\u017eavna volilna komisija","url":"https:\/\/www.dvk-rs.si\/arhivi\/volitve2022\/lv2022\/data\/prvikrog\/obcine-data\/data_060.json"}]},{"person":{"name":"Milo\u0161 Kimovec","slug":"milos-kimovec"},"office":"Ob\u010dinski svetnik","office_code":"local_councillor","role_detail":"izvoljen z liste GIBANJE SVOBODA","organization":{"name":"Litija","slug":"litija"},"since":"2022-11-20","since_precision":"inferred","until":null,"status":"elected","current":true,"sources":[{"authority":"Dr\u017eavna volilna komisija","url":"https:\/\/www.dvk-rs.si\/arhivi\/volitve2022\/lv2022\/data\/prvikrog\/obcine-data\/data_060.json"}]},{"person":{"name":"Patricija Valentina Raspotnik","slug":"patricija-valentina-raspotnik"},"office":"Ob\u010dinski svetnik","office_code":"local_councillor","role_detail":"izvoljen z liste NOVA SLOVENIJA - KR\u0160\u010cANSKI DEMOKRATI","organization":{"name":"Litija","slug":"litija"},"since":"2022-11-20","since_precision":"inferred","until":null,"status":"elected","current":true,"sources":[{"authority":"Dr\u017eavna volilna komisija","url":"https:\/\/www.dvk-rs.si\/arhivi\/volitve2022\/lv2022\/data\/prvikrog\/obcine-data\/data_060.json"}]},{"person":{"name":"Marija Osolnik Bajde","slug":"marija-osolnik-bajde"},"office":"Ob\u010dinski svetnik","office_code":"local_councillor","role_detail":"izvoljen z liste SLOVENSKA LJUDSKA STRANKA","organization":{"name":"Litija","slug":"litija"},"since":"2022-11-20","since_precision":"inferred","until":null,"status":"elected","current":true,"sources":[{"authority":"Dr\u017eavna volilna komisija","url":"https:\/\/www.dvk-rs.si\/arhivi\/volitve2022\/lv2022\/data\/prvikrog\/obcine-data\/data_060.json"}]},{"person":{"name":"Franc Rokavec","slug":"franc-rokavec"},"office":"Ob\u010dinski svetnik","office_code":"local_councillor","role_detail":"izvoljen z liste SLOVENSKA LJUDSKA STRANKA","organization":{"name":"Litija","slug":"litija"},"since":"2022-11-20","since_precision":"inferred","until":null,"status":"elected","current":true,"sources":[{"authority":"Dr\u017eavna volilna komisija","url":"https:\/\/www.dvk-rs.si\/arhivi\/volitve2022\/lv2022\/data\/prvikrog\/obcine-data\/data_060.json"}]},{"person":{"name":"Sabina Rov\u0161ek","slug":"sabina-rovsek"},"office":"Ob\u010dinski svetnik","office_code":"local_councillor","role_detail":"izvoljen z liste SLOVENSKA LJUDSKA STRANKA","organization":{"name":"Litija","slug":"litija"},"since":"2022-11-20","since_precision":"inferred","until":null,"status":"elected","current":true,"sources":[{"authority":"Dr\u017eavna volilna komisija","url":"https:\/\/www.dvk-rs.si\/arhivi\/volitve2022\/lv2022\/data\/prvikrog\/obcine-data\/data_060.json"}]},{"person":{"name":"Marko Firm","slug":"marko-firm"},"office":"Ob\u010dinski svetnik","office_code":"local_councillor","role_detail":"izvoljen z liste SLOVENSKA LJUDSKA STRANKA","organization":{"name":"Litija","slug":"litija"},"since":"2022-11-20","since_precision":"inferred","until":null,"status":"elected","current":true,"sources":[{"authority":"Dr\u017eavna volilna komisija","url":"https:\/\/www.dvk-rs.si\/arhivi\/volitve2022\/lv2022\/data\/prvikrog\/obcine-data\/data_060.json"}]},{"person":{"name":"Lijana Lov\u0161e","slug":"lijana-lovse"},"office":"Ob\u010dinski svetnik","office_code":"local_councillor","role_detail":"izvoljen z liste SLOVENSKA LJUDSKA STRANKA","organization":{"name":"Litija","slug":"litija"},"since":"2022-11-20","since_precision":"inferred","until":null,"status":"elected","current":true,"sources":[{"authority":"Dr\u017eavna volilna komisija","url":"https:\/\/www.dvk-rs.si\/arhivi\/volitve2022\/lv2022\/data\/prvikrog\/obcine-data\/data_060.json"}]},{"person":{"name":"Jo\u017eica Jerin","slug":"jozica-jerin"},"office":"Ob\u010dinski svetnik","office_code":"local_councillor","role_detail":"izvoljen z liste SLOVENSKA DEMOKRATSKA STRANKA","organization":{"name":"Litija","slug":"litija"},"since":"2022-11-20","since_precision":"inferred","until":null,"status":"elected","current":true,"sources":[{"authority":"Dr\u017eavna volilna komisija","url":"https:\/\/www.dvk-rs.si\/arhivi\/volitve2022\/lv2022\/data\/prvikrog\/obcine-data\/data_060.json"}]},{"person":{"name":"Boris Doblekar","slug":"boris-doblekar"},"office":"Ob\u010dinski svetnik","office_code":"local_councillor","role_detail":"izvoljen z liste SLOVENSKA DEMOKRATSKA STRANKA","organization":{"name":"Litija","slug":"litija"},"since":"2022-11-20","since_precision":"inferred","until":null,"status":"elected","current":true,"sources":[{"authority":"Dr\u017eavna volilna komisija","url":"https:\/\/www.dvk-rs.si\/arhivi\/volitve2022\/lv2022\/data\/prvikrog\/obcine-data\/data_060.json"}]},{"person":{"name":"Boris Bevc","slug":"boris-bevc"},"office":"Ob\u010dinski svetnik","office_code":"local_councillor","role_detail":"izvoljen z liste NOVA SLOVENIJA - KR\u0160\u010cANSKI DEMOKRATI","organization":{"name":"Litija","slug":"litija"},"since":"2022-11-20","since_precision":"inferred","until":null,"status":"elected","current":true,"sources":[{"authority":"Dr\u017eavna volilna komisija","url":"https:\/\/www.dvk-rs.si\/arhivi\/volitve2022\/lv2022\/data\/prvikrog\/obcine-data\/data_060.json"}]},{"person":{"name":"Du\u0161anka Klan\u010dar","slug":"dusanka-klancar"},"office":"Ob\u010dinski svetnik","office_code":"local_councillor","role_detail":"izvoljen z liste SOCIALNI DEMOKRATI","organization":{"name":"Litija","slug":"litija"},"since":"2022-11-20","since_precision":"inferred","until":null,"status":"elected","current":true,"sources":[{"authority":"Dr\u017eavna volilna komisija","url":"https:\/\/www.dvk-rs.si\/arhivi\/volitve2022\/lv2022\/data\/prvikrog\/obcine-data\/data_060.json"}]},{"person":{"name":"Petra Cilen\u0161ek","slug":"petra-cilensek"},"office":"Ob\u010dinski svetnik","office_code":"local_councillor","role_detail":"izvoljen z liste GIBANJE SVOBODA","organization":{"name":"Litija","slug":"litija"},"since":"2022-11-20","since_precision":"inferred","until":null,"status":"elected","current":true,"sources":[{"authority":"Dr\u017eavna volilna komisija","url":"https:\/\/www.dvk-rs.si\/arhivi\/volitve2022\/lv2022\/data\/prvikrog\/obcine-data\/data_060.json"}]},{"person":{"name":"Matej Kra\u010dan","slug":"matej-kracan"},"office":"Ob\u010dinski svetnik","office_code":"local_councillor","role_detail":"izvoljen z liste GIBANJE SVOBODA","organization":{"name":"Litija","slug":"litija"},"since":"2022-11-20","since_precision":"inferred","until":null,"status":"elected","current":true,"sources":[{"authority":"Dr\u017eavna volilna komisija","url":"https:\/\/www.dvk-rs.si\/arhivi\/volitve2022\/lv2022\/data\/prvikrog\/obcine-data\/data_060.json"}]},{"person":{"name":"Sa\u0161a Pucelj","slug":"sasa-pucelj"},"office":"Ob\u010dinski svetnik","office_code":"local_councillor","role_detail":"izvoljen z liste GIBANJE SVOBODA","organization":{"name":"Litija","slug":"litija"},"since":"2022-11-20","since_precision":"inferred","until":null,"status":"elected","current":true,"sources":[{"authority":"Dr\u017eavna volilna komisija","url":"https:\/\/www.dvk-rs.si\/arhivi\/volitve2022\/lv2022\/data\/prvikrog\/obcine-data\/data_060.json"}]},{"person":{"name":"Iztok Izlakar","slug":"iztok-izlakar"},"office":"Ob\u010dinski svetnik","office_code":"local_councillor","role_detail":"izvoljen z liste GIBANJE SVOBODA","organization":{"name":"Litija","slug":"litija"},"since":"2022-11-20","since_precision":"inferred","until":null,"status":"elected","current":true,"sources":[{"authority":"Dr\u017eavna volilna komisija","url":"https:\/\/www.dvk-rs.si\/arhivi\/volitve2022\/lv2022\/data\/prvikrog\/obcine-data\/data_060.json"}]},{"person":{"name":"Renata Razbor\u0161ek","slug":"renata-razborsek"},"office":"Ob\u010dinski svetnik","office_code":"local_councillor","role_detail":"izvoljen z liste GIBANJE SVOBODA","organization":{"name":"Litija","slug":"litija"},"since":"2022-11-20","since_precision":"inferred","until":null,"status":"elected","current":true,"sources":[{"authority":"Dr\u017eavna volilna komisija","url":"https:\/\/www.dvk-rs.si\/arhivi\/volitve2022\/lv2022\/data\/prvikrog\/obcine-data\/data_060.json"}]},{"person":{"name":"Franc Rokavec","slug":"franc-rokavec"},"office":"\u017dupan","office_code":"mayor","role_detail":null,"organization":{"name":"Litija","slug":"litija"},"since":"2022-11-20","since_precision":"inferred","until":null,"status":"elected","current":true,"sources":[{"authority":"Dr\u017eavna volilna komisija","url":"https:\/\/www.dvk-rs.si\/arhivi\/volitve2022\/lv2022\/data\/ostale_obcine.json"}]}],"children":[{"slug":"javni-zavod-glasbena-sola-litija-smartno","name":"Javni Zavod Glasbena \u0160ola Litija - \u0160martno","type":"public_institute","body_type":null},{"slug":"javni-zavod-za-kulturo-mladino-in-sport-litija","name":"Javni zavod za kulturo, mladino in \u0161port Litija","type":"public_institute","body_type":null},{"slug":"knjiznica-litija","name":"Knji\u017enica Litija","type":"public_institute","body_type":null},{"slug":"krajevna-skupnost-breg-tenetise","name":"Krajevna Skupnost Breg - Teneti\u0161e","type":"local_community","body_type":null},{"slug":"krajevna-skupnost-dole-pri-litiji","name":"Krajevna Skupnost Dole Pri Litiji","type":"local_community","body_type":null},{"slug":"krajevna-skupnost-gabrovka","name":"Krajevna Skupnost Gabrovka","type":"local_community","body_type":null},{"slug":"krajevna-skupnost-hotic","name":"Krajevna Skupnost Hoti\u010d","type":"local_community","body_type":null},{"slug":"krajevna-skupnost-jevnica","name":"Krajevna Skupnost Jevnica","type":"local_community","body_type":null},{"slug":"krajevna-skupnost-konjsica","name":"Krajevna Skupnost Konj\u0161ica","type":"local_community","body_type":null},{"slug":"krajevna-skupnost-kresnice","name":"Krajevna Skupnost Kresnice","type":"local_community","body_type":null},{"slug":"krajevna-skupnost-polsnik","name":"Krajevna Skupnost Pol\u0161nik","type":"local_community","body_type":null},{"slug":"krajevna-skupnost-ribce","name":"Krajevna Skupnost Rib\u010de","type":"local_community","body_type":null},{"slug":"krajevna-skupnost-sava","name":"Krajevna Skupnost Sava","type":"local_community","body_type":null},{"slug":"krajevna-skupnost-spodnji-log","name":"Krajevna Skupnost Spodnji Log","type":"local_community","body_type":null},{"slug":"krajevna-skupnost-vace","name":"Krajevna Skupnost Va\u010de","type":"local_community","body_type":null},{"slug":"mestna-skupnost-litija","name":"Mestna Skupnost Litija","type":"local_community","body_type":null},{"slug":"osnovna-sola-gabrovka-dole","name":"Osnovna \u0160ola Gabrovka - Dole","type":"public_institute","body_type":null},{"slug":"osnovna-sola-gradec","name":"Osnovna \u0160ola Gradec","type":"public_institute","body_type":null},{"slug":"osnovna-sola-litija","name":"Osnovna \u0160ola Litija","type":"public_institute","body_type":null},{"slug":"vrtec-litija","name":"Vrtec Litija","type":"public_institute","body_type":null},{"slug":"zdravstveni-dom-litija","name":"Zdravstveni Dom Litija","type":"public_institute","body_type":null}]}

Občina

Župan

Tomaž Lihtenvalner

Občinski svetnik

Državna volilna komisija

Jožef Krnc

Tomaž Vozelj

Irena Bostič

Matjaž Gospeti

Vida Lukač

Miloš Kimovec

izvoljen z liste NOVA SLOVENIJA - KRŠČANSKI DEMOKRATI

Sabina Rovšek

Lijana Lovše

Jožica Jerin

Dušanka Klančar

Petra Cilenšek

Matej Kračan

Saša Pucelj

Renata Razboršek

Javni Zavod Glasbena Šola Litija - Šmartno

Javni zavod za kulturo, mladino in šport Litija

Knjižnica Litija

Krajevna Skupnost Breg - Tenetiše

Krajevna Skupnost Hotič

Krajevna Skupnost Konjšica

Krajevna Skupnost Polšnik

Krajevna Skupnost Ribče

Krajevna Skupnost Vače

Osnovna Šola Gabrovka - Dole

Osnovna Šola Gradec

Osnovna Šola Litija
