{"data":{"slug":"majsperk","name":"Maj\u0161perk","type":"municipality","type_label":"Ob\u010dina","body_type":null,"parent":null,"website":null,"phone":null,"address":"Maj\u0161perk 039, 2322 MAJ\u0160PERK","email":"obcina.majsperk@majsperk.si","leader":{"name":"Sa\u0161o Kodri\u010d","person_slug":"saso-kodric","office":"\u017dupan","office_code":"mayor","since":"2022-11-20"},"image":{"url":"https:\/\/commons.wikimedia.org\/wiki\/Special:FilePath\/COA-Maj%C5%A1perk.gif","attribution":"Wikimedia Commons","source":"https:\/\/commons.wikimedia.org\/wiki\/Special:FilePath\/COA-Maj%C5%A1perk.gif","hosted":false},"sources":[],"url":"https:\/\/kdo-vodi.si\/organ\/majsperk","api_url":"https:\/\/kdo-vodi.si\/api\/v1\/organizations\/majsperk"},"office_holders":[{"person":{"name":"Vekoslav \u0160irec","slug":"vekoslav-sirec"},"office":"Ob\u010dinski svetnik","office_code":"local_councillor","role_detail":"izvoljen z liste SLOVENSKA DEMOKRATSKA STRANKA","organization":{"name":"Maj\u0161perk","slug":"majsperk"},"since":"2022-11-20","since_precision":"inferred","until":null,"status":"elected","current":true,"sources":[{"authority":"Dr\u017eavna volilna komisija","url":"https:\/\/www.dvk-rs.si\/arhivi\/volitve2022\/lv2022\/data\/prvikrog\/obcine-data\/data_069.json"}]},{"person":{"name":"Marjan Vesenjak","slug":"marjan-vesenjak"},"office":"Ob\u010dinski svetnik","office_code":"local_councillor","role_detail":"izvoljen z liste SLOVENSKA DEMOKRATSKA STRANKA","organization":{"name":"Maj\u0161perk","slug":"majsperk"},"since":"2022-11-20","since_precision":"inferred","until":null,"status":"elected","current":true,"sources":[{"authority":"Dr\u017eavna volilna komisija","url":"https:\/\/www.dvk-rs.si\/arhivi\/volitve2022\/lv2022\/data\/prvikrog\/obcine-data\/data_069.json"}]},{"person":{"name":"Toma\u017e Galun","slug":"tomaz-galun"},"office":"Ob\u010dinski svetnik","office_code":"local_councillor","role_detail":"izvoljen z liste SLOVENSKA LJUDSKA STRANKA","organization":{"name":"Maj\u0161perk","slug":"majsperk"},"since":"2022-11-20","since_precision":"inferred","until":null,"status":"elected","current":true,"sources":[{"authority":"Dr\u017eavna volilna komisija","url":"https:\/\/www.dvk-rs.si\/arhivi\/volitve2022\/lv2022\/data\/prvikrog\/obcine-data\/data_069.json"}]},{"person":{"name":"Irena \u0160erbak","slug":"irena-serbak"},"office":"Ob\u010dinski svetnik","office_code":"local_councillor","role_detail":"izvoljen z liste SLOVENSKA LJUDSKA STRANKA","organization":{"name":"Maj\u0161perk","slug":"majsperk"},"since":"2022-11-20","since_precision":"inferred","until":null,"status":"elected","current":true,"sources":[{"authority":"Dr\u017eavna volilna komisija","url":"https:\/\/www.dvk-rs.si\/arhivi\/volitve2022\/lv2022\/data\/prvikrog\/obcine-data\/data_069.json"}]},{"person":{"name":"Peter Kitak","slug":"peter-kitak"},"office":"Ob\u010dinski svetnik","office_code":"local_councillor","role_detail":"izvoljen z liste SLOVENSKA LJUDSKA STRANKA","organization":{"name":"Maj\u0161perk","slug":"majsperk"},"since":"2022-11-20","since_precision":"inferred","until":null,"status":"elected","current":true,"sources":[{"authority":"Dr\u017eavna volilna komisija","url":"https:\/\/www.dvk-rs.si\/arhivi\/volitve2022\/lv2022\/data\/prvikrog\/obcine-data\/data_069.json"}]},{"person":{"name":"Rok Kacijan","slug":"rok-kacijan"},"office":"Ob\u010dinski svetnik","office_code":"local_councillor","role_detail":"izvoljen z liste NOVA SLOVENIJA - KR\u0160\u010cANSKI DEMOKRATI","organization":{"name":"Maj\u0161perk","slug":"majsperk"},"since":"2022-11-20","since_precision":"inferred","until":null,"status":"elected","current":true,"sources":[{"authority":"Dr\u017eavna volilna komisija","url":"https:\/\/www.dvk-rs.si\/arhivi\/volitve2022\/lv2022\/data\/prvikrog\/obcine-data\/data_069.json"}]},{"person":{"name":"Peter Kro\u0161el","slug":"peter-krosel"},"office":"Ob\u010dinski svetnik","office_code":"local_councillor","role_detail":"izvoljen z liste SLOVENSKA DEMOKRATSKA STRANKA","organization":{"name":"Maj\u0161perk","slug":"majsperk"},"since":"2022-11-20","since_precision":"inferred","until":null,"status":"elected","current":true,"sources":[{"authority":"Dr\u017eavna volilna komisija","url":"https:\/\/www.dvk-rs.si\/arhivi\/volitve2022\/lv2022\/data\/prvikrog\/obcine-data\/data_069.json"}]},{"person":{"name":"Zlatko \u017dnidar","slug":"zlatko-znidar"},"office":"Ob\u010dinski svetnik","office_code":"local_councillor","role_detail":"izvoljen z liste SLOVENSKA LJUDSKA STRANKA","organization":{"name":"Maj\u0161perk","slug":"majsperk"},"since":"2022-11-20","since_precision":"inferred","until":null,"status":"elected","current":true,"sources":[{"authority":"Dr\u017eavna volilna komisija","url":"https:\/\/www.dvk-rs.si\/arhivi\/volitve2022\/lv2022\/data\/prvikrog\/obcine-data\/data_069.json"}]},{"person":{"name":"Alenka Pislak","slug":"alenka-pislak"},"office":"Ob\u010dinski svetnik","office_code":"local_councillor","role_detail":"izvoljen z liste SLOVENSKA LJUDSKA STRANKA","organization":{"name":"Maj\u0161perk","slug":"majsperk"},"since":"2022-11-20","since_precision":"inferred","until":null,"status":"elected","current":true,"sources":[{"authority":"Dr\u017eavna volilna komisija","url":"https:\/\/www.dvk-rs.si\/arhivi\/volitve2022\/lv2022\/data\/prvikrog\/obcine-data\/data_069.json"}]},{"person":{"name":"Dragomir Murko","slug":"dragomir-murko"},"office":"Ob\u010dinski svetnik","office_code":"local_councillor","role_detail":"izvoljen z liste SLOVENSKA LJUDSKA STRANKA","organization":{"name":"Maj\u0161perk","slug":"majsperk"},"since":"2022-11-20","since_precision":"inferred","until":null,"status":"elected","current":true,"sources":[{"authority":"Dr\u017eavna volilna komisija","url":"https:\/\/www.dvk-rs.si\/arhivi\/volitve2022\/lv2022\/data\/prvikrog\/obcine-data\/data_069.json"}]},{"person":{"name":"Anka Herti\u0161","slug":"anka-hertis"},"office":"Ob\u010dinski svetnik","office_code":"local_councillor","role_detail":"izvoljen z liste SLOVENSKA LJUDSKA STRANKA","organization":{"name":"Maj\u0161perk","slug":"majsperk"},"since":"2022-11-20","since_precision":"inferred","until":null,"status":"elected","current":true,"sources":[{"authority":"Dr\u017eavna volilna komisija","url":"https:\/\/www.dvk-rs.si\/arhivi\/volitve2022\/lv2022\/data\/prvikrog\/obcine-data\/data_069.json"}]},{"person":{"name":"Kristijan Lovren\u010di\u010d","slug":"kristijan-lovrencic"},"office":"Ob\u010dinski svetnik","office_code":"local_councillor","role_detail":"izvoljen z liste SLOVENSKA LJUDSKA STRANKA","organization":{"name":"Maj\u0161perk","slug":"majsperk"},"since":"2022-11-20","since_precision":"inferred","until":null,"status":"elected","current":true,"sources":[{"authority":"Dr\u017eavna volilna komisija","url":"https:\/\/www.dvk-rs.si\/arhivi\/volitve2022\/lv2022\/data\/prvikrog\/obcine-data\/data_069.json"}]},{"person":{"name":"Branislava Vedlin","slug":"branislava-vedlin"},"office":"Ob\u010dinski svetnik","office_code":"local_councillor","role_detail":"izvoljen z liste NOVA SLOVENIJA - KR\u0160\u010cANSKI DEMOKRATI","organization":{"name":"Maj\u0161perk","slug":"majsperk"},"since":"2022-11-20","since_precision":"inferred","until":null,"status":"elected","current":true,"sources":[{"authority":"Dr\u017eavna volilna komisija","url":"https:\/\/www.dvk-rs.si\/arhivi\/volitve2022\/lv2022\/data\/prvikrog\/obcine-data\/data_069.json"}]},{"person":{"name":"Du\u0161an Mesari\u010d","slug":"dusan-mesaric"},"office":"Ob\u010dinski svetnik","office_code":"local_councillor","role_detail":"izvoljen z liste GIBANJE SVOBODA","organization":{"name":"Maj\u0161perk","slug":"majsperk"},"since":"2022-11-20","since_precision":"inferred","until":null,"status":"elected","current":true,"sources":[{"authority":"Dr\u017eavna volilna komisija","url":"https:\/\/www.dvk-rs.si\/arhivi\/volitve2022\/lv2022\/data\/prvikrog\/obcine-data\/data_069.json"}]},{"person":{"name":"Sa\u0161o Kodri\u010d","slug":"saso-kodric"},"office":"\u017dupan","office_code":"mayor","role_detail":null,"organization":{"name":"Maj\u0161perk","slug":"majsperk"},"since":"2022-11-20","since_precision":"inferred","until":null,"status":"elected","current":true,"sources":[{"authority":"Dr\u017eavna volilna komisija","url":"https:\/\/www.dvk-rs.si\/arhivi\/volitve2022\/lv2022\/data\/ostale_obcine.json"}]}],"children":[{"slug":"krajevna-skupnost-dolena","name":"Krajevna Skupnost Dolena","type":"local_community","body_type":null},{"slug":"osnovna-sola-majsperk","name":"Osnovna \u0160ola Maj\u0161perk","type":"public_institute","body_type":null}]}

Majšperk

Občina

Majšperk 039, 2322 MAJŠPERK

Sašo Kodrič

Župan

Vekoslav Širec

Občinski svetnik

Državna volilna komisija

Tomaž Galun

Irena Šerbak

izvoljen z liste NOVA SLOVENIJA - KRŠČANSKI DEMOKRATI

Peter Krošel

Zlatko Žnidar

Anka Hertiš

Kristijan Lovrenčič

Dušan Mesarič

Osnovna Šola Majšperk
