{"data":{"slug":"mirna","name":"Mirna","type":"municipality","type_label":"Ob\u010dina","body_type":null,"parent":null,"website":null,"phone":null,"address":"Glavna cesta 028, 8233 MIRNA","email":"obcina@mirna.si","leader":{"name":"Du\u0161an Skerbi\u0161","person_slug":"dusan-skerbis","office":"\u017dupan","office_code":"mayor","since":"2022-11-20"},"image":null,"sources":[],"url":"https:\/\/kdo-vodi.si\/organ\/mirna","api_url":"https:\/\/kdo-vodi.si\/api\/v1\/organizations\/mirna"},"office_holders":[{"person":{"name":"Jasmina Pe\u010dnik","slug":"jasmina-pecnik"},"office":"Ob\u010dinski svetnik","office_code":"local_councillor","role_detail":"izvoljen z liste Janez Pe\u010dnik in skupina volivcev","organization":{"name":"Mirna","slug":"mirna"},"since":"2022-11-20","since_precision":"inferred","until":null,"status":"elected","current":true,"sources":[{"authority":"Dr\u017eavna volilna komisija","url":"https:\/\/www.dvk-rs.si\/arhivi\/volitve2022\/lv2022\/data\/prvikrog\/obcine-data\/data_212.json"}]},{"person":{"name":"Bo\u0161tjan Kolenc","slug":"bostjan-kolenc"},"office":"Ob\u010dinski svetnik","office_code":"local_councillor","role_detail":"izvoljen z liste Ale\u0161 Stari\u010d in skupina volivcev","organization":{"name":"Mirna","slug":"mirna"},"since":"2022-11-20","since_precision":"inferred","until":null,"status":"elected","current":true,"sources":[{"authority":"Dr\u017eavna volilna komisija","url":"https:\/\/www.dvk-rs.si\/arhivi\/volitve2022\/lv2022\/data\/prvikrog\/obcine-data\/data_212.json"}]},{"person":{"name":"Andrej \u017deleznik","slug":"andrej-zeleznik"},"office":"Ob\u010dinski svetnik","office_code":"local_councillor","role_detail":"izvoljen z liste Tomo Zorc in skupina volivcev","organization":{"name":"Mirna","slug":"mirna"},"since":"2022-11-20","since_precision":"inferred","until":null,"status":"elected","current":true,"sources":[{"authority":"Dr\u017eavna volilna komisija","url":"https:\/\/www.dvk-rs.si\/arhivi\/volitve2022\/lv2022\/data\/prvikrog\/obcine-data\/data_212.json"}]},{"person":{"name":"Anton Mirt","slug":"anton-mirt"},"office":"Ob\u010dinski svetnik","office_code":"local_councillor","role_detail":"izvoljen z liste NOVA SLOVENIJA - KR\u0160\u010cANSKI DEMOKRATI","organization":{"name":"Mirna","slug":"mirna"},"since":"2022-11-20","since_precision":"inferred","until":null,"status":"elected","current":true,"sources":[{"authority":"Dr\u017eavna volilna komisija","url":"https:\/\/www.dvk-rs.si\/arhivi\/volitve2022\/lv2022\/data\/prvikrog\/obcine-data\/data_212.json"}]},{"person":{"name":"Irena Dim","slug":"irena-dim"},"office":"Ob\u010dinski svetnik","office_code":"local_councillor","role_detail":"izvoljen z liste Dejan Dim in skupina volivcev","organization":{"name":"Mirna","slug":"mirna"},"since":"2022-11-20","since_precision":"inferred","until":null,"status":"elected","current":true,"sources":[{"authority":"Dr\u017eavna volilna komisija","url":"https:\/\/www.dvk-rs.si\/arhivi\/volitve2022\/lv2022\/data\/prvikrog\/obcine-data\/data_212.json"}]},{"person":{"name":"Damjan Ko\u0161\u010dak","slug":"damjan-koscak"},"office":"Ob\u010dinski svetnik","office_code":"local_councillor","role_detail":"izvoljen z liste NOVA SLOVENIJA - KR\u0160\u010cANSKI DEMOKRATI","organization":{"name":"Mirna","slug":"mirna"},"since":"2022-11-20","since_precision":"inferred","until":null,"status":"elected","current":true,"sources":[{"authority":"Dr\u017eavna volilna komisija","url":"https:\/\/www.dvk-rs.si\/arhivi\/volitve2022\/lv2022\/data\/prvikrog\/obcine-data\/data_212.json"}]},{"person":{"name":"Blanka Pust","slug":"blanka-pust"},"office":"Ob\u010dinski svetnik","office_code":"local_councillor","role_detail":"izvoljen z liste Alenka Kozolc in skupina volivcev","organization":{"name":"Mirna","slug":"mirna"},"since":"2022-11-20","since_precision":"inferred","until":null,"status":"elected","current":true,"sources":[{"authority":"Dr\u017eavna volilna komisija","url":"https:\/\/www.dvk-rs.si\/arhivi\/volitve2022\/lv2022\/data\/prvikrog\/obcine-data\/data_212.json"}]},{"person":{"name":"Ja\u0161a Kolenc","slug":"jasa-kolenc"},"office":"Ob\u010dinski svetnik","office_code":"local_councillor","role_detail":"izvoljen z liste Milan \u0160kufca in skupina volivcev","organization":{"name":"Mirna","slug":"mirna"},"since":"2022-11-20","since_precision":"inferred","until":null,"status":"elected","current":true,"sources":[{"authority":"Dr\u017eavna volilna komisija","url":"https:\/\/www.dvk-rs.si\/arhivi\/volitve2022\/lv2022\/data\/prvikrog\/obcine-data\/data_212.json"}]},{"person":{"name":"Zoran Remic","slug":"zoran-remic"},"office":"Ob\u010dinski svetnik","office_code":"local_councillor","role_detail":"izvoljen z liste Zlatka Remic in skupina volivcev","organization":{"name":"Mirna","slug":"mirna"},"since":"2022-11-20","since_precision":"inferred","until":null,"status":"elected","current":true,"sources":[{"authority":"Dr\u017eavna volilna komisija","url":"https:\/\/www.dvk-rs.si\/arhivi\/volitve2022\/lv2022\/data\/prvikrog\/obcine-data\/data_212.json"}]},{"person":{"name":"Du\u0161an Skerbi\u0161","slug":"dusan-skerbis"},"office":"\u017dupan","office_code":"mayor","role_detail":null,"organization":{"name":"Mirna","slug":"mirna"},"since":"2022-11-20","since_precision":"inferred","until":null,"status":"elected","current":true,"sources":[{"authority":"Dr\u017eavna volilna komisija","url":"https:\/\/www.dvk-rs.si\/arhivi\/volitve2022\/lv2022\/data\/ostale_obcine.json"}]}],"children":[{"slug":"osnovna-sola-mirna","name":"Osnovna \u0160ola Mirna","type":"public_institute","body_type":null}]}

Občina

Dušan Skerbiš

Župan

Jasmina Pečnik

Občinski svetnik

izvoljen z liste Janez Pečnik in skupina volivcev

Državna volilna komisija

Boštjan Kolenc

izvoljen z liste Aleš Starič in skupina volivcev

Andrej Železnik

izvoljen z liste NOVA SLOVENIJA - KRŠČANSKI DEMOKRATI

Damjan Koščak

Jaša Kolenc

izvoljen z liste Milan Škufca in skupina volivcev

Osnovna Šola Mirna
