{"data":{"slug":"mirna-pec","name":"Mirna Pe\u010d","type":"municipality","type_label":"Ob\u010dina","body_type":null,"parent":null,"website":null,"phone":null,"address":"Trg 008, 8216 MIRNA PE\u010c","email":"obcina.mirnapec@siol.net","leader":{"name":"Andrej Kastelic","person_slug":"andrej-kastelic","office":"\u017dupan","office_code":"mayor","since":"2022-11-20"},"image":{"url":"https:\/\/commons.wikimedia.org\/wiki\/Special:FilePath\/Grb_Ob%C4%8Dine_Mirna_Pe%C4%8D.gif","attribution":"Wikimedia Commons","source":"https:\/\/commons.wikimedia.org\/wiki\/Special:FilePath\/Grb_Ob%C4%8Dine_Mirna_Pe%C4%8D.gif","hosted":false},"sources":[],"url":"https:\/\/kdo-vodi.si\/organ\/mirna-pec","api_url":"https:\/\/kdo-vodi.si\/api\/v1\/organizations\/mirna-pec"},"office_holders":[{"person":{"name":"Jo\u017eef \u0160pendal","slug":"jozef-spendal"},"office":"Ob\u010dinski svetnik","office_code":"local_councillor","role_detail":"izvoljen z liste SLOVENSKA DEMOKRATSKA STRANKA","organization":{"name":"Mirna Pe\u010d","slug":"mirna-pec"},"since":"2022-11-20","since_precision":"inferred","until":null,"status":"elected","current":true,"sources":[{"authority":"Dr\u017eavna volilna komisija","url":"https:\/\/www.dvk-rs.si\/arhivi\/volitve2022\/lv2022\/data\/prvikrog\/obcine-data\/data_170.json"}]},{"person":{"name":"Anton Strajnar","slug":"anton-strajnar"},"office":"Ob\u010dinski svetnik","office_code":"local_councillor","role_detail":"izvoljen z liste SLOVENSKA DEMOKRATSKA STRANKA","organization":{"name":"Mirna Pe\u010d","slug":"mirna-pec"},"since":"2022-11-20","since_precision":"inferred","until":null,"status":"elected","current":true,"sources":[{"authority":"Dr\u017eavna volilna komisija","url":"https:\/\/www.dvk-rs.si\/arhivi\/volitve2022\/lv2022\/data\/prvikrog\/obcine-data\/data_170.json"}]},{"person":{"name":"Jan Kopa\u010d","slug":"jan-kopac"},"office":"Ob\u010dinski svetnik","office_code":"local_councillor","role_detail":"izvoljen z liste SOCIALNI DEMOKRATI","organization":{"name":"Mirna Pe\u010d","slug":"mirna-pec"},"since":"2022-11-20","since_precision":"inferred","until":null,"status":"elected","current":true,"sources":[{"authority":"Dr\u017eavna volilna komisija","url":"https:\/\/www.dvk-rs.si\/arhivi\/volitve2022\/lv2022\/data\/prvikrog\/obcine-data\/data_170.json"}]},{"person":{"name":"Damjan Zupan\u010di\u010d","slug":"damjan-zupancic"},"office":"Ob\u010dinski svetnik","office_code":"local_councillor","role_detail":"izvoljen z liste SLOVENSKA DEMOKRATSKA STRANKA","organization":{"name":"Mirna Pe\u010d","slug":"mirna-pec"},"since":"2022-11-20","since_precision":"inferred","until":null,"status":"elected","current":true,"sources":[{"authority":"Dr\u017eavna volilna komisija","url":"https:\/\/www.dvk-rs.si\/arhivi\/volitve2022\/lv2022\/data\/prvikrog\/obcine-data\/data_170.json"}]},{"person":{"name":"Irena Pust","slug":"irena-pust"},"office":"Ob\u010dinski svetnik","office_code":"local_councillor","role_detail":"izvoljen z liste ZELENI SLOVENIJE","organization":{"name":"Mirna Pe\u010d","slug":"mirna-pec"},"since":"2022-11-20","since_precision":"inferred","until":null,"status":"elected","current":true,"sources":[{"authority":"Dr\u017eavna volilna komisija","url":"https:\/\/www.dvk-rs.si\/arhivi\/volitve2022\/lv2022\/data\/prvikrog\/obcine-data\/data_170.json"}]},{"person":{"name":"Zvonko Lah","slug":"zvonko-lah"},"office":"Ob\u010dinski svetnik","office_code":"local_councillor","role_detail":"izvoljen z liste ZELENI SLOVENIJE","organization":{"name":"Mirna Pe\u010d","slug":"mirna-pec"},"since":"2022-11-20","since_precision":"inferred","until":null,"status":"elected","current":true,"sources":[{"authority":"Dr\u017eavna volilna komisija","url":"https:\/\/www.dvk-rs.si\/arhivi\/volitve2022\/lv2022\/data\/prvikrog\/obcine-data\/data_170.json"}]},{"person":{"name":"Jo\u017ee Krevs","slug":"joze-krevs"},"office":"Ob\u010dinski svetnik","office_code":"local_councillor","role_detail":"izvoljen z liste MARKO VINKO KUPLJENIK in skupina volivcev","organization":{"name":"Mirna Pe\u010d","slug":"mirna-pec"},"since":"2022-11-20","since_precision":"inferred","until":null,"status":"elected","current":true,"sources":[{"authority":"Dr\u017eavna volilna komisija","url":"https:\/\/www.dvk-rs.si\/arhivi\/volitve2022\/lv2022\/data\/prvikrog\/obcine-data\/data_170.json"}]},{"person":{"name":"Jure Mervar","slug":"jure-mervar"},"office":"Ob\u010dinski svetnik","office_code":"local_councillor","role_detail":"izvoljen z liste MARJAN PARKELJ in skupina volivcev","organization":{"name":"Mirna Pe\u010d","slug":"mirna-pec"},"since":"2022-11-20","since_precision":"inferred","until":null,"status":"elected","current":true,"sources":[{"authority":"Dr\u017eavna volilna komisija","url":"https:\/\/www.dvk-rs.si\/arhivi\/volitve2022\/lv2022\/data\/prvikrog\/obcine-data\/data_170.json"}]},{"person":{"name":"Vladislava Vidic","slug":"vladislava-vidic"},"office":"Ob\u010dinski svetnik","office_code":"local_councillor","role_detail":"izvoljen z liste MARJAN PARKELJ in skupina volivcev","organization":{"name":"Mirna Pe\u010d","slug":"mirna-pec"},"since":"2022-11-20","since_precision":"inferred","until":null,"status":"elected","current":true,"sources":[{"authority":"Dr\u017eavna volilna komisija","url":"https:\/\/www.dvk-rs.si\/arhivi\/volitve2022\/lv2022\/data\/prvikrog\/obcine-data\/data_170.json"}]},{"person":{"name":"Marjan Parkelj","slug":"marjan-parkelj"},"office":"Ob\u010dinski svetnik","office_code":"local_councillor","role_detail":"izvoljen z liste MARJAN PARKELJ in skupina volivcev","organization":{"name":"Mirna Pe\u010d","slug":"mirna-pec"},"since":"2022-11-20","since_precision":"inferred","until":null,"status":"elected","current":true,"sources":[{"authority":"Dr\u017eavna volilna komisija","url":"https:\/\/www.dvk-rs.si\/arhivi\/volitve2022\/lv2022\/data\/prvikrog\/obcine-data\/data_170.json"}]},{"person":{"name":"Andrej Kastelic","slug":"andrej-kastelic"},"office":"\u017dupan","office_code":"mayor","role_detail":null,"organization":{"name":"Mirna Pe\u010d","slug":"mirna-pec"},"since":"2022-11-20","since_precision":"inferred","until":null,"status":"elected","current":true,"sources":[{"authority":"Dr\u017eavna volilna komisija","url":"https:\/\/www.dvk-rs.si\/arhivi\/volitve2022\/lv2022\/data\/ostale_obcine.json"}]}],"children":[{"slug":"osnovna-sola-toneta-pavcka","name":"Osnovna \u0161ola Toneta Pav\u010dka","type":"public_institute","body_type":null}]}

Mirna Peč

Občina

Trg 008, 8216 MIRNA PEČ

Župan

Jožef Špendal

Občinski svetnik

Državna volilna komisija

Jan Kopač

Damjan Zupančič

Jože Krevs

Osnovna šola Toneta Pavčka
