{"data":{"slug":"mokronog-trebelno","name":"Mokronog-Trebelno","type":"municipality","type_label":"Ob\u010dina","body_type":null,"parent":null,"website":null,"phone":null,"address":"Pod gradom 002, 8230 MOKRONOG","email":"obcina@mokronog-trebelno.si","leader":{"name":"Franc Glu\u0161i\u010d","person_slug":"franc-glusic","office":"\u017dupan","office_code":"mayor","since":"2022-12-04"},"image":{"url":"https:\/\/commons.wikimedia.org\/wiki\/Special:FilePath\/Grb_Ob%C4%8Dine_Mokronog-Trebelno.png","attribution":"Wikimedia Commons","source":"https:\/\/commons.wikimedia.org\/wiki\/Special:FilePath\/Grb_Ob%C4%8Dine_Mokronog-Trebelno.png","hosted":false},"sources":[],"url":"https:\/\/kdo-vodi.si\/organ\/mokronog-trebelno","api_url":"https:\/\/kdo-vodi.si\/api\/v1\/organizations\/mokronog-trebelno"},"office_holders":[{"person":{"name":"Robert Gregor\u010di\u010d","slug":"robert-gregorcic"},"office":"Ob\u010dinski svetnik","office_code":"local_councillor","role_detail":"izvoljen z liste SLOVENSKA LJUDSKA STRANKA","organization":{"name":"Mokronog-Trebelno","slug":"mokronog-trebelno"},"since":"2022-11-20","since_precision":"inferred","until":null,"status":"elected","current":true,"sources":[{"authority":"Dr\u017eavna volilna komisija","url":"https:\/\/www.dvk-rs.si\/arhivi\/volitve2022\/lv2022\/data\/prvikrog\/obcine-data\/data_199.json"}]},{"person":{"name":"Franc Dragan","slug":"franc-dragan"},"office":"Ob\u010dinski svetnik","office_code":"local_councillor","role_detail":"izvoljen z liste SLOVENSKA LJUDSKA STRANKA","organization":{"name":"Mokronog-Trebelno","slug":"mokronog-trebelno"},"since":"2022-11-20","since_precision":"inferred","until":null,"status":"elected","current":true,"sources":[{"authority":"Dr\u017eavna volilna komisija","url":"https:\/\/www.dvk-rs.si\/arhivi\/volitve2022\/lv2022\/data\/prvikrog\/obcine-data\/data_199.json"}]},{"person":{"name":"Marjan Stari\u010d","slug":"marjan-staric"},"office":"Ob\u010dinski svetnik","office_code":"local_councillor","role_detail":"izvoljen z liste ALENKA STARI\u010c IN SKUPINA VOLIVCEV","organization":{"name":"Mokronog-Trebelno","slug":"mokronog-trebelno"},"since":"2022-11-20","since_precision":"inferred","until":null,"status":"elected","current":true,"sources":[{"authority":"Dr\u017eavna volilna komisija","url":"https:\/\/www.dvk-rs.si\/arhivi\/volitve2022\/lv2022\/data\/prvikrog\/obcine-data\/data_199.json"}]},{"person":{"name":"Zvonko Muhi\u010d","slug":"zvonko-muhic"},"office":"Ob\u010dinski svetnik","office_code":"local_councillor","role_detail":"izvoljen z liste Stanko Muhi\u010d in skupina volivcev","organization":{"name":"Mokronog-Trebelno","slug":"mokronog-trebelno"},"since":"2022-11-20","since_precision":"inferred","until":null,"status":"elected","current":true,"sources":[{"authority":"Dr\u017eavna volilna komisija","url":"https:\/\/www.dvk-rs.si\/arhivi\/volitve2022\/lv2022\/data\/prvikrog\/obcine-data\/data_199.json"}]},{"person":{"name":"Anton Maver","slug":"anton-maver"},"office":"Ob\u010dinski svetnik","office_code":"local_councillor","role_detail":"izvoljen z liste SOCIALNI DEMOKRATI","organization":{"name":"Mokronog-Trebelno","slug":"mokronog-trebelno"},"since":"2022-11-20","since_precision":"inferred","until":null,"status":"elected","current":true,"sources":[{"authority":"Dr\u017eavna volilna komisija","url":"https:\/\/www.dvk-rs.si\/arhivi\/volitve2022\/lv2022\/data\/prvikrog\/obcine-data\/data_199.json"}]},{"person":{"name":"Ana Vene","slug":"ana-vene"},"office":"Ob\u010dinski svetnik","office_code":"local_councillor","role_detail":"izvoljen z liste Ale\u0161 Vene in skupina volivcev","organization":{"name":"Mokronog-Trebelno","slug":"mokronog-trebelno"},"since":"2022-11-20","since_precision":"inferred","until":null,"status":"elected","current":true,"sources":[{"authority":"Dr\u017eavna volilna komisija","url":"https:\/\/www.dvk-rs.si\/arhivi\/volitve2022\/lv2022\/data\/prvikrog\/obcine-data\/data_199.json"}]},{"person":{"name":"Matija Kova\u010di\u010d","slug":"matija-kovacic"},"office":"Ob\u010dinski svetnik","office_code":"local_councillor","role_detail":"izvoljen z liste Vilibald Saje in skupina volivcev","organization":{"name":"Mokronog-Trebelno","slug":"mokronog-trebelno"},"since":"2022-11-20","since_precision":"inferred","until":null,"status":"elected","current":true,"sources":[{"authority":"Dr\u017eavna volilna komisija","url":"https:\/\/www.dvk-rs.si\/arhivi\/volitve2022\/lv2022\/data\/prvikrog\/obcine-data\/data_199.json"}]},{"person":{"name":"Gregor \u0160koporc","slug":"gregor-skoporc"},"office":"Ob\u010dinski svetnik","office_code":"local_councillor","role_detail":"izvoljen z liste NOVA SLOVENIJA - KR\u0160\u010cANSKI DEMOKRATI","organization":{"name":"Mokronog-Trebelno","slug":"mokronog-trebelno"},"since":"2022-11-20","since_precision":"inferred","until":null,"status":"elected","current":true,"sources":[{"authority":"Dr\u017eavna volilna komisija","url":"https:\/\/www.dvk-rs.si\/arhivi\/volitve2022\/lv2022\/data\/prvikrog\/obcine-data\/data_199.json"}]},{"person":{"name":"Denis \u0160antej","slug":"denis-santej"},"office":"Ob\u010dinski svetnik","office_code":"local_councillor","role_detail":"izvoljen z liste SLOVENSKA LJUDSKA STRANKA","organization":{"name":"Mokronog-Trebelno","slug":"mokronog-trebelno"},"since":"2022-11-20","since_precision":"inferred","until":null,"status":"elected","current":true,"sources":[{"authority":"Dr\u017eavna volilna komisija","url":"https:\/\/www.dvk-rs.si\/arhivi\/volitve2022\/lv2022\/data\/prvikrog\/obcine-data\/data_199.json"}]},{"person":{"name":"Sne\u017eka Bizjak","slug":"snezka-bizjak"},"office":"Ob\u010dinski svetnik","office_code":"local_councillor","role_detail":"izvoljen z liste Rudolf Bizjak in skupina volivcev","organization":{"name":"Mokronog-Trebelno","slug":"mokronog-trebelno"},"since":"2022-11-20","since_precision":"inferred","until":null,"status":"elected","current":true,"sources":[{"authority":"Dr\u017eavna volilna komisija","url":"https:\/\/www.dvk-rs.si\/arhivi\/volitve2022\/lv2022\/data\/prvikrog\/obcine-data\/data_199.json"}]},{"person":{"name":"Tamara Vavtar \u017dibert","slug":"tamara-vavtar-zibert"},"office":"Ob\u010dinski svetnik","office_code":"local_councillor","role_detail":"izvoljen z liste SLOVENSKA DEMOKRATSKA STRANKA","organization":{"name":"Mokronog-Trebelno","slug":"mokronog-trebelno"},"since":"2022-11-20","since_precision":"inferred","until":null,"status":"elected","current":true,"sources":[{"authority":"Dr\u017eavna volilna komisija","url":"https:\/\/www.dvk-rs.si\/arhivi\/volitve2022\/lv2022\/data\/prvikrog\/obcine-data\/data_199.json"}]},{"person":{"name":"Franc Glu\u0161i\u010d","slug":"franc-glusic"},"office":"\u017dupan","office_code":"mayor","role_detail":null,"organization":{"name":"Mokronog-Trebelno","slug":"mokronog-trebelno"},"since":"2022-12-04","since_precision":"inferred","until":null,"status":"elected","current":true,"sources":[{"authority":"Dr\u017eavna volilna komisija","url":"https:\/\/www.dvk-rs.si\/arhivi\/volitve2022\/lv2022\/data\/drugi_krog.json"}]}],"children":[{"slug":"osnovna-sola-mokronog","name":"Osnovna \u0160ola Mokronog","type":"public_institute","body_type":null}]}

Občina

Franc Glušič

Župan

Robert Gregorčič

Občinski svetnik

Državna volilna komisija

Marjan Starič

izvoljen z liste ALENKA STARIČ IN SKUPINA VOLIVCEV

Zvonko Muhič

izvoljen z liste Stanko Muhič in skupina volivcev

izvoljen z liste Aleš Vene in skupina volivcev

Matija Kovačič

Gregor Škoporc

izvoljen z liste NOVA SLOVENIJA - KRŠČANSKI DEMOKRATI

Denis Šantej

Snežka Bizjak

Tamara Vavtar Žibert

Osnovna Šola Mokronog
