{"data":{"slug":"odranci","name":"Odranci","type":"municipality","type_label":"Ob\u010dina","body_type":null,"parent":null,"website":null,"phone":null,"address":"Panonska ulica 033, 9233 ODRANCI","email":"obcina.odranci@siol.net","leader":{"name":"Barbara Feren\u010dak","person_slug":"barbara-ferencak","office":"\u017dupan","office_code":"mayor","since":"2022-11-20"},"image":{"url":"https:\/\/commons.wikimedia.org\/wiki\/Special:FilePath\/Odranci.png","attribution":"Wikimedia Commons","source":"https:\/\/commons.wikimedia.org\/wiki\/Special:FilePath\/Odranci.png","hosted":false},"sources":[],"url":"https:\/\/kdo-vodi.si\/organ\/odranci","api_url":"https:\/\/kdo-vodi.si\/api\/v1\/organizations\/odranci"},"office_holders":[{"person":{"name":"Matej Zver","slug":"matej-zver"},"office":"Ob\u010dinski svetnik","office_code":"local_councillor","role_detail":"izvoljen z liste SLOVENSKA DEMOKRATSKA STRANKA","organization":{"name":"Odranci","slug":"odranci"},"since":"2022-11-20","since_precision":"inferred","until":null,"status":"elected","current":true,"sources":[{"authority":"Dr\u017eavna volilna komisija","url":"https:\/\/www.dvk-rs.si\/arhivi\/volitve2022\/lv2022\/data\/prvikrog\/obcine-data\/data_086.json"}]},{"person":{"name":"Gregor Mari\u010d","slug":"gregor-maric"},"office":"Ob\u010dinski svetnik","office_code":"local_councillor","role_detail":"izvoljen z liste SA\u0160O KAVA\u0160 IN SKUPINA VOLIVCEV","organization":{"name":"Odranci","slug":"odranci"},"since":"2022-11-20","since_precision":"inferred","until":null,"status":"elected","current":true,"sources":[{"authority":"Dr\u017eavna volilna komisija","url":"https:\/\/www.dvk-rs.si\/arhivi\/volitve2022\/lv2022\/data\/prvikrog\/obcine-data\/data_086.json"}]},{"person":{"name":"Ale\u0161 Zver","slug":"ales-zver"},"office":"Ob\u010dinski svetnik","office_code":"local_councillor","role_detail":"izvoljen z liste SILVESTER ZVER IN SKUPINA VOLIVCEV","organization":{"name":"Odranci","slug":"odranci"},"since":"2022-11-20","since_precision":"inferred","until":null,"status":"elected","current":true,"sources":[{"authority":"Dr\u017eavna volilna komisija","url":"https:\/\/www.dvk-rs.si\/arhivi\/volitve2022\/lv2022\/data\/prvikrog\/obcine-data\/data_086.json"}]},{"person":{"name":"Mateja Forjan","slug":"mateja-forjan"},"office":"Ob\u010dinski svetnik","office_code":"local_councillor","role_detail":"izvoljen z liste SLOVENSKA LJUDSKA STRANKA","organization":{"name":"Odranci","slug":"odranci"},"since":"2022-11-20","since_precision":"inferred","until":null,"status":"elected","current":true,"sources":[{"authority":"Dr\u017eavna volilna komisija","url":"https:\/\/www.dvk-rs.si\/arhivi\/volitve2022\/lv2022\/data\/prvikrog\/obcine-data\/data_086.json"}]},{"person":{"name":"Rok Klop\u010di\u010d","slug":"rok-klopcic"},"office":"Ob\u010dinski svetnik","office_code":"local_councillor","role_detail":"izvoljen z liste SLOVENSKA DEMOKRATSKA STRANKA","organization":{"name":"Odranci","slug":"odranci"},"since":"2022-11-20","since_precision":"inferred","until":null,"status":"elected","current":true,"sources":[{"authority":"Dr\u017eavna volilna komisija","url":"https:\/\/www.dvk-rs.si\/arhivi\/volitve2022\/lv2022\/data\/prvikrog\/obcine-data\/data_086.json"}]},{"person":{"name":"\u0160tefan Bogdan","slug":"stefan-bogdan"},"office":"Ob\u010dinski svetnik","office_code":"local_councillor","role_detail":"izvoljen z liste SLOVENSKA LJUDSKA STRANKA","organization":{"name":"Odranci","slug":"odranci"},"since":"2022-11-20","since_precision":"inferred","until":null,"status":"elected","current":true,"sources":[{"authority":"Dr\u017eavna volilna komisija","url":"https:\/\/www.dvk-rs.si\/arhivi\/volitve2022\/lv2022\/data\/prvikrog\/obcine-data\/data_086.json"}]},{"person":{"name":"Branko Feren\u010dak","slug":"branko-ferencak"},"office":"Ob\u010dinski svetnik","office_code":"local_councillor","role_detail":"izvoljen z liste KONKRETNO","organization":{"name":"Odranci","slug":"odranci"},"since":"2022-11-20","since_precision":"inferred","until":null,"status":"elected","current":true,"sources":[{"authority":"Dr\u017eavna volilna komisija","url":"https:\/\/www.dvk-rs.si\/arhivi\/volitve2022\/lv2022\/data\/prvikrog\/obcine-data\/data_086.json"}]},{"person":{"name":"Rok Kolari\u010d","slug":"rok-kolaric"},"office":"Ob\u010dinski svetnik","office_code":"local_councillor","role_detail":"izvoljen z liste \u0160TEFAN KOLARI\u010c IN SKUPINA VOLIVCEV","organization":{"name":"Odranci","slug":"odranci"},"since":"2022-11-20","since_precision":"inferred","until":null,"status":"elected","current":true,"sources":[{"authority":"Dr\u017eavna volilna komisija","url":"https:\/\/www.dvk-rs.si\/arhivi\/volitve2022\/lv2022\/data\/prvikrog\/obcine-data\/data_086.json"}]},{"person":{"name":"Elizabeta Grabnar","slug":"elizabeta-grabnar"},"office":"Ob\u010dinski svetnik","office_code":"local_councillor","role_detail":"izvoljen z liste SLOVENSKA LJUDSKA STRANKA","organization":{"name":"Odranci","slug":"odranci"},"since":"2022-11-20","since_precision":"inferred","until":null,"status":"elected","current":true,"sources":[{"authority":"Dr\u017eavna volilna komisija","url":"https:\/\/www.dvk-rs.si\/arhivi\/volitve2022\/lv2022\/data\/prvikrog\/obcine-data\/data_086.json"}]},{"person":{"name":"Barbara Feren\u010dak","slug":"barbara-ferencak"},"office":"\u017dupan","office_code":"mayor","role_detail":null,"organization":{"name":"Odranci","slug":"odranci"},"since":"2022-11-20","since_precision":"inferred","until":null,"status":"elected","current":true,"sources":[{"authority":"Dr\u017eavna volilna komisija","url":"https:\/\/www.dvk-rs.si\/arhivi\/volitve2022\/lv2022\/data\/ostale_obcine.json"}]}],"children":[{"slug":"osnovna-sola-odranci","name":"Osnovna \u0160ola Odranci","type":"public_institute","body_type":null}]}

Občina

Barbara Ferenčak

Župan

Občinski svetnik

Državna volilna komisija

Gregor Marič

izvoljen z liste SAŠO KAVAŠ IN SKUPINA VOLIVCEV

Aleš Zver

Rok Klopčič

Štefan Bogdan

Branko Ferenčak

Rok Kolarič

izvoljen z liste ŠTEFAN KOLARIČ IN SKUPINA VOLIVCEV

Osnovna Šola Odranci
