{"data":{"slug":"pesnica","name":"Pesnica","type":"municipality","type_label":"Ob\u010dina","body_type":null,"parent":null,"website":null,"phone":null,"address":"Pesnica pri Mariboru 043 A, 2211 PESNICA PRI MARIBORU","email":"Obcina.pesnica@pesnica.si","leader":{"name":"Gregor \u017dmak","person_slug":"gregor-zmak","office":"\u017dupan","office_code":"mayor","since":"2022-11-20"},"image":null,"sources":[],"url":"https:\/\/kdo-vodi.si\/organ\/pesnica","api_url":"https:\/\/kdo-vodi.si\/api\/v1\/organizations\/pesnica"},"office_holders":[{"person":{"name":"Peter Opaka","slug":"peter-opaka"},"office":"Ob\u010dinski svetnik","office_code":"local_councillor","role_detail":"izvoljen z liste LISTA S.O.N.C.E ZA OB\u010cINO PESNICA","organization":{"name":"Pesnica","slug":"pesnica"},"since":"2022-11-20","since_precision":"inferred","until":null,"status":"elected","current":true,"sources":[{"authority":"Dr\u017eavna volilna komisija","url":"https:\/\/www.dvk-rs.si\/arhivi\/volitve2022\/lv2022\/data\/prvikrog\/obcine-data\/data_089.json"}]},{"person":{"name":"Klavdija Samogy Simoni\u010d","slug":"klavdija-samogy-simonic"},"office":"Ob\u010dinski svetnik","office_code":"local_councillor","role_detail":"izvoljen z liste LISTA S.O.N.C.E ZA OB\u010cINO PESNICA","organization":{"name":"Pesnica","slug":"pesnica"},"since":"2022-11-20","since_precision":"inferred","until":null,"status":"elected","current":true,"sources":[{"authority":"Dr\u017eavna volilna komisija","url":"https:\/\/www.dvk-rs.si\/arhivi\/volitve2022\/lv2022\/data\/prvikrog\/obcine-data\/data_089.json"}]},{"person":{"name":"Ven\u010deslav Toplak","slug":"venceslav-toplak"},"office":"Ob\u010dinski svetnik","office_code":"local_councillor","role_detail":"izvoljen z liste LISTA \u017dUPANA GREGORJA \u017dMAKA 4 x 4","organization":{"name":"Pesnica","slug":"pesnica"},"since":"2022-11-20","since_precision":"inferred","until":null,"status":"elected","current":true,"sources":[{"authority":"Dr\u017eavna volilna komisija","url":"https:\/\/www.dvk-rs.si\/arhivi\/volitve2022\/lv2022\/data\/prvikrog\/obcine-data\/data_089.json"}]},{"person":{"name":"Vesna \u0160abeder","slug":"vesna-sabeder"},"office":"Ob\u010dinski svetnik","office_code":"local_councillor","role_detail":"izvoljen z liste LISTA \u017dUPANA GREGORJA \u017dMAKA 4 x 4","organization":{"name":"Pesnica","slug":"pesnica"},"since":"2022-11-20","since_precision":"inferred","until":null,"status":"elected","current":true,"sources":[{"authority":"Dr\u017eavna volilna komisija","url":"https:\/\/www.dvk-rs.si\/arhivi\/volitve2022\/lv2022\/data\/prvikrog\/obcine-data\/data_089.json"}]},{"person":{"name":"Gorazd \u017dmavc","slug":"gorazd-zmavc"},"office":"Ob\u010dinski svetnik","office_code":"local_councillor","role_detail":"izvoljen z liste LISTA \u017dUPANA GREGORJA \u017dMAKA 4 x 4","organization":{"name":"Pesnica","slug":"pesnica"},"since":"2022-11-20","since_precision":"inferred","until":null,"status":"elected","current":true,"sources":[{"authority":"Dr\u017eavna volilna komisija","url":"https:\/\/www.dvk-rs.si\/arhivi\/volitve2022\/lv2022\/data\/prvikrog\/obcine-data\/data_089.json"}]},{"person":{"name":"Rozika Le\u0161nik","slug":"rozika-lesnik"},"office":"Ob\u010dinski svetnik","office_code":"local_councillor","role_detail":"izvoljen z liste LISTA \u017dUPANA GREGORJA \u017dMAKA 4 x 4","organization":{"name":"Pesnica","slug":"pesnica"},"since":"2022-11-20","since_precision":"inferred","until":null,"status":"elected","current":true,"sources":[{"authority":"Dr\u017eavna volilna komisija","url":"https:\/\/www.dvk-rs.si\/arhivi\/volitve2022\/lv2022\/data\/prvikrog\/obcine-data\/data_089.json"}]},{"person":{"name":"Samo Han\u017ei\u010d","slug":"samo-hanzic"},"office":"Ob\u010dinski svetnik","office_code":"local_councillor","role_detail":"izvoljen z liste LISTA \u017dUPANA GREGORJA \u017dMAKA 4 x 4","organization":{"name":"Pesnica","slug":"pesnica"},"since":"2022-11-20","since_precision":"inferred","until":null,"status":"elected","current":true,"sources":[{"authority":"Dr\u017eavna volilna komisija","url":"https:\/\/www.dvk-rs.si\/arhivi\/volitve2022\/lv2022\/data\/prvikrog\/obcine-data\/data_089.json"}]},{"person":{"name":"Nina \u017davcer","slug":"nina-zavcer"},"office":"Ob\u010dinski svetnik","office_code":"local_councillor","role_detail":"izvoljen z liste LISTA \u017dUPANA GREGORJA \u017dMAKA 4 x 4","organization":{"name":"Pesnica","slug":"pesnica"},"since":"2022-11-20","since_precision":"inferred","until":null,"status":"elected","current":true,"sources":[{"authority":"Dr\u017eavna volilna komisija","url":"https:\/\/www.dvk-rs.si\/arhivi\/volitve2022\/lv2022\/data\/prvikrog\/obcine-data\/data_089.json"}]},{"person":{"name":"Andrej Ropi\u010d","slug":"andrej-ropic"},"office":"Ob\u010dinski svetnik","office_code":"local_councillor","role_detail":"izvoljen z liste LISTA \u017dUPANA GREGORJA \u017dMAKA 4 x 4","organization":{"name":"Pesnica","slug":"pesnica"},"since":"2022-11-20","since_precision":"inferred","until":null,"status":"elected","current":true,"sources":[{"authority":"Dr\u017eavna volilna komisija","url":"https:\/\/www.dvk-rs.si\/arhivi\/volitve2022\/lv2022\/data\/prvikrog\/obcine-data\/data_089.json"}]},{"person":{"name":"Alenka Trunti\u010d","slug":"alenka-truntic"},"office":"Ob\u010dinski svetnik","office_code":"local_councillor","role_detail":"izvoljen z liste LISTA \u017dUPANA GREGORJA \u017dMAKA 4 x 4","organization":{"name":"Pesnica","slug":"pesnica"},"since":"2022-11-20","since_precision":"inferred","until":null,"status":"elected","current":true,"sources":[{"authority":"Dr\u017eavna volilna komisija","url":"https:\/\/www.dvk-rs.si\/arhivi\/volitve2022\/lv2022\/data\/prvikrog\/obcine-data\/data_089.json"}]},{"person":{"name":"Gregor \u017dmak","slug":"gregor-zmak"},"office":"Ob\u010dinski svetnik","office_code":"local_councillor","role_detail":"izvoljen z liste LISTA \u017dUPANA GREGORJA \u017dMAKA 4 x 4","organization":{"name":"Pesnica","slug":"pesnica"},"since":"2022-11-20","since_precision":"inferred","until":null,"status":"elected","current":true,"sources":[{"authority":"Dr\u017eavna volilna komisija","url":"https:\/\/www.dvk-rs.si\/arhivi\/volitve2022\/lv2022\/data\/prvikrog\/obcine-data\/data_089.json"}]},{"person":{"name":"Jasna Drozg","slug":"jasna-drozg"},"office":"Ob\u010dinski svetnik","office_code":"local_councillor","role_detail":"izvoljen z liste GIBANJE SVOBODA","organization":{"name":"Pesnica","slug":"pesnica"},"since":"2022-11-20","since_precision":"inferred","until":null,"status":"elected","current":true,"sources":[{"authority":"Dr\u017eavna volilna komisija","url":"https:\/\/www.dvk-rs.si\/arhivi\/volitve2022\/lv2022\/data\/prvikrog\/obcine-data\/data_089.json"}]},{"person":{"name":"Uro\u0161 Oro\u017e","slug":"uros-oroz"},"office":"Ob\u010dinski svetnik","office_code":"local_councillor","role_detail":"izvoljen z liste GIBANJE SVOBODA","organization":{"name":"Pesnica","slug":"pesnica"},"since":"2022-11-20","since_precision":"inferred","until":null,"status":"elected","current":true,"sources":[{"authority":"Dr\u017eavna volilna komisija","url":"https:\/\/www.dvk-rs.si\/arhivi\/volitve2022\/lv2022\/data\/prvikrog\/obcine-data\/data_089.json"}]},{"person":{"name":"Gregor Trunti\u010d","slug":"gregor-truntic"},"office":"Ob\u010dinski svetnik","office_code":"local_councillor","role_detail":"izvoljen z liste SOCIALNI DEMOKRATI","organization":{"name":"Pesnica","slug":"pesnica"},"since":"2022-11-20","since_precision":"inferred","until":null,"status":"elected","current":true,"sources":[{"authority":"Dr\u017eavna volilna komisija","url":"https:\/\/www.dvk-rs.si\/arhivi\/volitve2022\/lv2022\/data\/prvikrog\/obcine-data\/data_089.json"}]},{"person":{"name":"Peter Kraner","slug":"peter-kraner"},"office":"Ob\u010dinski svetnik","office_code":"local_councillor","role_detail":"izvoljen z liste SLOVENSKA DEMOKRATSKA STRANKA","organization":{"name":"Pesnica","slug":"pesnica"},"since":"2022-11-20","since_precision":"inferred","until":null,"status":"elected","current":true,"sources":[{"authority":"Dr\u017eavna volilna komisija","url":"https:\/\/www.dvk-rs.si\/arhivi\/volitve2022\/lv2022\/data\/prvikrog\/obcine-data\/data_089.json"}]},{"person":{"name":"Mateja Rose","slug":"mateja-rose"},"office":"Ob\u010dinski svetnik","office_code":"local_councillor","role_detail":"izvoljen z liste SLOVENSKA DEMOKRATSKA STRANKA","organization":{"name":"Pesnica","slug":"pesnica"},"since":"2022-11-20","since_precision":"inferred","until":null,"status":"elected","current":true,"sources":[{"authority":"Dr\u017eavna volilna komisija","url":"https:\/\/www.dvk-rs.si\/arhivi\/volitve2022\/lv2022\/data\/prvikrog\/obcine-data\/data_089.json"}]},{"person":{"name":"Roman Richter","slug":"roman-richter"},"office":"Ob\u010dinski svetnik","office_code":"local_councillor","role_detail":"izvoljen z liste SLOVENSKA DEMOKRATSKA STRANKA","organization":{"name":"Pesnica","slug":"pesnica"},"since":"2022-11-20","since_precision":"inferred","until":null,"status":"elected","current":true,"sources":[{"authority":"Dr\u017eavna volilna komisija","url":"https:\/\/www.dvk-rs.si\/arhivi\/volitve2022\/lv2022\/data\/prvikrog\/obcine-data\/data_089.json"}]},{"person":{"name":"Gregor \u017dmak","slug":"gregor-zmak"},"office":"\u017dupan","office_code":"mayor","role_detail":null,"organization":{"name":"Pesnica","slug":"pesnica"},"since":"2022-11-20","since_precision":"inferred","until":null,"status":"elected","current":true,"sources":[{"authority":"Dr\u017eavna volilna komisija","url":"https:\/\/www.dvk-rs.si\/arhivi\/volitve2022\/lv2022\/data\/ostale_obcine.json"}]}],"children":[{"slug":"javni-vzgojnoizobrazevalni-zavod-os-jakobski-dol","name":"Javni Vzgojnoizobra\u017eevalni Zavod O\u0161 Jakobski Dol","type":"public_institute","body_type":null},{"slug":"krajevna-skupnost-jakobski-dol","name":"Krajevna Skupnost Jakobski Dol","type":"local_community","body_type":null},{"slug":"krajevna-skupnost-jarenina","name":"Krajevna Skupnost Jarenina","type":"local_community","body_type":null},{"slug":"krajevna-skupnost-pernica","name":"Krajevna Skupnost Pernica","type":"local_community","body_type":null},{"slug":"krajevna-skupnost-pesnica","name":"Krajevna Skupnost Pesnica","type":"local_community","body_type":null},{"slug":"osnovna-sola-jarenina","name":"Osnovna \u0160ola Jarenina","type":"public_institute","body_type":null},{"slug":"osnovna-sola-pesnica","name":"Osnovna \u0160ola Pesnica","type":"public_institute","body_type":null}]}

Občina

Gregor Žmak

Župan

Občinski svetnik

izvoljen z liste LISTA S.O.N.C.E ZA OBČINO PESNICA

Državna volilna komisija

Klavdija Samogy Simonič

Venčeslav Toplak

izvoljen z liste LISTA ŽUPANA GREGORJA ŽMAKA 4 x 4

Vesna Šabeder

Gorazd Žmavc

Rozika Lešnik

Samo Hanžič

Nina Žavcer

Andrej Ropič

Alenka Truntič

Uroš Orož

Gregor Truntič

Javni Vzgojnoizobraževalni Zavod Oš Jakobski Dol

Osnovna Šola Jarenina

Osnovna Šola Pesnica
