{"data":{"slug":"podcetrtek","name":"Pod\u010detrtek","type":"municipality","type_label":"Ob\u010dina","body_type":null,"parent":null,"website":null,"phone":null,"address":"Tr\u0161ka cesta 059, 3254 POD\u010cETRTEK","email":"racunovodstvo@podcetrtek.si","leader":{"name":"Peter Misja","person_slug":"peter-misja","office":"\u017dupan","office_code":"mayor","since":"2022-11-20"},"image":{"url":"https:\/\/commons.wikimedia.org\/wiki\/Special:FilePath\/Grb_Ob%C4%8Dine_Pod%C4%8Detrtek.png","attribution":"Wikimedia Commons","source":"https:\/\/commons.wikimedia.org\/wiki\/Special:FilePath\/Grb_Ob%C4%8Dine_Pod%C4%8Detrtek.png","hosted":false},"sources":[],"url":"https:\/\/kdo-vodi.si\/organ\/podcetrtek","api_url":"https:\/\/kdo-vodi.si\/api\/v1\/organizations\/podcetrtek"},"office_holders":[{"person":{"name":"Ale\u0161 Drozg","slug":"ales-drozg"},"office":"Ob\u010dinski svetnik","office_code":"local_councillor","role_detail":"izvoljen z liste SLOVENSKA DEMOKRATSKA STRANKA","organization":{"name":"Pod\u010detrtek","slug":"podcetrtek"},"since":"2022-11-20","since_precision":"inferred","until":null,"status":"elected","current":true,"sources":[{"authority":"Dr\u017eavna volilna komisija","url":"https:\/\/www.dvk-rs.si\/arhivi\/volitve2022\/lv2022\/data\/prvikrog\/obcine-data\/data_092.json"}]},{"person":{"name":"Marko Jurak","slug":"marko-jurak"},"office":"Ob\u010dinski svetnik","office_code":"local_councillor","role_detail":"izvoljen z liste SLOVENSKA DEMOKRATSKA STRANKA","organization":{"name":"Pod\u010detrtek","slug":"podcetrtek"},"since":"2022-11-20","since_precision":"inferred","until":null,"status":"elected","current":true,"sources":[{"authority":"Dr\u017eavna volilna komisija","url":"https:\/\/www.dvk-rs.si\/arhivi\/volitve2022\/lv2022\/data\/prvikrog\/obcine-data\/data_092.json"}]},{"person":{"name":"Janez Ilek","slug":"janez-ilek"},"office":"Ob\u010dinski svetnik","office_code":"local_councillor","role_detail":"izvoljen z liste Na\u0161e Obsotelje","organization":{"name":"Pod\u010detrtek","slug":"podcetrtek"},"since":"2022-11-20","since_precision":"inferred","until":null,"status":"elected","current":true,"sources":[{"authority":"Dr\u017eavna volilna komisija","url":"https:\/\/www.dvk-rs.si\/arhivi\/volitve2022\/lv2022\/data\/prvikrog\/obcine-data\/data_092.json"}]},{"person":{"name":"Andrej \u017dagar","slug":"andrej-zagar"},"office":"Ob\u010dinski svetnik","office_code":"local_councillor","role_detail":"izvoljen z liste ROD Lista za razvoj in obnovo doma","organization":{"name":"Pod\u010detrtek","slug":"podcetrtek"},"since":"2022-11-20","since_precision":"inferred","until":null,"status":"elected","current":true,"sources":[{"authority":"Dr\u017eavna volilna komisija","url":"https:\/\/www.dvk-rs.si\/arhivi\/volitve2022\/lv2022\/data\/prvikrog\/obcine-data\/data_092.json"}]},{"person":{"name":"Vladimir Hrovati\u010d","slug":"vladimir-hrovatic"},"office":"Ob\u010dinski svetnik","office_code":"local_councillor","role_detail":"izvoljen z liste ROD Lista za razvoj in obnovo doma","organization":{"name":"Pod\u010detrtek","slug":"podcetrtek"},"since":"2022-11-20","since_precision":"inferred","until":null,"status":"elected","current":true,"sources":[{"authority":"Dr\u017eavna volilna komisija","url":"https:\/\/www.dvk-rs.si\/arhivi\/volitve2022\/lv2022\/data\/prvikrog\/obcine-data\/data_092.json"}]},{"person":{"name":"Bo\u0161tjan \u0160poljar","slug":"bostjan-spoljar"},"office":"Ob\u010dinski svetnik","office_code":"local_councillor","role_detail":"izvoljen z liste SOCIALNI DEMOKRATI","organization":{"name":"Pod\u010detrtek","slug":"podcetrtek"},"since":"2022-11-20","since_precision":"inferred","until":null,"status":"elected","current":true,"sources":[{"authority":"Dr\u017eavna volilna komisija","url":"https:\/\/www.dvk-rs.si\/arhivi\/volitve2022\/lv2022\/data\/prvikrog\/obcine-data\/data_092.json"}]},{"person":{"name":"Andra\u017e Hostnik","slug":"andraz-hostnik"},"office":"Ob\u010dinski svetnik","office_code":"local_councillor","role_detail":"izvoljen z liste Lista za KS Polje ob Sotli","organization":{"name":"Pod\u010detrtek","slug":"podcetrtek"},"since":"2022-11-20","since_precision":"inferred","until":null,"status":"elected","current":true,"sources":[{"authority":"Dr\u017eavna volilna komisija","url":"https:\/\/www.dvk-rs.si\/arhivi\/volitve2022\/lv2022\/data\/prvikrog\/obcine-data\/data_092.json"}]},{"person":{"name":"Matija Jagri\u010d","slug":"matija-jagric"},"office":"Ob\u010dinski svetnik","office_code":"local_councillor","role_detail":"izvoljen z liste Lista za trajnostni razvoj ob\u010dine Pod\u010detrtek","organization":{"name":"Pod\u010detrtek","slug":"podcetrtek"},"since":"2022-11-20","since_precision":"inferred","until":null,"status":"elected","current":true,"sources":[{"authority":"Dr\u017eavna volilna komisija","url":"https:\/\/www.dvk-rs.si\/arhivi\/volitve2022\/lv2022\/data\/prvikrog\/obcine-data\/data_092.json"}]},{"person":{"name":"Nada Kodrin","slug":"nada-kodrin"},"office":"Ob\u010dinski svetnik","office_code":"local_councillor","role_detail":"izvoljen z liste Lista za trajnostni razvoj ob\u010dine Pod\u010detrtek","organization":{"name":"Pod\u010detrtek","slug":"podcetrtek"},"since":"2022-11-20","since_precision":"inferred","until":null,"status":"elected","current":true,"sources":[{"authority":"Dr\u017eavna volilna komisija","url":"https:\/\/www.dvk-rs.si\/arhivi\/volitve2022\/lv2022\/data\/prvikrog\/obcine-data\/data_092.json"}]},{"person":{"name":"Matja\u017e Prebil","slug":"matjaz-prebil"},"office":"Ob\u010dinski svetnik","office_code":"local_councillor","role_detail":"izvoljen z liste Lista za trajnostni razvoj ob\u010dine Pod\u010detrtek","organization":{"name":"Pod\u010detrtek","slug":"podcetrtek"},"since":"2022-11-20","since_precision":"inferred","until":null,"status":"elected","current":true,"sources":[{"authority":"Dr\u017eavna volilna komisija","url":"https:\/\/www.dvk-rs.si\/arhivi\/volitve2022\/lv2022\/data\/prvikrog\/obcine-data\/data_092.json"}]},{"person":{"name":"Stanko Stres","slug":"stanko-stres"},"office":"Ob\u010dinski svetnik","office_code":"local_councillor","role_detail":"izvoljen z liste Lista za KS Pristavo","organization":{"name":"Pod\u010detrtek","slug":"podcetrtek"},"since":"2022-11-20","since_precision":"inferred","until":null,"status":"elected","current":true,"sources":[{"authority":"Dr\u017eavna volilna komisija","url":"https:\/\/www.dvk-rs.si\/arhivi\/volitve2022\/lv2022\/data\/prvikrog\/obcine-data\/data_092.json"}]},{"person":{"name":"Gojko Lon\u010dari\u010d","slug":"gojko-loncaric"},"office":"Ob\u010dinski svetnik","office_code":"local_councillor","role_detail":"izvoljen z liste Lista za KS Pristavo","organization":{"name":"Pod\u010detrtek","slug":"podcetrtek"},"since":"2022-11-20","since_precision":"inferred","until":null,"status":"elected","current":true,"sources":[{"authority":"Dr\u017eavna volilna komisija","url":"https:\/\/www.dvk-rs.si\/arhivi\/volitve2022\/lv2022\/data\/prvikrog\/obcine-data\/data_092.json"}]},{"person":{"name":"Peter Misja","slug":"peter-misja"},"office":"\u017dupan","office_code":"mayor","role_detail":null,"organization":{"name":"Pod\u010detrtek","slug":"podcetrtek"},"since":"2022-11-20","since_precision":"inferred","until":null,"status":"elected","current":true,"sources":[{"authority":"Dr\u017eavna volilna komisija","url":"https:\/\/www.dvk-rs.si\/arhivi\/volitve2022\/lv2022\/data\/ostale_obcine.json"}]}],"children":[{"slug":"javni-zavod-za-turizem-kulturo-in-sport-podcetrtek","name":"Javni zavod za turizem, kulturo in \u0161port Pod\u010detrtek","type":"public_institute","body_type":null},{"slug":"osnovna-sola-podcetrtek","name":"Osnovna \u0160ola Pod\u010detrtek","type":"public_institute","body_type":null}]}

Podčetrtek

Občina

Trška cesta 059, 3254 PODČETRTEK

Župan

Aleš Drozg

Občinski svetnik

Državna volilna komisija

izvoljen z liste Naše Obsotelje

Andrej Žagar

Vladimir Hrovatič

Boštjan Špoljar

Andraž Hostnik

Matija Jagrič

izvoljen z liste Lista za trajnostni razvoj občine Podčetrtek

Matjaž Prebil

Gojko Lončarič

Javni zavod za turizem, kulturo in šport Podčetrtek

Osnovna Šola Podčetrtek
