{"data":{"slug":"poslanska-skupina-levica-vesna","name":"Poslanska skupina Levica","type":"national_assembly","type_label":"Poslanska skupina","body_type":"parliamentary_group","parent":{"slug":"drzavni-zbor","name":"Dr\u017eavni zbor Republike Slovenije","type":"national_assembly"},"website":null,"phone":null,"address":null,"email":null,"leader":{"name":"Asta Vre\u010dko","person_slug":"asta-vrecko","office":"Vodja poslanske skupine","office_code":"parliamentary_group_leader","since":"2026-07-12"},"image":null,"sources":[{"authority":"Dr\u017eavni zbor Republike Slovenije","url":"https:\/\/fotogalerija.dz-rs.si\/datoteke\/opendata\/SIF.XML"}],"url":"https:\/\/kdo-vodi.si\/organ\/poslanska-skupina-levica-vesna","api_url":"https:\/\/kdo-vodi.si\/api\/v1\/organizations\/poslanska-skupina-levica-vesna"},"office_holders":[{"person":{"name":"Vladimir \u0160ega","slug":"vladimir-sega"},"office":"\u010clan poslanske skupine","office_code":"parliamentary_group_member","role_detail":"\u010dlan poslanske skupine","organization":{"name":"Poslanska skupina Levica","slug":"poslanska-skupina-levica-vesna"},"since":"2026-07-12","since_precision":"at_least","until":null,"status":"serving","current":true,"sources":[{"authority":"Dr\u017eavni zbor Republike Slovenije","url":"https:\/\/fotogalerija.dz-rs.si\/datoteke\/opendata\/SIF.XML"}]},{"person":{"name":"Tina Brecelj","slug":"tina-brecelj"},"office":"\u010clan poslanske skupine","office_code":"parliamentary_group_member","role_detail":"\u010dlan poslanske skupine","organization":{"name":"Poslanska skupina Levica","slug":"poslanska-skupina-levica-vesna"},"since":"2026-07-12","since_precision":"at_least","until":null,"status":"serving","current":true,"sources":[{"authority":"Dr\u017eavni zbor Republike Slovenije","url":"https:\/\/fotogalerija.dz-rs.si\/datoteke\/opendata\/SIF.XML"}]},{"person":{"name":"Luka Mesec","slug":"luka-mesec"},"office":"\u010clan poslanske skupine","office_code":"parliamentary_group_member","role_detail":"\u010dlan poslanske skupine","organization":{"name":"Poslanska skupina Levica","slug":"poslanska-skupina-levica-vesna"},"since":"2026-07-12","since_precision":"at_least","until":null,"status":"serving","current":true,"sources":[{"authority":"Dr\u017eavni zbor Republike Slovenije","url":"https:\/\/fotogalerija.dz-rs.si\/datoteke\/opendata\/SIF.XML"}]},{"person":{"name":"Asta Vre\u010dko","slug":"asta-vrecko"},"office":"Vodja poslanske skupine","office_code":"parliamentary_group_leader","role_detail":"vodja poslanske skupine","organization":{"name":"Poslanska skupina Levica","slug":"poslanska-skupina-levica-vesna"},"since":"2026-07-12","since_precision":"at_least","until":null,"status":"serving","current":true,"sources":[{"authority":"Dr\u017eavni zbor Republike Slovenije","url":"https:\/\/fotogalerija.dz-rs.si\/datoteke\/opendata\/SIF.XML"}]}],"children":[]}

Državni zbor Republike Slovenije

Asta Vrečko

Vladimir Šega

Član poslanske skupine

član poslanske skupine
