{"data":{"slug":"poslanska-skupina-nsi-sls-fokus","name":"Poslanska skupina NSi SLS FOKUS","type":"national_assembly","type_label":"Poslanska skupina","body_type":"parliamentary_group","parent":{"slug":"drzavni-zbor","name":"Dr\u017eavni zbor Republike Slovenije","type":"national_assembly"},"website":null,"phone":null,"address":null,"email":null,"leader":{"name":"Janez \u017dakelj","person_slug":"janez-zakelj","office":"Vodja poslanske skupine","office_code":"parliamentary_group_leader","since":"2026-07-12"},"image":null,"sources":[{"authority":"Dr\u017eavni zbor Republike Slovenije","url":"https:\/\/fotogalerija.dz-rs.si\/datoteke\/opendata\/SIF.XML"}],"url":"https:\/\/kdo-vodi.si\/organ\/poslanska-skupina-nsi-sls-fokus","api_url":"https:\/\/kdo-vodi.si\/api\/v1\/organizations\/poslanska-skupina-nsi-sls-fokus"},"office_holders":[{"person":{"name":"Sre\u010dko Ocvirk","slug":"srecko-ocvirk"},"office":"\u010clan poslanske skupine","office_code":"parliamentary_group_member","role_detail":"\u010dlan poslanske skupine","organization":{"name":"Poslanska skupina NSi SLS FOKUS","slug":"poslanska-skupina-nsi-sls-fokus"},"since":"2026-07-12","since_precision":"at_least","until":null,"status":"serving","current":true,"sources":[{"authority":"Dr\u017eavni zbor Republike Slovenije","url":"https:\/\/fotogalerija.dz-rs.si\/datoteke\/opendata\/SIF.XML"}]},{"person":{"name":"Martin Mikoli\u010d","slug":"martin-mikolic"},"office":"\u010clan poslanske skupine","office_code":"parliamentary_group_member","role_detail":"\u010dlan poslanske skupine","organization":{"name":"Poslanska skupina NSi SLS FOKUS","slug":"poslanska-skupina-nsi-sls-fokus"},"since":"2026-07-12","since_precision":"at_least","until":null,"status":"serving","current":true,"sources":[{"authority":"Dr\u017eavni zbor Republike Slovenije","url":"https:\/\/fotogalerija.dz-rs.si\/datoteke\/opendata\/SIF.XML"}]},{"person":{"name":"Marjeta \u0160mid","slug":"marjeta-smid"},"office":"\u010clan poslanske skupine","office_code":"parliamentary_group_member","role_detail":"\u010dlan poslanske skupine","organization":{"name":"Poslanska skupina NSi SLS FOKUS","slug":"poslanska-skupina-nsi-sls-fokus"},"since":"2026-07-12","since_precision":"at_least","until":null,"status":"serving","current":true,"sources":[{"authority":"Dr\u017eavni zbor Republike Slovenije","url":"https:\/\/fotogalerija.dz-rs.si\/datoteke\/opendata\/SIF.XML"}]},{"person":{"name":"Janez Beja","slug":"janez-beja"},"office":"\u010clan poslanske skupine","office_code":"parliamentary_group_member","role_detail":"\u010dlan poslanske skupine","organization":{"name":"Poslanska skupina NSi SLS FOKUS","slug":"poslanska-skupina-nsi-sls-fokus"},"since":"2026-07-12","since_precision":"at_least","until":null,"status":"serving","current":true,"sources":[{"authority":"Dr\u017eavni zbor Republike Slovenije","url":"https:\/\/fotogalerija.dz-rs.si\/datoteke\/opendata\/SIF.XML"}]},{"person":{"name":"Iva Dimic","slug":"iva-dimic"},"office":"\u010clan poslanske skupine","office_code":"parliamentary_group_member","role_detail":"\u010dlan poslanske skupine","organization":{"name":"Poslanska skupina NSi SLS FOKUS","slug":"poslanska-skupina-nsi-sls-fokus"},"since":"2026-07-12","since_precision":"at_least","until":null,"status":"serving","current":true,"sources":[{"authority":"Dr\u017eavni zbor Republike Slovenije","url":"https:\/\/fotogalerija.dz-rs.si\/datoteke\/opendata\/SIF.XML"}]},{"person":{"name":"Andrej \u010cernigoj","slug":"andrej-cernigoj"},"office":"\u010clan poslanske skupine","office_code":"parliamentary_group_member","role_detail":"\u010dlan poslanske skupine","organization":{"name":"Poslanska skupina NSi SLS FOKUS","slug":"poslanska-skupina-nsi-sls-fokus"},"since":"2026-07-12","since_precision":"at_least","until":null,"status":"serving","current":true,"sources":[{"authority":"Dr\u017eavni zbor Republike Slovenije","url":"https:\/\/fotogalerija.dz-rs.si\/datoteke\/opendata\/SIF.XML"}]},{"person":{"name":"Aleksander Gungl","slug":"aleksander-gungl"},"office":"\u010clan poslanske skupine","office_code":"parliamentary_group_member","role_detail":"\u010dlan poslanske skupine","organization":{"name":"Poslanska skupina NSi SLS FOKUS","slug":"poslanska-skupina-nsi-sls-fokus"},"since":"2026-07-12","since_precision":"at_least","until":null,"status":"serving","current":true,"sources":[{"authority":"Dr\u017eavni zbor Republike Slovenije","url":"https:\/\/fotogalerija.dz-rs.si\/datoteke\/opendata\/SIF.XML"}]},{"person":{"name":"Janez \u017dakelj","slug":"janez-zakelj"},"office":"Vodja poslanske skupine","office_code":"parliamentary_group_leader","role_detail":"vodja poslanske skupine","organization":{"name":"Poslanska skupina NSi SLS FOKUS","slug":"poslanska-skupina-nsi-sls-fokus"},"since":"2026-07-12","since_precision":"at_least","until":null,"status":"serving","current":true,"sources":[{"authority":"Dr\u017eavni zbor Republike Slovenije","url":"https:\/\/fotogalerija.dz-rs.si\/datoteke\/opendata\/SIF.XML"}]}],"children":[]}

Državni zbor Republike Slovenije

Janez Žakelj

Srečko Ocvirk

Član poslanske skupine

član poslanske skupine

Martin Mikolič

Marjeta Šmid

Andrej Černigoj
