{"data":{"slug":"radece","name":"Rade\u010de","type":"municipality","type_label":"Ob\u010dina","body_type":null,"parent":null,"website":null,"phone":null,"address":"Ulica Milana Majcna 001, 1433 RADE\u010cE","email":"info@radece.si","leader":{"name":"Toma\u017e Re\u017eun","person_slug":"tomaz-rezun","office":"\u017dupan","office_code":"mayor","since":"2022-11-20"},"image":null,"sources":[],"url":"https:\/\/kdo-vodi.si\/organ\/radece","api_url":"https:\/\/kdo-vodi.si\/api\/v1\/organizations\/radece"},"office_holders":[{"person":{"name":"Nada Bervar","slug":"nada-bervar"},"office":"Ob\u010dinski svetnik","office_code":"local_councillor","role_detail":"izvoljen z liste SOCIALNI DEMOKRATI","organization":{"name":"Rade\u010de","slug":"radece"},"since":"2022-11-20","since_precision":"inferred","until":null,"status":"elected","current":true,"sources":[{"authority":"Dr\u017eavna volilna komisija","url":"https:\/\/www.dvk-rs.si\/arhivi\/volitve2022\/lv2022\/data\/prvikrog\/obcine-data\/data_099.json"}]},{"person":{"name":"Drago Klan\u0161ek","slug":"drago-klansek"},"office":"Ob\u010dinski svetnik","office_code":"local_councillor","role_detail":"izvoljen z liste SOCIALNI DEMOKRATI","organization":{"name":"Rade\u010de","slug":"radece"},"since":"2022-11-20","since_precision":"inferred","until":null,"status":"elected","current":true,"sources":[{"authority":"Dr\u017eavna volilna komisija","url":"https:\/\/www.dvk-rs.si\/arhivi\/volitve2022\/lv2022\/data\/prvikrog\/obcine-data\/data_099.json"}]},{"person":{"name":"Toma\u017e Novak","slug":"tomaz-novak"},"office":"Ob\u010dinski svetnik","office_code":"local_councillor","role_detail":"izvoljen z liste NOVA SLOVENIJA - KR\u0160\u010cANSKI DEMOKRATI","organization":{"name":"Rade\u010de","slug":"radece"},"since":"2022-11-20","since_precision":"inferred","until":null,"status":"elected","current":true,"sources":[{"authority":"Dr\u017eavna volilna komisija","url":"https:\/\/www.dvk-rs.si\/arhivi\/volitve2022\/lv2022\/data\/prvikrog\/obcine-data\/data_099.json"}]},{"person":{"name":"Helena Bregar \u0160ramel","slug":"helena-bregar-sramel"},"office":"Ob\u010dinski svetnik","office_code":"local_councillor","role_detail":"izvoljen z liste SLOVENSKA DEMOKRATSKA STRANKA","organization":{"name":"Rade\u010de","slug":"radece"},"since":"2022-11-20","since_precision":"inferred","until":null,"status":"elected","current":true,"sources":[{"authority":"Dr\u017eavna volilna komisija","url":"https:\/\/www.dvk-rs.si\/arhivi\/volitve2022\/lv2022\/data\/prvikrog\/obcine-data\/data_099.json"}]},{"person":{"name":"Ur\u0161ka Renko","slug":"urska-renko"},"office":"Ob\u010dinski svetnik","office_code":"local_councillor","role_detail":"izvoljen z liste ZVEZA ZA NAPREDEK RADE\u010c IN RADE\u0160KEGA OBMO\u010cJA","organization":{"name":"Rade\u010de","slug":"radece"},"since":"2022-11-20","since_precision":"inferred","until":null,"status":"elected","current":true,"sources":[{"authority":"Dr\u017eavna volilna komisija","url":"https:\/\/www.dvk-rs.si\/arhivi\/volitve2022\/lv2022\/data\/prvikrog\/obcine-data\/data_099.json"}]},{"person":{"name":"Du\u0161an Podlesnik","slug":"dusan-podlesnik"},"office":"Ob\u010dinski svetnik","office_code":"local_councillor","role_detail":"izvoljen z liste SOCIALNI DEMOKRATI","organization":{"name":"Rade\u010de","slug":"radece"},"since":"2022-11-20","since_precision":"inferred","until":null,"status":"elected","current":true,"sources":[{"authority":"Dr\u017eavna volilna komisija","url":"https:\/\/www.dvk-rs.si\/arhivi\/volitve2022\/lv2022\/data\/prvikrog\/obcine-data\/data_099.json"}]},{"person":{"name":"Marija Imperl","slug":"marija-imperl"},"office":"Ob\u010dinski svetnik","office_code":"local_councillor","role_detail":"izvoljen z liste SOCIALNI DEMOKRATI","organization":{"name":"Rade\u010de","slug":"radece"},"since":"2022-11-20","since_precision":"inferred","until":null,"status":"elected","current":true,"sources":[{"authority":"Dr\u017eavna volilna komisija","url":"https:\/\/www.dvk-rs.si\/arhivi\/volitve2022\/lv2022\/data\/prvikrog\/obcine-data\/data_099.json"}]},{"person":{"name":"Janez Pre\u0161i\u010dek","slug":"janez-presicek"},"office":"Ob\u010dinski svetnik","office_code":"local_councillor","role_detail":"izvoljen z liste SOCIALNI DEMOKRATI","organization":{"name":"Rade\u010de","slug":"radece"},"since":"2022-11-20","since_precision":"inferred","until":null,"status":"elected","current":true,"sources":[{"authority":"Dr\u017eavna volilna komisija","url":"https:\/\/www.dvk-rs.si\/arhivi\/volitve2022\/lv2022\/data\/prvikrog\/obcine-data\/data_099.json"}]},{"person":{"name":"Alenka Bervar","slug":"alenka-bervar"},"office":"Ob\u010dinski svetnik","office_code":"local_councillor","role_detail":"izvoljen z liste SOCIALNI DEMOKRATI","organization":{"name":"Rade\u010de","slug":"radece"},"since":"2022-11-20","since_precision":"inferred","until":null,"status":"elected","current":true,"sources":[{"authority":"Dr\u017eavna volilna komisija","url":"https:\/\/www.dvk-rs.si\/arhivi\/volitve2022\/lv2022\/data\/prvikrog\/obcine-data\/data_099.json"}]},{"person":{"name":"Toma\u017e Re\u017eun","slug":"tomaz-rezun"},"office":"Ob\u010dinski svetnik","office_code":"local_councillor","role_detail":"izvoljen z liste SOCIALNI DEMOKRATI","organization":{"name":"Rade\u010de","slug":"radece"},"since":"2022-11-20","since_precision":"inferred","until":null,"status":"elected","current":true,"sources":[{"authority":"Dr\u017eavna volilna komisija","url":"https:\/\/www.dvk-rs.si\/arhivi\/volitve2022\/lv2022\/data\/prvikrog\/obcine-data\/data_099.json"}]},{"person":{"name":"Miran Prnaver","slug":"miran-prnaver"},"office":"Ob\u010dinski svetnik","office_code":"local_councillor","role_detail":"izvoljen z liste NOVA SLOVENIJA - KR\u0160\u010cANSKI DEMOKRATI","organization":{"name":"Rade\u010de","slug":"radece"},"since":"2022-11-20","since_precision":"inferred","until":null,"status":"elected","current":true,"sources":[{"authority":"Dr\u017eavna volilna komisija","url":"https:\/\/www.dvk-rs.si\/arhivi\/volitve2022\/lv2022\/data\/prvikrog\/obcine-data\/data_099.json"}]},{"person":{"name":"Peter Mlakar","slug":"peter-mlakar"},"office":"Ob\u010dinski svetnik","office_code":"local_councillor","role_detail":"izvoljen z liste SLOVENSKA DEMOKRATSKA STRANKA","organization":{"name":"Rade\u010de","slug":"radece"},"since":"2022-11-20","since_precision":"inferred","until":null,"status":"elected","current":true,"sources":[{"authority":"Dr\u017eavna volilna komisija","url":"https:\/\/www.dvk-rs.si\/arhivi\/volitve2022\/lv2022\/data\/prvikrog\/obcine-data\/data_099.json"}]},{"person":{"name":"Anja Gospodari\u010d","slug":"anja-gospodaric"},"office":"Ob\u010dinski svetnik","office_code":"local_councillor","role_detail":"izvoljen z liste ZVEZA ZA NAPREDEK RADE\u010c IN RADE\u0160KEGA OBMO\u010cJA","organization":{"name":"Rade\u010de","slug":"radece"},"since":"2022-11-20","since_precision":"inferred","until":null,"status":"elected","current":true,"sources":[{"authority":"Dr\u017eavna volilna komisija","url":"https:\/\/www.dvk-rs.si\/arhivi\/volitve2022\/lv2022\/data\/prvikrog\/obcine-data\/data_099.json"}]},{"person":{"name":"Rok Zahrastnik","slug":"rok-zahrastnik"},"office":"Ob\u010dinski svetnik","office_code":"local_councillor","role_detail":"izvoljen z liste ZVEZA ZA NAPREDEK RADE\u010c IN RADE\u0160KEGA OBMO\u010cJA","organization":{"name":"Rade\u010de","slug":"radece"},"since":"2022-11-20","since_precision":"inferred","until":null,"status":"elected","current":true,"sources":[{"authority":"Dr\u017eavna volilna komisija","url":"https:\/\/www.dvk-rs.si\/arhivi\/volitve2022\/lv2022\/data\/prvikrog\/obcine-data\/data_099.json"}]},{"person":{"name":"Breda \u0160uligoj","slug":"breda-suligoj"},"office":"Ob\u010dinski svetnik","office_code":"local_councillor","role_detail":"izvoljen z liste ZVEZA ZA NAPREDEK RADE\u010c IN RADE\u0160KEGA OBMO\u010cJA","organization":{"name":"Rade\u010de","slug":"radece"},"since":"2022-11-20","since_precision":"inferred","until":null,"status":"elected","current":true,"sources":[{"authority":"Dr\u017eavna volilna komisija","url":"https:\/\/www.dvk-rs.si\/arhivi\/volitve2022\/lv2022\/data\/prvikrog\/obcine-data\/data_099.json"}]},{"person":{"name":"Zoran \u010culk","slug":"zoran-culk"},"office":"Ob\u010dinski svetnik","office_code":"local_councillor","role_detail":"izvoljen z liste ZVEZA ZA NAPREDEK RADE\u010c IN RADE\u0160KEGA OBMO\u010cJA","organization":{"name":"Rade\u010de","slug":"radece"},"since":"2022-11-20","since_precision":"inferred","until":null,"status":"elected","current":true,"sources":[{"authority":"Dr\u017eavna volilna komisija","url":"https:\/\/www.dvk-rs.si\/arhivi\/volitve2022\/lv2022\/data\/prvikrog\/obcine-data\/data_099.json"}]},{"person":{"name":"Toma\u017e Re\u017eun","slug":"tomaz-rezun"},"office":"\u017dupan","office_code":"mayor","role_detail":null,"organization":{"name":"Rade\u010de","slug":"radece"},"since":"2022-11-20","since_precision":"inferred","until":null,"status":"elected","current":true,"sources":[{"authority":"Dr\u017eavna volilna komisija","url":"https:\/\/www.dvk-rs.si\/arhivi\/volitve2022\/lv2022\/data\/ostale_obcine.json"}]}],"children":[{"slug":"javni-zavod-glasbena-sola-lasko-radece","name":"Javni zavod Glasbena \u0161ola La\u0161ko - Rade\u010de","type":"public_institute","body_type":null},{"slug":"javni-zavod-osnovna-sola-marjana-nemca-radece","name":"Javni Zavod Osnovna \u0160ola Marjana Nemca Rade\u010de","type":"public_institute","body_type":null},{"slug":"krajevna-skupnost-jagnjenica","name":"Krajevna Skupnost Jagnjenica","type":"local_community","body_type":null},{"slug":"krajevna-skupnost-radece","name":"Krajevna Skupnost Rade\u010de","type":"local_community","body_type":null},{"slug":"krajevna-skupnost-svibno","name":"Krajevna Skupnost Svibno","type":"local_community","body_type":null},{"slug":"krajevna-skupnost-vrhovo","name":"Krajevna Skupnost Vrhovo","type":"local_community","body_type":null},{"slug":"ktrc-kulturno-turisticni-rekreacijski-center-radece","name":"KTRC, Kulturno turisti\u010dni rekreacijski center Rade\u010de","type":"public_institute","body_type":null},{"slug":"zdravstveni-dom-radece","name":"Zdravstveni Dom Rade\u010de","type":"public_institute","body_type":null}]}

Radeče

Občina

Ulica Milana Majcna 001, 1433 RADEČE

Tomaž Režun

Župan

Občinski svetnik

Državna volilna komisija

Drago Klanšek

Tomaž Novak

izvoljen z liste NOVA SLOVENIJA - KRŠČANSKI DEMOKRATI

Helena Bregar Šramel

Urška Renko

izvoljen z liste ZVEZA ZA NAPREDEK RADEČ IN RADEŠKEGA OBMOČJA

Dušan Podlesnik

Janez Prešiček

Anja Gospodarič

Breda Šuligoj

Zoran Čulk

Javni zavod Glasbena šola Laško - Radeče

Javni Zavod Osnovna Šola Marjana Nemca Radeče

Krajevna Skupnost Radeče

KTRC, Kulturno turistični rekreacijski center Radeče

Zdravstveni Dom Radeče
