{"data":{"slug":"radenci","name":"Radenci","type":"municipality","type_label":"Ob\u010dina","body_type":null,"parent":null,"website":null,"phone":null,"address":"Radgonska cesta 009, 9252 RADENCI","email":"obcina@radenci.si","leader":{"name":"Roman Leljak","person_slug":"roman-leljak","office":"\u017dupan","office_code":"mayor","since":"2022-11-20"},"image":{"url":"https:\/\/commons.wikimedia.org\/wiki\/Special:FilePath\/Grb_Ob%C4%8Dine_Radenci.png","attribution":"Wikimedia Commons","source":"https:\/\/commons.wikimedia.org\/wiki\/Special:FilePath\/Grb_Ob%C4%8Dine_Radenci.png","hosted":false},"sources":[],"url":"https:\/\/kdo-vodi.si\/organ\/radenci","api_url":"https:\/\/kdo-vodi.si\/api\/v1\/organizations\/radenci"},"office_holders":[{"person":{"name":"Mihael Klobasa","slug":"mihael-klobasa"},"office":"Ob\u010dinski svetnik","office_code":"local_councillor","role_detail":"izvoljen z liste LISTA ROMANA LELJAKA","organization":{"name":"Radenci","slug":"radenci"},"since":"2022-11-20","since_precision":"inferred","until":null,"status":"elected","current":true,"sources":[{"authority":"Dr\u017eavna volilna komisija","url":"https:\/\/www.dvk-rs.si\/arhivi\/volitve2022\/lv2022\/data\/prvikrog\/obcine-data\/data_100.json"}]},{"person":{"name":"Tina Zver","slug":"tina-zver"},"office":"Ob\u010dinski svetnik","office_code":"local_councillor","role_detail":"izvoljen z liste LISTA ROMANA LELJAKA","organization":{"name":"Radenci","slug":"radenci"},"since":"2022-11-20","since_precision":"inferred","until":null,"status":"elected","current":true,"sources":[{"authority":"Dr\u017eavna volilna komisija","url":"https:\/\/www.dvk-rs.si\/arhivi\/volitve2022\/lv2022\/data\/prvikrog\/obcine-data\/data_100.json"}]},{"person":{"name":"Darjan Megli\u010d","slug":"darjan-meglic"},"office":"Ob\u010dinski svetnik","office_code":"local_councillor","role_detail":"izvoljen z liste LISTA ROMANA LELJAKA","organization":{"name":"Radenci","slug":"radenci"},"since":"2022-11-20","since_precision":"inferred","until":null,"status":"elected","current":true,"sources":[{"authority":"Dr\u017eavna volilna komisija","url":"https:\/\/www.dvk-rs.si\/arhivi\/volitve2022\/lv2022\/data\/prvikrog\/obcine-data\/data_100.json"}]},{"person":{"name":"Helena Hed\u017eet","slug":"helena-hedzet"},"office":"Ob\u010dinski svetnik","office_code":"local_councillor","role_detail":"izvoljen z liste GIBANJE SVOBODA","organization":{"name":"Radenci","slug":"radenci"},"since":"2022-11-20","since_precision":"inferred","until":null,"status":"elected","current":true,"sources":[{"authority":"Dr\u017eavna volilna komisija","url":"https:\/\/www.dvk-rs.si\/arhivi\/volitve2022\/lv2022\/data\/prvikrog\/obcine-data\/data_100.json"}]},{"person":{"name":"Janez Konrad","slug":"janez-konrad"},"office":"Ob\u010dinski svetnik","office_code":"local_councillor","role_detail":"izvoljen z liste GIBANJE SVOBODA","organization":{"name":"Radenci","slug":"radenci"},"since":"2022-11-20","since_precision":"inferred","until":null,"status":"elected","current":true,"sources":[{"authority":"Dr\u017eavna volilna komisija","url":"https:\/\/www.dvk-rs.si\/arhivi\/volitve2022\/lv2022\/data\/prvikrog\/obcine-data\/data_100.json"}]},{"person":{"name":"Sre\u010dko Bodanec","slug":"srecko-bodanec"},"office":"Ob\u010dinski svetnik","office_code":"local_councillor","role_detail":"izvoljen z liste SOCIALNI DEMOKRATI","organization":{"name":"Radenci","slug":"radenci"},"since":"2022-11-20","since_precision":"inferred","until":null,"status":"elected","current":true,"sources":[{"authority":"Dr\u017eavna volilna komisija","url":"https:\/\/www.dvk-rs.si\/arhivi\/volitve2022\/lv2022\/data\/prvikrog\/obcine-data\/data_100.json"}]},{"person":{"name":"Franjo Mulec","slug":"franjo-mulec"},"office":"Ob\u010dinski svetnik","office_code":"local_councillor","role_detail":"izvoljen z liste LISTA ROMANA LELJAKA","organization":{"name":"Radenci","slug":"radenci"},"since":"2022-11-20","since_precision":"inferred","until":null,"status":"elected","current":true,"sources":[{"authority":"Dr\u017eavna volilna komisija","url":"https:\/\/www.dvk-rs.si\/arhivi\/volitve2022\/lv2022\/data\/prvikrog\/obcine-data\/data_100.json"}]},{"person":{"name":"Mojca Smolko","slug":"mojca-smolko"},"office":"Ob\u010dinski svetnik","office_code":"local_councillor","role_detail":"izvoljen z liste LISTA ROMANA LELJAKA","organization":{"name":"Radenci","slug":"radenci"},"since":"2022-11-20","since_precision":"inferred","until":null,"status":"elected","current":true,"sources":[{"authority":"Dr\u017eavna volilna komisija","url":"https:\/\/www.dvk-rs.si\/arhivi\/volitve2022\/lv2022\/data\/prvikrog\/obcine-data\/data_100.json"}]},{"person":{"name":"Miran Jelen","slug":"miran-jelen"},"office":"Ob\u010dinski svetnik","office_code":"local_councillor","role_detail":"izvoljen z liste LISTA ROMANA LELJAKA","organization":{"name":"Radenci","slug":"radenci"},"since":"2022-11-20","since_precision":"inferred","until":null,"status":"elected","current":true,"sources":[{"authority":"Dr\u017eavna volilna komisija","url":"https:\/\/www.dvk-rs.si\/arhivi\/volitve2022\/lv2022\/data\/prvikrog\/obcine-data\/data_100.json"}]},{"person":{"name":"Todor Mitev","slug":"todor-mitev"},"office":"Ob\u010dinski svetnik","office_code":"local_councillor","role_detail":"izvoljen z liste GIBANJE SVOBODA","organization":{"name":"Radenci","slug":"radenci"},"since":"2022-11-20","since_precision":"inferred","until":null,"status":"elected","current":true,"sources":[{"authority":"Dr\u017eavna volilna komisija","url":"https:\/\/www.dvk-rs.si\/arhivi\/volitve2022\/lv2022\/data\/prvikrog\/obcine-data\/data_100.json"}]},{"person":{"name":"Nina Grein","slug":"nina-grein"},"office":"Ob\u010dinski svetnik","office_code":"local_councillor","role_detail":"izvoljen z liste GIBANJE SVOBODA","organization":{"name":"Radenci","slug":"radenci"},"since":"2022-11-20","since_precision":"inferred","until":null,"status":"elected","current":true,"sources":[{"authority":"Dr\u017eavna volilna komisija","url":"https:\/\/www.dvk-rs.si\/arhivi\/volitve2022\/lv2022\/data\/prvikrog\/obcine-data\/data_100.json"}]},{"person":{"name":"Bogdan Lesjak","slug":"bogdan-lesjak"},"office":"Ob\u010dinski svetnik","office_code":"local_councillor","role_detail":"izvoljen z liste GIBANJE SVOBODA","organization":{"name":"Radenci","slug":"radenci"},"since":"2022-11-20","since_precision":"inferred","until":null,"status":"elected","current":true,"sources":[{"authority":"Dr\u017eavna volilna komisija","url":"https:\/\/www.dvk-rs.si\/arhivi\/volitve2022\/lv2022\/data\/prvikrog\/obcine-data\/data_100.json"}]},{"person":{"name":"Drago Kocbek","slug":"drago-kocbek"},"office":"Ob\u010dinski svetnik","office_code":"local_councillor","role_detail":"izvoljen z liste DESUS - DEMOKRATI\u010cNA STRANKA UPOKOJENCEV SLOVENIJE","organization":{"name":"Radenci","slug":"radenci"},"since":"2022-11-20","since_precision":"inferred","until":null,"status":"elected","current":true,"sources":[{"authority":"Dr\u017eavna volilna komisija","url":"https:\/\/www.dvk-rs.si\/arhivi\/volitve2022\/lv2022\/data\/prvikrog\/obcine-data\/data_100.json"}]},{"person":{"name":"Franc Himelrajh","slug":"franc-himelrajh"},"office":"Ob\u010dinski svetnik","office_code":"local_councillor","role_detail":"izvoljen z liste SLOVENSKA DEMOKRATSKA STRANKA","organization":{"name":"Radenci","slug":"radenci"},"since":"2022-11-20","since_precision":"inferred","until":null,"status":"elected","current":true,"sources":[{"authority":"Dr\u017eavna volilna komisija","url":"https:\/\/www.dvk-rs.si\/arhivi\/volitve2022\/lv2022\/data\/prvikrog\/obcine-data\/data_100.json"}]},{"person":{"name":"Marko Krajnc","slug":"marko-krajnc"},"office":"Ob\u010dinski svetnik","office_code":"local_councillor","role_detail":"izvoljen z liste SOCIALNI DEMOKRATI","organization":{"name":"Radenci","slug":"radenci"},"since":"2022-11-20","since_precision":"inferred","until":null,"status":"elected","current":true,"sources":[{"authority":"Dr\u017eavna volilna komisija","url":"https:\/\/www.dvk-rs.si\/arhivi\/volitve2022\/lv2022\/data\/prvikrog\/obcine-data\/data_100.json"}]},{"person":{"name":"Dominik Petko","slug":"dominik-petko"},"office":"Ob\u010dinski svetnik","office_code":"local_councillor","role_detail":"izvoljen z liste NOVA SLOVENIJA - KR\u0160\u010cANSKI DEMOKRATI","organization":{"name":"Radenci","slug":"radenci"},"since":"2022-11-20","since_precision":"inferred","until":null,"status":"elected","current":true,"sources":[{"authority":"Dr\u017eavna volilna komisija","url":"https:\/\/www.dvk-rs.si\/arhivi\/volitve2022\/lv2022\/data\/prvikrog\/obcine-data\/data_100.json"}]},{"person":{"name":"Roman Leljak","slug":"roman-leljak"},"office":"\u017dupan","office_code":"mayor","role_detail":null,"organization":{"name":"Radenci","slug":"radenci"},"since":"2022-11-20","since_precision":"inferred","until":null,"status":"elected","current":true,"sources":[{"authority":"Dr\u017eavna volilna komisija","url":"https:\/\/www.dvk-rs.si\/arhivi\/volitve2022\/lv2022\/data\/ostale_obcine.json"}]}],"children":[{"slug":"krajevna-skupnost-kapela","name":"Krajevna Skupnost Kapela","type":"local_community","body_type":null},{"slug":"krajevna-skupnost-radenci","name":"Krajevna Skupnost Radenci","type":"local_community","body_type":null},{"slug":"osnovna-sola-kajetana-kovica-radenci","name":"Osnovna \u0161ola Kajetana Kovi\u010da Radenci","type":"public_institute","body_type":null},{"slug":"osnovna-sola-kapela","name":"Osnovna \u0160ola Kapela","type":"public_institute","body_type":null},{"slug":"vrtec-radenci-radenski-mehurcki","name":"Vrtec Radenci - Radenski Mehur\u010dki","type":"public_institute","body_type":null}]}

Občina

Župan

Občinski svetnik

Državna volilna komisija

Darjan Meglič

Helena Hedžet

Srečko Bodanec

izvoljen z liste DESUS - DEMOKRATIČNA STRANKA UPOKOJENCEV SLOVENIJE

izvoljen z liste NOVA SLOVENIJA - KRŠČANSKI DEMOKRATI

Osnovna šola Kajetana Koviča Radenci

Osnovna Šola Kapela

Vrtec Radenci - Radenski Mehurčki
