{"data":{"slug":"radlje-ob-dravi","name":"Radlje ob Dravi","type":"municipality","type_label":"Ob\u010dina","body_type":null,"parent":null,"website":null,"phone":null,"address":"Mariborska cesta 007, 2360 RADLJE OB DRAVI","email":"obcina.radlje@radlje.si","leader":{"name":"Alan Bukovnik","person_slug":"alan-bukovnik","office":"\u017dupan","office_code":"mayor","since":"2022-11-20"},"image":null,"sources":[],"url":"https:\/\/kdo-vodi.si\/organ\/radlje-ob-dravi","api_url":"https:\/\/kdo-vodi.si\/api\/v1\/organizations\/radlje-ob-dravi"},"office_holders":[{"person":{"name":"Sa\u0161o Gr\u00f6gl","slug":"saso-grogl"},"office":"Ob\u010dinski svetnik","office_code":"local_councillor","role_detail":"izvoljen z liste LISTA ALAN BUKOVNIK IN EKIPA","organization":{"name":"Radlje ob Dravi","slug":"radlje-ob-dravi"},"since":"2022-11-20","since_precision":"inferred","until":null,"status":"elected","current":true,"sources":[{"authority":"Dr\u017eavna volilna komisija","url":"https:\/\/www.dvk-rs.si\/arhivi\/volitve2022\/lv2022\/data\/prvikrog\/obcine-data\/data_101.json"}]},{"person":{"name":"Marjanca Mer\u0161nik","slug":"marjanca-mersnik"},"office":"Ob\u010dinski svetnik","office_code":"local_councillor","role_detail":"izvoljen z liste LISTA ALAN BUKOVNIK IN EKIPA","organization":{"name":"Radlje ob Dravi","slug":"radlje-ob-dravi"},"since":"2022-11-20","since_precision":"inferred","until":null,"status":"elected","current":true,"sources":[{"authority":"Dr\u017eavna volilna komisija","url":"https:\/\/www.dvk-rs.si\/arhivi\/volitve2022\/lv2022\/data\/prvikrog\/obcine-data\/data_101.json"}]},{"person":{"name":"Denis Pavli\u010d","slug":"denis-pavlic"},"office":"Ob\u010dinski svetnik","office_code":"local_councillor","role_detail":"izvoljen z liste SLOVENSKA LJUDSKA STRANKA","organization":{"name":"Radlje ob Dravi","slug":"radlje-ob-dravi"},"since":"2022-11-20","since_precision":"inferred","until":null,"status":"elected","current":true,"sources":[{"authority":"Dr\u017eavna volilna komisija","url":"https:\/\/www.dvk-rs.si\/arhivi\/volitve2022\/lv2022\/data\/prvikrog\/obcine-data\/data_101.json"}]},{"person":{"name":"Metka Erjavec","slug":"metka-erjavec"},"office":"Ob\u010dinski svetnik","office_code":"local_councillor","role_detail":"izvoljen z liste GIBANJE SVOBODA","organization":{"name":"Radlje ob Dravi","slug":"radlje-ob-dravi"},"since":"2022-11-20","since_precision":"inferred","until":null,"status":"elected","current":true,"sources":[{"authority":"Dr\u017eavna volilna komisija","url":"https:\/\/www.dvk-rs.si\/arhivi\/volitve2022\/lv2022\/data\/prvikrog\/obcine-data\/data_101.json"}]},{"person":{"name":"Vera Novak","slug":"vera-novak"},"office":"Ob\u010dinski svetnik","office_code":"local_councillor","role_detail":"izvoljen z liste SLOVENSKA DEMOKRATSKA STRANKA","organization":{"name":"Radlje ob Dravi","slug":"radlje-ob-dravi"},"since":"2022-11-20","since_precision":"inferred","until":null,"status":"elected","current":true,"sources":[{"authority":"Dr\u017eavna volilna komisija","url":"https:\/\/www.dvk-rs.si\/arhivi\/volitve2022\/lv2022\/data\/prvikrog\/obcine-data\/data_101.json"}]},{"person":{"name":"Ivana Kus","slug":"ivana-kus"},"office":"Ob\u010dinski svetnik","office_code":"local_councillor","role_detail":"izvoljen z liste LISTA ALAN BUKOVNIK IN EKIPA","organization":{"name":"Radlje ob Dravi","slug":"radlje-ob-dravi"},"since":"2022-11-20","since_precision":"inferred","until":null,"status":"elected","current":true,"sources":[{"authority":"Dr\u017eavna volilna komisija","url":"https:\/\/www.dvk-rs.si\/arhivi\/volitve2022\/lv2022\/data\/prvikrog\/obcine-data\/data_101.json"}]},{"person":{"name":"Ivan Su\u0161nik","slug":"ivan-susnik"},"office":"Ob\u010dinski svetnik","office_code":"local_councillor","role_detail":"izvoljen z liste LISTA ALAN BUKOVNIK IN EKIPA","organization":{"name":"Radlje ob Dravi","slug":"radlje-ob-dravi"},"since":"2022-11-20","since_precision":"inferred","until":null,"status":"elected","current":true,"sources":[{"authority":"Dr\u017eavna volilna komisija","url":"https:\/\/www.dvk-rs.si\/arhivi\/volitve2022\/lv2022\/data\/prvikrog\/obcine-data\/data_101.json"}]},{"person":{"name":"Adrijana Vajs","slug":"adrijana-vajs"},"office":"Ob\u010dinski svetnik","office_code":"local_councillor","role_detail":"izvoljen z liste LISTA ALAN BUKOVNIK IN EKIPA","organization":{"name":"Radlje ob Dravi","slug":"radlje-ob-dravi"},"since":"2022-11-20","since_precision":"inferred","until":null,"status":"elected","current":true,"sources":[{"authority":"Dr\u017eavna volilna komisija","url":"https:\/\/www.dvk-rs.si\/arhivi\/volitve2022\/lv2022\/data\/prvikrog\/obcine-data\/data_101.json"}]},{"person":{"name":"Robert Potnik","slug":"robert-potnik"},"office":"Ob\u010dinski svetnik","office_code":"local_councillor","role_detail":"izvoljen z liste LISTA ALAN BUKOVNIK IN EKIPA","organization":{"name":"Radlje ob Dravi","slug":"radlje-ob-dravi"},"since":"2022-11-20","since_precision":"inferred","until":null,"status":"elected","current":true,"sources":[{"authority":"Dr\u017eavna volilna komisija","url":"https:\/\/www.dvk-rs.si\/arhivi\/volitve2022\/lv2022\/data\/prvikrog\/obcine-data\/data_101.json"}]},{"person":{"name":"Brigita Tr\u0161ar","slug":"brigita-trsar"},"office":"Ob\u010dinski svetnik","office_code":"local_councillor","role_detail":"izvoljen z liste LISTA ALAN BUKOVNIK IN EKIPA","organization":{"name":"Radlje ob Dravi","slug":"radlje-ob-dravi"},"since":"2022-11-20","since_precision":"inferred","until":null,"status":"elected","current":true,"sources":[{"authority":"Dr\u017eavna volilna komisija","url":"https:\/\/www.dvk-rs.si\/arhivi\/volitve2022\/lv2022\/data\/prvikrog\/obcine-data\/data_101.json"}]},{"person":{"name":"Alan Bukovnik","slug":"alan-bukovnik"},"office":"Ob\u010dinski svetnik","office_code":"local_councillor","role_detail":"izvoljen z liste LISTA ALAN BUKOVNIK IN EKIPA","organization":{"name":"Radlje ob Dravi","slug":"radlje-ob-dravi"},"since":"2022-11-20","since_precision":"inferred","until":null,"status":"elected","current":true,"sources":[{"authority":"Dr\u017eavna volilna komisija","url":"https:\/\/www.dvk-rs.si\/arhivi\/volitve2022\/lv2022\/data\/prvikrog\/obcine-data\/data_101.json"}]},{"person":{"name":"Dominika Karlatec","slug":"dominika-karlatec"},"office":"Ob\u010dinski svetnik","office_code":"local_councillor","role_detail":"izvoljen z liste SLOVENSKA LJUDSKA STRANKA","organization":{"name":"Radlje ob Dravi","slug":"radlje-ob-dravi"},"since":"2022-11-20","since_precision":"inferred","until":null,"status":"elected","current":true,"sources":[{"authority":"Dr\u017eavna volilna komisija","url":"https:\/\/www.dvk-rs.si\/arhivi\/volitve2022\/lv2022\/data\/prvikrog\/obcine-data\/data_101.json"}]},{"person":{"name":"Vojko Gmajner","slug":"vojko-gmajner"},"office":"Ob\u010dinski svetnik","office_code":"local_councillor","role_detail":"izvoljen z liste GIBANJE SVOBODA","organization":{"name":"Radlje ob Dravi","slug":"radlje-ob-dravi"},"since":"2022-11-20","since_precision":"inferred","until":null,"status":"elected","current":true,"sources":[{"authority":"Dr\u017eavna volilna komisija","url":"https:\/\/www.dvk-rs.si\/arhivi\/volitve2022\/lv2022\/data\/prvikrog\/obcine-data\/data_101.json"}]},{"person":{"name":"Dejan Kresnik","slug":"dejan-kresnik"},"office":"Ob\u010dinski svetnik","office_code":"local_councillor","role_detail":"izvoljen z liste SLOVENSKA DEMOKRATSKA STRANKA","organization":{"name":"Radlje ob Dravi","slug":"radlje-ob-dravi"},"since":"2022-11-20","since_precision":"inferred","until":null,"status":"elected","current":true,"sources":[{"authority":"Dr\u017eavna volilna komisija","url":"https:\/\/www.dvk-rs.si\/arhivi\/volitve2022\/lv2022\/data\/prvikrog\/obcine-data\/data_101.json"}]},{"person":{"name":"Alenka Helbl","slug":"alenka-helbl"},"office":"Ob\u010dinski svetnik","office_code":"local_councillor","role_detail":"izvoljen z liste SLOVENSKA DEMOKRATSKA STRANKA","organization":{"name":"Radlje ob Dravi","slug":"radlje-ob-dravi"},"since":"2022-11-20","since_precision":"inferred","until":null,"status":"elected","current":true,"sources":[{"authority":"Dr\u017eavna volilna komisija","url":"https:\/\/www.dvk-rs.si\/arhivi\/volitve2022\/lv2022\/data\/prvikrog\/obcine-data\/data_101.json"}]},{"person":{"name":"Silvo Pinter","slug":"silvo-pinter"},"office":"Ob\u010dinski svetnik","office_code":"local_councillor","role_detail":"izvoljen z liste GREMO NAPREJ! LISTA ZA OB\u010cINO RADLJE OB DRAVI","organization":{"name":"Radlje ob Dravi","slug":"radlje-ob-dravi"},"since":"2022-11-20","since_precision":"inferred","until":null,"status":"elected","current":true,"sources":[{"authority":"Dr\u017eavna volilna komisija","url":"https:\/\/www.dvk-rs.si\/arhivi\/volitve2022\/lv2022\/data\/prvikrog\/obcine-data\/data_101.json"}]},{"person":{"name":"Alan Bukovnik","slug":"alan-bukovnik"},"office":"\u017dupan","office_code":"mayor","role_detail":null,"organization":{"name":"Radlje ob Dravi","slug":"radlje-ob-dravi"},"since":"2022-11-20","since_precision":"inferred","until":null,"status":"elected","current":true,"sources":[{"authority":"Dr\u017eavna volilna komisija","url":"https:\/\/www.dvk-rs.si\/arhivi\/volitve2022\/lv2022\/data\/ostale_obcine.json"}]}],"children":[{"slug":"glasbena-sola-radlje-ob-dravi","name":"Glasbena \u0160ola Radlje Ob Dravi","type":"public_institute","body_type":null},{"slug":"knjiznica-radlje-ob-dravi","name":"Knji\u017enica Radlje Ob Dravi","type":"public_institute","body_type":null},{"slug":"krajevna-skupnost-radlje-ob-dravi","name":"Krajevna Skupnost Radlje Ob Dravi","type":"local_community","body_type":null},{"slug":"krajevna-skupnost-remsnik","name":"Krajevna Skupnost Rem\u0161nik","type":"local_community","body_type":null},{"slug":"krajevna-skupnost-sveti-anton-na-pohorju","name":"Krajevna Skupnost Sveti Anton Na Pohorju","type":"local_community","body_type":null},{"slug":"krajevna-skupnost-vuhred","name":"Krajevna Skupnost Vuhred","type":"local_community","body_type":null},{"slug":"osnovna-sola-radlje-ob-dravi","name":"Osnovna \u0160ola Radlje Ob Dravi","type":"public_institute","body_type":null},{"slug":"razvojno-socialni-zavod-radlje-ob-dravi","name":"Razvojno Socialni Zavod Radlje Ob Dravi","type":"public_institute","body_type":null},{"slug":"zdravstveni-dom-radlje-ob-dravi","name":"Zdravstveni Dom Radlje Ob Dravi","type":"public_institute","body_type":null}]}

Občina

Župan

Sašo Grögl

Občinski svetnik

Državna volilna komisija

Marjanca Meršnik

Denis Pavlič

Ivan Sušnik

Brigita Tršar

izvoljen z liste GREMO NAPREJ! LISTA ZA OBČINO RADLJE OB DRAVI

Glasbena Šola Radlje Ob Dravi

Knjižnica Radlje Ob Dravi

Krajevna Skupnost Remšnik

Osnovna Šola Radlje Ob Dravi
