{"data":{"slug":"recica-ob-savinji","name":"Re\u010dica ob Savinji","type":"municipality","type_label":"Ob\u010dina","body_type":null,"parent":null,"website":null,"phone":null,"address":"Re\u010dica ob Savinji 055, 3332 RE\u010cICA OB SAVINJI","email":"tajnistvo@obcina-recica.si","leader":{"name":"Majda Poto\u010dnik","person_slug":"majda-potocnik","office":"\u017dupan","office_code":"mayor","since":"2022-11-20"},"image":null,"sources":[],"url":"https:\/\/kdo-vodi.si\/organ\/recica-ob-savinji","api_url":"https:\/\/kdo-vodi.si\/api\/v1\/organizations\/recica-ob-savinji"},"office_holders":[{"person":{"name":"Bla\u017e Bitenc","slug":"blaz-bitenc"},"office":"Ob\u010dinski svetnik","office_code":"local_councillor","role_detail":"izvoljen z liste \u0160PELA KUMER in skupina volivcev","organization":{"name":"Re\u010dica ob Savinji","slug":"recica-ob-savinji"},"since":"2022-11-20","since_precision":"inferred","until":null,"status":"elected","current":true,"sources":[{"authority":"Dr\u017eavna volilna komisija","url":"https:\/\/www.dvk-rs.si\/arhivi\/volitve2022\/lv2022\/data\/prvikrog\/obcine-data\/data_209.json"}]},{"person":{"name":"Barbara \u017dlebnik","slug":"barbara-zlebnik"},"office":"Ob\u010dinski svetnik","office_code":"local_councillor","role_detail":"izvoljen z liste ALE\u0160 KRAN\u010cI\u010c in skupina volivcev","organization":{"name":"Re\u010dica ob Savinji","slug":"recica-ob-savinji"},"since":"2022-11-20","since_precision":"inferred","until":null,"status":"elected","current":true,"sources":[{"authority":"Dr\u017eavna volilna komisija","url":"https:\/\/www.dvk-rs.si\/arhivi\/volitve2022\/lv2022\/data\/prvikrog\/obcine-data\/data_209.json"}]},{"person":{"name":"Polonca Kolenc Ozimic","slug":"polonca-kolenc-ozimic"},"office":"Ob\u010dinski svetnik","office_code":"local_councillor","role_detail":"izvoljen z liste SLOVENSKA LJUDSKA STRANKA","organization":{"name":"Re\u010dica ob Savinji","slug":"recica-ob-savinji"},"since":"2022-11-20","since_precision":"inferred","until":null,"status":"elected","current":true,"sources":[{"authority":"Dr\u017eavna volilna komisija","url":"https:\/\/www.dvk-rs.si\/arhivi\/volitve2022\/lv2022\/data\/prvikrog\/obcine-data\/data_209.json"}]},{"person":{"name":"Ivan Kramer","slug":"ivan-kramer"},"office":"Ob\u010dinski svetnik","office_code":"local_councillor","role_detail":"izvoljen z liste SABINA KRAMER in skupina volivcev","organization":{"name":"Re\u010dica ob Savinji","slug":"recica-ob-savinji"},"since":"2022-11-20","since_precision":"inferred","until":null,"status":"elected","current":true,"sources":[{"authority":"Dr\u017eavna volilna komisija","url":"https:\/\/www.dvk-rs.si\/arhivi\/volitve2022\/lv2022\/data\/prvikrog\/obcine-data\/data_209.json"}]},{"person":{"name":"Ana Prislan","slug":"ana-prislan"},"office":"Ob\u010dinski svetnik","office_code":"local_councillor","role_detail":"izvoljen z liste SLOVENSKA LJUDSKA STRANKA","organization":{"name":"Re\u010dica ob Savinji","slug":"recica-ob-savinji"},"since":"2022-11-20","since_precision":"inferred","until":null,"status":"elected","current":true,"sources":[{"authority":"Dr\u017eavna volilna komisija","url":"https:\/\/www.dvk-rs.si\/arhivi\/volitve2022\/lv2022\/data\/prvikrog\/obcine-data\/data_209.json"}]},{"person":{"name":"Franc Bastl","slug":"franc-bastl"},"office":"Ob\u010dinski svetnik","office_code":"local_councillor","role_detail":"izvoljen z liste JO\u017dICA JURAK in skupina volivcev","organization":{"name":"Re\u010dica ob Savinji","slug":"recica-ob-savinji"},"since":"2022-11-20","since_precision":"inferred","until":null,"status":"elected","current":true,"sources":[{"authority":"Dr\u017eavna volilna komisija","url":"https:\/\/www.dvk-rs.si\/arhivi\/volitve2022\/lv2022\/data\/prvikrog\/obcine-data\/data_209.json"}]},{"person":{"name":"Peter Kolenc","slug":"peter-kolenc"},"office":"Ob\u010dinski svetnik","office_code":"local_councillor","role_detail":"izvoljen z liste SLOVENSKA DEMOKRATSKA STRANKA","organization":{"name":"Re\u010dica ob Savinji","slug":"recica-ob-savinji"},"since":"2022-11-20","since_precision":"inferred","until":null,"status":"elected","current":true,"sources":[{"authority":"Dr\u017eavna volilna komisija","url":"https:\/\/www.dvk-rs.si\/arhivi\/volitve2022\/lv2022\/data\/prvikrog\/obcine-data\/data_209.json"}]},{"person":{"name":"Mojca Eremita","slug":"mojca-eremita"},"office":"Ob\u010dinski svetnik","office_code":"local_councillor","role_detail":"izvoljen z liste VESNA - zelena stranka","organization":{"name":"Re\u010dica ob Savinji","slug":"recica-ob-savinji"},"since":"2022-11-20","since_precision":"inferred","until":null,"status":"elected","current":true,"sources":[{"authority":"Dr\u017eavna volilna komisija","url":"https:\/\/www.dvk-rs.si\/arhivi\/volitve2022\/lv2022\/data\/prvikrog\/obcine-data\/data_209.json"}]},{"person":{"name":"Karmen Rov\u0161nik","slug":"karmen-rovsnik"},"office":"Ob\u010dinski svetnik","office_code":"local_councillor","role_detail":"izvoljen z liste MARKO ATEL\u0160EK in skupina volivcev","organization":{"name":"Re\u010dica ob Savinji","slug":"recica-ob-savinji"},"since":"2022-11-20","since_precision":"inferred","until":null,"status":"elected","current":true,"sources":[{"authority":"Dr\u017eavna volilna komisija","url":"https:\/\/www.dvk-rs.si\/arhivi\/volitve2022\/lv2022\/data\/prvikrog\/obcine-data\/data_209.json"}]},{"person":{"name":"Majda Poto\u010dnik","slug":"majda-potocnik"},"office":"\u017dupan","office_code":"mayor","role_detail":null,"organization":{"name":"Re\u010dica ob Savinji","slug":"recica-ob-savinji"},"since":"2022-11-20","since_precision":"inferred","until":null,"status":"elected","current":true,"sources":[{"authority":"Dr\u017eavna volilna komisija","url":"https:\/\/www.dvk-rs.si\/arhivi\/volitve2022\/lv2022\/data\/ostale_obcine.json"}]}],"children":[]}

Rečica ob Savinji

Občina

Rečica ob Savinji 055, 3332 REČICA OB SAVINJI

Majda Potočnik

Župan

Blaž Bitenc

Občinski svetnik

izvoljen z liste ŠPELA KUMER in skupina volivcev

Državna volilna komisija

Barbara Žlebnik

izvoljen z liste ALEŠ KRANČIČ in skupina volivcev

izvoljen z liste JOŽICA JURAK in skupina volivcev

Karmen Rovšnik

izvoljen z liste MARKO ATELŠEK in skupina volivcev
