{"data":{"slug":"selnica-ob-dravi","name":"Selnica ob Dravi","type":"municipality","type_label":"Ob\u010dina","body_type":null,"parent":null,"website":null,"phone":null,"address":"Slovenski trg 004, 2352 SELNICA OB DRAVI","email":"info@selnica.si","leader":{"name":"Vlasta Krmelj","person_slug":"vlasta-krmelj","office":"\u017dupan","office_code":"mayor","since":"2022-11-20"},"image":null,"sources":[],"url":"https:\/\/kdo-vodi.si\/organ\/selnica-ob-dravi","api_url":"https:\/\/kdo-vodi.si\/api\/v1\/organizations\/selnica-ob-dravi"},"office_holders":[{"person":{"name":"Slobodan Tatalovi\u0107","slug":"slobodan-tatalovic"},"office":"Ob\u010dinski svetnik","office_code":"local_councillor","role_detail":"izvoljen z liste LISTA ZA RAZVOJ PODE\u017dELJA","organization":{"name":"Selnica ob Dravi","slug":"selnica-ob-dravi"},"since":"2022-11-20","since_precision":"inferred","until":null,"status":"elected","current":true,"sources":[{"authority":"Dr\u017eavna volilna komisija","url":"https:\/\/www.dvk-rs.si\/arhivi\/volitve2022\/lv2022\/data\/prvikrog\/obcine-data\/data_178.json"}]},{"person":{"name":"Nina Homer Rauh","slug":"nina-homer-rauh"},"office":"Ob\u010dinski svetnik","office_code":"local_councillor","role_detail":"izvoljen z liste NEODVISNA LISTA ZA VARNOST IN POMO\u010c V OB\u010cINI SELNICA OB DRAVI - NLVP","organization":{"name":"Selnica ob Dravi","slug":"selnica-ob-dravi"},"since":"2022-11-20","since_precision":"inferred","until":null,"status":"elected","current":true,"sources":[{"authority":"Dr\u017eavna volilna komisija","url":"https:\/\/www.dvk-rs.si\/arhivi\/volitve2022\/lv2022\/data\/prvikrog\/obcine-data\/data_178.json"}]},{"person":{"name":"Martin De\u017eelak","slug":"martin-dezelak"},"office":"Ob\u010dinski svetnik","office_code":"local_councillor","role_detail":"izvoljen z liste NEODVISNA LISTA ZA VARNOST IN POMO\u010c V OB\u010cINI SELNICA OB DRAVI - NLVP","organization":{"name":"Selnica ob Dravi","slug":"selnica-ob-dravi"},"since":"2022-11-20","since_precision":"inferred","until":null,"status":"elected","current":true,"sources":[{"authority":"Dr\u017eavna volilna komisija","url":"https:\/\/www.dvk-rs.si\/arhivi\/volitve2022\/lv2022\/data\/prvikrog\/obcine-data\/data_178.json"}]},{"person":{"name":"O\u017ebej O\u010dko","slug":"ozbej-ocko"},"office":"Ob\u010dinski svetnik","office_code":"local_councillor","role_detail":"izvoljen z liste SOCIALNI DEMOKRATI","organization":{"name":"Selnica ob Dravi","slug":"selnica-ob-dravi"},"since":"2022-11-20","since_precision":"inferred","until":null,"status":"elected","current":true,"sources":[{"authority":"Dr\u017eavna volilna komisija","url":"https:\/\/www.dvk-rs.si\/arhivi\/volitve2022\/lv2022\/data\/prvikrog\/obcine-data\/data_178.json"}]},{"person":{"name":"\u0160tefan Lazar","slug":"stefan-lazar"},"office":"Ob\u010dinski svetnik","office_code":"local_councillor","role_detail":"izvoljen z liste SOCIALNI DEMOKRATI","organization":{"name":"Selnica ob Dravi","slug":"selnica-ob-dravi"},"since":"2022-11-20","since_precision":"inferred","until":null,"status":"elected","current":true,"sources":[{"authority":"Dr\u017eavna volilna komisija","url":"https:\/\/www.dvk-rs.si\/arhivi\/volitve2022\/lv2022\/data\/prvikrog\/obcine-data\/data_178.json"}]},{"person":{"name":"Vladimir Sabolek","slug":"vladimir-sabolek"},"office":"Ob\u010dinski svetnik","office_code":"local_councillor","role_detail":"izvoljen z liste DESUS - DEMOKRATI\u010cNA STRANKA UPOKOJENCEV SLOVENIJE","organization":{"name":"Selnica ob Dravi","slug":"selnica-ob-dravi"},"since":"2022-11-20","since_precision":"inferred","until":null,"status":"elected","current":true,"sources":[{"authority":"Dr\u017eavna volilna komisija","url":"https:\/\/www.dvk-rs.si\/arhivi\/volitve2022\/lv2022\/data\/prvikrog\/obcine-data\/data_178.json"}]},{"person":{"name":"Matej Koren","slug":"matej-koren"},"office":"Ob\u010dinski svetnik","office_code":"local_councillor","role_detail":"izvoljen z liste LISTA ZA KULTURO IN RAZVOJ","organization":{"name":"Selnica ob Dravi","slug":"selnica-ob-dravi"},"since":"2022-11-20","since_precision":"inferred","until":null,"status":"elected","current":true,"sources":[{"authority":"Dr\u017eavna volilna komisija","url":"https:\/\/www.dvk-rs.si\/arhivi\/volitve2022\/lv2022\/data\/prvikrog\/obcine-data\/data_178.json"}]},{"person":{"name":"Mojca Gregori\u010d","slug":"mojca-gregoric"},"office":"Ob\u010dinski svetnik","office_code":"local_councillor","role_detail":"izvoljen z liste SLOVENSKA DEMOKRATSKA STRANKA","organization":{"name":"Selnica ob Dravi","slug":"selnica-ob-dravi"},"since":"2022-11-20","since_precision":"inferred","until":null,"status":"elected","current":true,"sources":[{"authority":"Dr\u017eavna volilna komisija","url":"https:\/\/www.dvk-rs.si\/arhivi\/volitve2022\/lv2022\/data\/prvikrog\/obcine-data\/data_178.json"}]},{"person":{"name":"Marko Homer","slug":"marko-homer"},"office":"Ob\u010dinski svetnik","office_code":"local_councillor","role_detail":"izvoljen z liste SLOVENSKA DEMOKRATSKA STRANKA","organization":{"name":"Selnica ob Dravi","slug":"selnica-ob-dravi"},"since":"2022-11-20","since_precision":"inferred","until":null,"status":"elected","current":true,"sources":[{"authority":"Dr\u017eavna volilna komisija","url":"https:\/\/www.dvk-rs.si\/arhivi\/volitve2022\/lv2022\/data\/prvikrog\/obcine-data\/data_178.json"}]},{"person":{"name":"Bernarda Mandres","slug":"bernarda-mandres"},"office":"Ob\u010dinski svetnik","office_code":"local_councillor","role_detail":"izvoljen z liste SLOVENSKA DEMOKRATSKA STRANKA","organization":{"name":"Selnica ob Dravi","slug":"selnica-ob-dravi"},"since":"2022-11-20","since_precision":"inferred","until":null,"status":"elected","current":true,"sources":[{"authority":"Dr\u017eavna volilna komisija","url":"https:\/\/www.dvk-rs.si\/arhivi\/volitve2022\/lv2022\/data\/prvikrog\/obcine-data\/data_178.json"}]},{"person":{"name":"Branko Vali\u0161er","slug":"branko-valiser"},"office":"Ob\u010dinski svetnik","office_code":"local_councillor","role_detail":"izvoljen z liste SLOVENSKA DEMOKRATSKA STRANKA","organization":{"name":"Selnica ob Dravi","slug":"selnica-ob-dravi"},"since":"2022-11-20","since_precision":"inferred","until":null,"status":"elected","current":true,"sources":[{"authority":"Dr\u017eavna volilna komisija","url":"https:\/\/www.dvk-rs.si\/arhivi\/volitve2022\/lv2022\/data\/prvikrog\/obcine-data\/data_178.json"}]},{"person":{"name":"Vlasta Krmelj","slug":"vlasta-krmelj"},"office":"Ob\u010dinski svetnik","office_code":"local_councillor","role_detail":"izvoljen z liste SLOVENSKA DEMOKRATSKA STRANKA","organization":{"name":"Selnica ob Dravi","slug":"selnica-ob-dravi"},"since":"2022-11-20","since_precision":"inferred","until":null,"status":"elected","current":true,"sources":[{"authority":"Dr\u017eavna volilna komisija","url":"https:\/\/www.dvk-rs.si\/arhivi\/volitve2022\/lv2022\/data\/prvikrog\/obcine-data\/data_178.json"}]},{"person":{"name":"Darko Flakus","slug":"darko-flakus"},"office":"Ob\u010dinski svetnik","office_code":"local_councillor","role_detail":"izvoljen z liste GIBANJE SVOBODA","organization":{"name":"Selnica ob Dravi","slug":"selnica-ob-dravi"},"since":"2022-11-20","since_precision":"inferred","until":null,"status":"elected","current":true,"sources":[{"authority":"Dr\u017eavna volilna komisija","url":"https:\/\/www.dvk-rs.si\/arhivi\/volitve2022\/lv2022\/data\/prvikrog\/obcine-data\/data_178.json"}]},{"person":{"name":"Rija Erve\u0161","slug":"rija-erves"},"office":"Ob\u010dinski svetnik","office_code":"local_councillor","role_detail":"izvoljen z liste GIBANJE SVOBODA","organization":{"name":"Selnica ob Dravi","slug":"selnica-ob-dravi"},"since":"2022-11-20","since_precision":"inferred","until":null,"status":"elected","current":true,"sources":[{"authority":"Dr\u017eavna volilna komisija","url":"https:\/\/www.dvk-rs.si\/arhivi\/volitve2022\/lv2022\/data\/prvikrog\/obcine-data\/data_178.json"}]},{"person":{"name":"Jurij Lep","slug":"jurij-lep"},"office":"Ob\u010dinski svetnik","office_code":"local_councillor","role_detail":"izvoljen z liste GIBANJE SVOBODA","organization":{"name":"Selnica ob Dravi","slug":"selnica-ob-dravi"},"since":"2022-11-20","since_precision":"inferred","until":null,"status":"elected","current":true,"sources":[{"authority":"Dr\u017eavna volilna komisija","url":"https:\/\/www.dvk-rs.si\/arhivi\/volitve2022\/lv2022\/data\/prvikrog\/obcine-data\/data_178.json"}]},{"person":{"name":"Vlasta Krmelj","slug":"vlasta-krmelj"},"office":"\u017dupan","office_code":"mayor","role_detail":null,"organization":{"name":"Selnica ob Dravi","slug":"selnica-ob-dravi"},"since":"2022-11-20","since_precision":"inferred","until":null,"status":"elected","current":true,"sources":[{"authority":"Dr\u017eavna volilna komisija","url":"https:\/\/www.dvk-rs.si\/arhivi\/volitve2022\/lv2022\/data\/ostale_obcine.json"}]}],"children":[{"slug":"kulturno-informacijsko-turisticni-center-arnold-tovornik-s-knjiznico-selnica-ob-dravi","name":"Kulturno informacijsko turisti\u010dni center Arnold Tovornik s knji\u017enico Selnica ob Dravi","type":"public_institute","body_type":null},{"slug":"osnovna-sola-selnica-ob-dravi","name":"Osnovna \u0160ola Selnica Ob Dravi","type":"public_institute","body_type":null}]}

Občina

Župan

Slobodan Tatalović

Občinski svetnik

izvoljen z liste LISTA ZA RAZVOJ PODEŽELJA

Državna volilna komisija

izvoljen z liste NEODVISNA LISTA ZA VARNOST IN POMOČ V OBČINI SELNICA OB DRAVI - NLVP

Martin Deželak

Ožbej Očko

Štefan Lazar

izvoljen z liste DESUS - DEMOKRATIČNA STRANKA UPOKOJENCEV SLOVENIJE

Mojca Gregorič

Branko Vališer

Rija Erveš

Kulturno informacijsko turistični center Arnold Tovornik s knjižnico Selnica ob Dravi

Osnovna Šola Selnica Ob Dravi
