{"data":{"slug":"semic","name":"Semi\u010d","type":"municipality","type_label":"Ob\u010dina","body_type":null,"parent":null,"website":null,"phone":null,"address":"\u0160tefanov trg 009, 8333 SEMI\u010c","email":"obcina@semic.si","leader":{"name":"Polona Kambi\u010d","person_slug":"polona-kambic","office":"\u017dupan","office_code":"mayor","since":"2022-11-20"},"image":{"url":"https:\/\/commons.wikimedia.org\/wiki\/Special:FilePath\/Semi%C4%8D.png","attribution":"Wikimedia Commons","source":"https:\/\/commons.wikimedia.org\/wiki\/Special:FilePath\/Semi%C4%8D.png","hosted":false},"sources":[],"url":"https:\/\/kdo-vodi.si\/organ\/semic","api_url":"https:\/\/kdo-vodi.si\/api\/v1\/organizations\/semic"},"office_holders":[{"person":{"name":"Silvester Malnari\u010d","slug":"silvester-malnaric"},"office":"Ob\u010dinski svetnik","office_code":"local_councillor","role_detail":"izvoljen z liste GIBANJE SVOBODA","organization":{"name":"Semi\u010d","slug":"semic"},"since":"2022-11-20","since_precision":"inferred","until":null,"status":"elected","current":true,"sources":[{"authority":"Dr\u017eavna volilna komisija","url":"https:\/\/www.dvk-rs.si\/arhivi\/volitve2022\/lv2022\/data\/prvikrog\/obcine-data\/data_109.json"}]},{"person":{"name":"Jernej Jakof\u010di\u010d","slug":"jernej-jakofcic"},"office":"Ob\u010dinski svetnik","office_code":"local_councillor","role_detail":"izvoljen z liste NOVA SLOVENIJA - KR\u0160\u010cANSKI DEMOKRATI","organization":{"name":"Semi\u010d","slug":"semic"},"since":"2022-11-20","since_precision":"inferred","until":null,"status":"elected","current":true,"sources":[{"authority":"Dr\u017eavna volilna komisija","url":"https:\/\/www.dvk-rs.si\/arhivi\/volitve2022\/lv2022\/data\/prvikrog\/obcine-data\/data_109.json"}]},{"person":{"name":"Ur\u0161ka Banovec","slug":"urska-banovec"},"office":"Ob\u010dinski svetnik","office_code":"local_councillor","role_detail":"izvoljen z liste NOVA SLOVENIJA - KR\u0160\u010cANSKI DEMOKRATI","organization":{"name":"Semi\u010d","slug":"semic"},"since":"2022-11-20","since_precision":"inferred","until":null,"status":"elected","current":true,"sources":[{"authority":"Dr\u017eavna volilna komisija","url":"https:\/\/www.dvk-rs.si\/arhivi\/volitve2022\/lv2022\/data\/prvikrog\/obcine-data\/data_109.json"}]},{"person":{"name":"Robi Jak\u0161a","slug":"robi-jaksa"},"office":"Ob\u010dinski svetnik","office_code":"local_councillor","role_detail":"izvoljen z liste SOCIALNI DEMOKRATI","organization":{"name":"Semi\u010d","slug":"semic"},"since":"2022-11-20","since_precision":"inferred","until":null,"status":"elected","current":true,"sources":[{"authority":"Dr\u017eavna volilna komisija","url":"https:\/\/www.dvk-rs.si\/arhivi\/volitve2022\/lv2022\/data\/prvikrog\/obcine-data\/data_109.json"}]},{"person":{"name":"Toni Jeleni\u010d","slug":"toni-jelenic"},"office":"Ob\u010dinski svetnik","office_code":"local_councillor","role_detail":"izvoljen z liste SOCIALNI DEMOKRATI","organization":{"name":"Semi\u010d","slug":"semic"},"since":"2022-11-20","since_precision":"inferred","until":null,"status":"elected","current":true,"sources":[{"authority":"Dr\u017eavna volilna komisija","url":"https:\/\/www.dvk-rs.si\/arhivi\/volitve2022\/lv2022\/data\/prvikrog\/obcine-data\/data_109.json"}]},{"person":{"name":"Mladen Kamen\u0161ek","slug":"mladen-kamensek"},"office":"Ob\u010dinski svetnik","office_code":"local_councillor","role_detail":"izvoljen z liste SLOVENSKA NACIONALNA STRANKA","organization":{"name":"Semi\u010d","slug":"semic"},"since":"2022-11-20","since_precision":"inferred","until":null,"status":"elected","current":true,"sources":[{"authority":"Dr\u017eavna volilna komisija","url":"https:\/\/www.dvk-rs.si\/arhivi\/volitve2022\/lv2022\/data\/prvikrog\/obcine-data\/data_109.json"}]},{"person":{"name":"Alojzij Simoni\u010d","slug":"alojzij-simonic"},"office":"Ob\u010dinski svetnik","office_code":"local_councillor","role_detail":"izvoljen z liste SLOVENSKA LJUDSKA STRANKA","organization":{"name":"Semi\u010d","slug":"semic"},"since":"2022-11-20","since_precision":"inferred","until":null,"status":"elected","current":true,"sources":[{"authority":"Dr\u017eavna volilna komisija","url":"https:\/\/www.dvk-rs.si\/arhivi\/volitve2022\/lv2022\/data\/prvikrog\/obcine-data\/data_109.json"}]},{"person":{"name":"Andrej Ogulin","slug":"andrej-ogulin"},"office":"Ob\u010dinski svetnik","office_code":"local_councillor","role_detail":"izvoljen z liste SLOVENSKA LJUDSKA STRANKA","organization":{"name":"Semi\u010d","slug":"semic"},"since":"2022-11-20","since_precision":"inferred","until":null,"status":"elected","current":true,"sources":[{"authority":"Dr\u017eavna volilna komisija","url":"https:\/\/www.dvk-rs.si\/arhivi\/volitve2022\/lv2022\/data\/prvikrog\/obcine-data\/data_109.json"}]},{"person":{"name":"Mirko Golobi\u010d","slug":"mirko-golobic"},"office":"Ob\u010dinski svetnik","office_code":"local_councillor","role_detail":"izvoljen z liste POLONA KAMBI\u010c IN GIBANJE ZDRAVA DRU\u017dBA","organization":{"name":"Semi\u010d","slug":"semic"},"since":"2022-11-20","since_precision":"inferred","until":null,"status":"elected","current":true,"sources":[{"authority":"Dr\u017eavna volilna komisija","url":"https:\/\/www.dvk-rs.si\/arhivi\/volitve2022\/lv2022\/data\/prvikrog\/obcine-data\/data_109.json"}]},{"person":{"name":"Katarina Plut","slug":"katarina-plut"},"office":"Ob\u010dinski svetnik","office_code":"local_councillor","role_detail":"izvoljen z liste POLONA KAMBI\u010c IN GIBANJE ZDRAVA DRU\u017dBA","organization":{"name":"Semi\u010d","slug":"semic"},"since":"2022-11-20","since_precision":"inferred","until":null,"status":"elected","current":true,"sources":[{"authority":"Dr\u017eavna volilna komisija","url":"https:\/\/www.dvk-rs.si\/arhivi\/volitve2022\/lv2022\/data\/prvikrog\/obcine-data\/data_109.json"}]},{"person":{"name":"Rudi Kofalt","slug":"rudi-kofalt"},"office":"Ob\u010dinski svetnik","office_code":"local_councillor","role_detail":"izvoljen z liste POLONA KAMBI\u010c IN GIBANJE ZDRAVA DRU\u017dBA","organization":{"name":"Semi\u010d","slug":"semic"},"since":"2022-11-20","since_precision":"inferred","until":null,"status":"elected","current":true,"sources":[{"authority":"Dr\u017eavna volilna komisija","url":"https:\/\/www.dvk-rs.si\/arhivi\/volitve2022\/lv2022\/data\/prvikrog\/obcine-data\/data_109.json"}]},{"person":{"name":"Polona Kambi\u010d","slug":"polona-kambic"},"office":"Ob\u010dinski svetnik","office_code":"local_councillor","role_detail":"izvoljen z liste POLONA KAMBI\u010c IN GIBANJE ZDRAVA DRU\u017dBA","organization":{"name":"Semi\u010d","slug":"semic"},"since":"2022-11-20","since_precision":"inferred","until":null,"status":"elected","current":true,"sources":[{"authority":"Dr\u017eavna volilna komisija","url":"https:\/\/www.dvk-rs.si\/arhivi\/volitve2022\/lv2022\/data\/prvikrog\/obcine-data\/data_109.json"}]},{"person":{"name":"Zvonimir Juran","slug":"zvonimir-juran"},"office":"Ob\u010dinski svetnik","office_code":"local_councillor","role_detail":"izvoljen z liste SLOVENSKA DEMOKRATSKA STRANKA","organization":{"name":"Semi\u010d","slug":"semic"},"since":"2022-11-20","since_precision":"inferred","until":null,"status":"elected","current":true,"sources":[{"authority":"Dr\u017eavna volilna komisija","url":"https:\/\/www.dvk-rs.si\/arhivi\/volitve2022\/lv2022\/data\/prvikrog\/obcine-data\/data_109.json"}]},{"person":{"name":"Polona Kambi\u010d","slug":"polona-kambic"},"office":"\u017dupan","office_code":"mayor","role_detail":null,"organization":{"name":"Semi\u010d","slug":"semic"},"since":"2022-11-20","since_precision":"inferred","until":null,"status":"elected","current":true,"sources":[{"authority":"Dr\u017eavna volilna komisija","url":"https:\/\/www.dvk-rs.si\/arhivi\/volitve2022\/lv2022\/data\/ostale_obcine.json"}]}],"children":[{"slug":"kulturni-center-semic","name":"Kulturni center Semi\u010d","type":"public_institute","body_type":null},{"slug":"osnovna-sola-belokranjskega-odreda-semic","name":"Osnovna \u0160ola Belokranjskega Odreda Semi\u010d","type":"public_institute","body_type":null}]}

Semič

Občina

Štefanov trg 009, 8333 SEMIČ

Polona Kambič

Župan

Silvester Malnarič

Občinski svetnik

Državna volilna komisija

Jernej Jakofčič

izvoljen z liste NOVA SLOVENIJA - KRŠČANSKI DEMOKRATI

Urška Banovec

Robi Jakša

Toni Jelenič

Mladen Kamenšek

Alojzij Simonič

Mirko Golobič

izvoljen z liste POLONA KAMBIČ IN GIBANJE ZDRAVA DRUŽBA

Kulturni center Semič

Osnovna Šola Belokranjskega Odreda Semič
