{"data":{"slug":"sentilj","name":"\u0160entilj","type":"municipality","type_label":"Ob\u010dina","body_type":null,"parent":null,"website":null,"phone":null,"address":"Maistrova ulica 002, 2212 \u0160ENTILJ V SLOVENSKIH GORICAH","email":"obcina@sentilj.si","leader":{"name":"\u0160tefan \u017dvab","person_slug":"stefan-zvab","office":"\u017dupan","office_code":"mayor","since":"2022-11-20"},"image":{"url":"https:\/\/commons.wikimedia.org\/wiki\/Special:FilePath\/Grb_Ob%C4%8Dine_%C5%A0entilj.png","attribution":"Wikimedia Commons","source":"https:\/\/commons.wikimedia.org\/wiki\/Special:FilePath\/Grb_Ob%C4%8Dine_%C5%A0entilj.png","hosted":false},"sources":[],"url":"https:\/\/kdo-vodi.si\/organ\/sentilj","api_url":"https:\/\/kdo-vodi.si\/api\/v1\/organizations\/sentilj"},"office_holders":[{"person":{"name":"Nada Toma\u017ei\u010d","slug":"nada-tomazic"},"office":"Ob\u010dinski svetnik","office_code":"local_councillor","role_detail":"izvoljen z liste LISTA \u017dUPANA \u017dVABA","organization":{"name":"\u0160entilj","slug":"sentilj"},"since":"2022-11-20","since_precision":"inferred","until":null,"status":"elected","current":true,"sources":[{"authority":"Dr\u017eavna volilna komisija","url":"https:\/\/www.dvk-rs.si\/arhivi\/volitve2022\/lv2022\/data\/prvikrog\/obcine-data\/data_118.json"}]},{"person":{"name":"Bla\u017e Ignatijev","slug":"blaz-ignatijev"},"office":"Ob\u010dinski svetnik","office_code":"local_councillor","role_detail":"izvoljen z liste LISTA \u017dUPANA \u017dVABA","organization":{"name":"\u0160entilj","slug":"sentilj"},"since":"2022-11-20","since_precision":"inferred","until":null,"status":"elected","current":true,"sources":[{"authority":"Dr\u017eavna volilna komisija","url":"https:\/\/www.dvk-rs.si\/arhivi\/volitve2022\/lv2022\/data\/prvikrog\/obcine-data\/data_118.json"}]},{"person":{"name":"Tamara Toma\u017ei\u010d","slug":"tamara-tomazic"},"office":"Ob\u010dinski svetnik","office_code":"local_councillor","role_detail":"izvoljen z liste LISTA \u017dUPANA \u017dVABA","organization":{"name":"\u0160entilj","slug":"sentilj"},"since":"2022-11-20","since_precision":"inferred","until":null,"status":"elected","current":true,"sources":[{"authority":"Dr\u017eavna volilna komisija","url":"https:\/\/www.dvk-rs.si\/arhivi\/volitve2022\/lv2022\/data\/prvikrog\/obcine-data\/data_118.json"}]},{"person":{"name":"Silvo Koder","slug":"silvo-koder"},"office":"Ob\u010dinski svetnik","office_code":"local_councillor","role_detail":"izvoljen z liste LISTA \u017dUPANA \u017dVABA","organization":{"name":"\u0160entilj","slug":"sentilj"},"since":"2022-11-20","since_precision":"inferred","until":null,"status":"elected","current":true,"sources":[{"authority":"Dr\u017eavna volilna komisija","url":"https:\/\/www.dvk-rs.si\/arhivi\/volitve2022\/lv2022\/data\/prvikrog\/obcine-data\/data_118.json"}]},{"person":{"name":"Lidija \u0160ari\u0107","slug":"lidija-saric"},"office":"Ob\u010dinski svetnik","office_code":"local_councillor","role_detail":"izvoljen z liste LISTA \u017dUPANA \u017dVABA","organization":{"name":"\u0160entilj","slug":"sentilj"},"since":"2022-11-20","since_precision":"inferred","until":null,"status":"elected","current":true,"sources":[{"authority":"Dr\u017eavna volilna komisija","url":"https:\/\/www.dvk-rs.si\/arhivi\/volitve2022\/lv2022\/data\/prvikrog\/obcine-data\/data_118.json"}]},{"person":{"name":"\u0160tefan \u017dvab","slug":"stefan-zvab"},"office":"Ob\u010dinski svetnik","office_code":"local_councillor","role_detail":"izvoljen z liste LISTA \u017dUPANA \u017dVABA","organization":{"name":"\u0160entilj","slug":"sentilj"},"since":"2022-11-20","since_precision":"inferred","until":null,"status":"elected","current":true,"sources":[{"authority":"Dr\u017eavna volilna komisija","url":"https:\/\/www.dvk-rs.si\/arhivi\/volitve2022\/lv2022\/data\/prvikrog\/obcine-data\/data_118.json"}]},{"person":{"name":"Tilen Krap\u0161e","slug":"tilen-krapse"},"office":"Ob\u010dinski svetnik","office_code":"local_councillor","role_detail":"izvoljen z liste NESTRANKARSKA LISTA OB\u010cANOV","organization":{"name":"\u0160entilj","slug":"sentilj"},"since":"2022-11-20","since_precision":"inferred","until":null,"status":"elected","current":true,"sources":[{"authority":"Dr\u017eavna volilna komisija","url":"https:\/\/www.dvk-rs.si\/arhivi\/volitve2022\/lv2022\/data\/prvikrog\/obcine-data\/data_118.json"}]},{"person":{"name":"Marija Jan\u017eek","slug":"marija-janzek"},"office":"Ob\u010dinski svetnik","office_code":"local_councillor","role_detail":"izvoljen z liste NESTRANKARSKA LISTA OB\u010cANOV","organization":{"name":"\u0160entilj","slug":"sentilj"},"since":"2022-11-20","since_precision":"inferred","until":null,"status":"elected","current":true,"sources":[{"authority":"Dr\u017eavna volilna komisija","url":"https:\/\/www.dvk-rs.si\/arhivi\/volitve2022\/lv2022\/data\/prvikrog\/obcine-data\/data_118.json"}]},{"person":{"name":"Dejan Vajnhandl","slug":"dejan-vajnhandl"},"office":"Ob\u010dinski svetnik","office_code":"local_councillor","role_detail":"izvoljen z liste GIBANJE SVOBODA","organization":{"name":"\u0160entilj","slug":"sentilj"},"since":"2022-11-20","since_precision":"inferred","until":null,"status":"elected","current":true,"sources":[{"authority":"Dr\u017eavna volilna komisija","url":"https:\/\/www.dvk-rs.si\/arhivi\/volitve2022\/lv2022\/data\/prvikrog\/obcine-data\/data_118.json"}]},{"person":{"name":"Darja Farasin","slug":"darja-farasin"},"office":"Ob\u010dinski svetnik","office_code":"local_councillor","role_detail":"izvoljen z liste GIBANJE SVOBODA","organization":{"name":"\u0160entilj","slug":"sentilj"},"since":"2022-11-20","since_precision":"inferred","until":null,"status":"elected","current":true,"sources":[{"authority":"Dr\u017eavna volilna komisija","url":"https:\/\/www.dvk-rs.si\/arhivi\/volitve2022\/lv2022\/data\/prvikrog\/obcine-data\/data_118.json"}]},{"person":{"name":"Leon Fri\u0161","slug":"leon-fris"},"office":"Ob\u010dinski svetnik","office_code":"local_councillor","role_detail":"izvoljen z liste GIBANJE SVOBODA","organization":{"name":"\u0160entilj","slug":"sentilj"},"since":"2022-11-20","since_precision":"inferred","until":null,"status":"elected","current":true,"sources":[{"authority":"Dr\u017eavna volilna komisija","url":"https:\/\/www.dvk-rs.si\/arhivi\/volitve2022\/lv2022\/data\/prvikrog\/obcine-data\/data_118.json"}]},{"person":{"name":"Zdenka Ploj","slug":"zdenka-ploj"},"office":"Ob\u010dinski svetnik","office_code":"local_councillor","role_detail":"izvoljen z liste GIBANJE SVOBODA","organization":{"name":"\u0160entilj","slug":"sentilj"},"since":"2022-11-20","since_precision":"inferred","until":null,"status":"elected","current":true,"sources":[{"authority":"Dr\u017eavna volilna komisija","url":"https:\/\/www.dvk-rs.si\/arhivi\/volitve2022\/lv2022\/data\/prvikrog\/obcine-data\/data_118.json"}]},{"person":{"name":"Boris Bezjak","slug":"boris-bezjak"},"office":"Ob\u010dinski svetnik","office_code":"local_councillor","role_detail":"izvoljen z liste GIBANJE SVOBODA","organization":{"name":"\u0160entilj","slug":"sentilj"},"since":"2022-11-20","since_precision":"inferred","until":null,"status":"elected","current":true,"sources":[{"authority":"Dr\u017eavna volilna komisija","url":"https:\/\/www.dvk-rs.si\/arhivi\/volitve2022\/lv2022\/data\/prvikrog\/obcine-data\/data_118.json"}]},{"person":{"name":"Tja\u0161a Mihali\u010d","slug":"tjasa-mihalic"},"office":"Ob\u010dinski svetnik","office_code":"local_councillor","role_detail":"izvoljen z liste SLOVENSKA DEMOKRATSKA STRANKA","organization":{"name":"\u0160entilj","slug":"sentilj"},"since":"2022-11-20","since_precision":"inferred","until":null,"status":"elected","current":true,"sources":[{"authority":"Dr\u017eavna volilna komisija","url":"https:\/\/www.dvk-rs.si\/arhivi\/volitve2022\/lv2022\/data\/prvikrog\/obcine-data\/data_118.json"}]},{"person":{"name":"Anja Unger","slug":"anja-unger"},"office":"Ob\u010dinski svetnik","office_code":"local_councillor","role_detail":"izvoljen z liste SLOVENSKA DEMOKRATSKA STRANKA","organization":{"name":"\u0160entilj","slug":"sentilj"},"since":"2022-11-20","since_precision":"inferred","until":null,"status":"elected","current":true,"sources":[{"authority":"Dr\u017eavna volilna komisija","url":"https:\/\/www.dvk-rs.si\/arhivi\/volitve2022\/lv2022\/data\/prvikrog\/obcine-data\/data_118.json"}]},{"person":{"name":"Marijan Pojbi\u010d","slug":"marijan-pojbic"},"office":"Ob\u010dinski svetnik","office_code":"local_councillor","role_detail":"izvoljen z liste SLOVENSKA DEMOKRATSKA STRANKA","organization":{"name":"\u0160entilj","slug":"sentilj"},"since":"2022-11-20","since_precision":"inferred","until":null,"status":"elected","current":true,"sources":[{"authority":"Dr\u017eavna volilna komisija","url":"https:\/\/www.dvk-rs.si\/arhivi\/volitve2022\/lv2022\/data\/prvikrog\/obcine-data\/data_118.json"}]},{"person":{"name":"Hilda Romi\u010d","slug":"hilda-romic"},"office":"Ob\u010dinski svetnik","office_code":"local_councillor","role_detail":"izvoljen z liste SLOVENSKA DEMOKRATSKA STRANKA","organization":{"name":"\u0160entilj","slug":"sentilj"},"since":"2022-11-20","since_precision":"inferred","until":null,"status":"elected","current":true,"sources":[{"authority":"Dr\u017eavna volilna komisija","url":"https:\/\/www.dvk-rs.si\/arhivi\/volitve2022\/lv2022\/data\/prvikrog\/obcine-data\/data_118.json"}]},{"person":{"name":"Bojan Belna","slug":"bojan-belna"},"office":"Ob\u010dinski svetnik","office_code":"local_councillor","role_detail":"izvoljen z liste SLOVENSKA DEMOKRATSKA STRANKA","organization":{"name":"\u0160entilj","slug":"sentilj"},"since":"2022-11-20","since_precision":"inferred","until":null,"status":"elected","current":true,"sources":[{"authority":"Dr\u017eavna volilna komisija","url":"https:\/\/www.dvk-rs.si\/arhivi\/volitve2022\/lv2022\/data\/prvikrog\/obcine-data\/data_118.json"}]},{"person":{"name":"\u0160tefan \u017dvab","slug":"stefan-zvab"},"office":"\u017dupan","office_code":"mayor","role_detail":null,"organization":{"name":"\u0160entilj","slug":"sentilj"},"since":"2022-11-20","since_precision":"inferred","until":null,"status":"elected","current":true,"sources":[{"authority":"Dr\u017eavna volilna komisija","url":"https:\/\/www.dvk-rs.si\/arhivi\/volitve2022\/lv2022\/data\/ostale_obcine.json"}]}],"children":[{"slug":"osnovna-sola-rudolfa-maistra","name":"Osnovna \u0160ola Rudolfa Maistra","type":"public_institute","body_type":null},{"slug":"osnovna-sola-sladki-vrh","name":"Osnovna \u0160ola Sladki Vrh","type":"public_institute","body_type":null},{"slug":"zavod-za-sport-kulturo-in-turizem-sentilj","name":"Zavod za \u0161port, kulturo in turizem \u0160entilj","type":"public_institute","body_type":null}]}

Šentilj

Občina

Maistrova ulica 002, 2212 ŠENTILJ V SLOVENSKIH GORICAH

Štefan Žvab

Župan

Nada Tomažič

Občinski svetnik

izvoljen z liste LISTA ŽUPANA ŽVABA

Državna volilna komisija

Blaž Ignatijev

Tamara Tomažič

Lidija Šarić

Tilen Krapše

izvoljen z liste NESTRANKARSKA LISTA OBČANOV

Marija Janžek

Leon Friš

Tjaša Mihalič

Marijan Pojbič

Hilda Romič

Osnovna Šola Rudolfa Maistra

Osnovna Šola Sladki Vrh

Zavod za šport, kulturo in turizem Šentilj
