{"data":{"slug":"straza","name":"Stra\u017ea","type":"municipality","type_label":"Ob\u010dina","body_type":null,"parent":null,"website":null,"phone":null,"address":"Ulica talcev 009, 8351 STRA\u017dA","email":"info@obcina-straza.si","leader":{"name":"Du\u0161an Kr\u0161tinc","person_slug":"dusan-krstinc","office":"\u017dupan","office_code":"mayor","since":"2022-11-20"},"image":{"url":"https:\/\/commons.wikimedia.org\/wiki\/Special:FilePath\/Grb_Ob%C4%8Dine_Stra%C5%BEa.jpg","attribution":"Wikimedia Commons","source":"https:\/\/commons.wikimedia.org\/wiki\/Special:FilePath\/Grb_Ob%C4%8Dine_Stra%C5%BEa.jpg","hosted":false},"sources":[],"url":"https:\/\/kdo-vodi.si\/organ\/straza","api_url":"https:\/\/kdo-vodi.si\/api\/v1\/organizations\/straza"},"office_holders":[{"person":{"name":"Mateja Novak","slug":"mateja-novak"},"office":"Ob\u010dinski svetnik","office_code":"local_councillor","role_detail":"izvoljen z liste Albin Kregar in skupina volivcev RIOS","organization":{"name":"Stra\u017ea","slug":"straza"},"since":"2022-11-20","since_precision":"inferred","until":null,"status":"elected","current":true,"sources":[{"authority":"Dr\u017eavna volilna komisija","url":"https:\/\/www.dvk-rs.si\/arhivi\/volitve2022\/lv2022\/data\/prvikrog\/obcine-data\/data_203.json"}]},{"person":{"name":"Valentin Jurani\u0107","slug":"valentin-juranic"},"office":"Ob\u010dinski svetnik","office_code":"local_councillor","role_detail":"izvoljen z liste Albin Kregar in skupina volivcev RIOS","organization":{"name":"Stra\u017ea","slug":"straza"},"since":"2022-11-20","since_precision":"inferred","until":null,"status":"elected","current":true,"sources":[{"authority":"Dr\u017eavna volilna komisija","url":"https:\/\/www.dvk-rs.si\/arhivi\/volitve2022\/lv2022\/data\/prvikrog\/obcine-data\/data_203.json"}]},{"person":{"name":"Andrej Petkovi\u010d","slug":"andrej-petkovic"},"office":"Ob\u010dinski svetnik","office_code":"local_councillor","role_detail":"izvoljen z liste Albin Kregar in skupina volivcev RIOS","organization":{"name":"Stra\u017ea","slug":"straza"},"since":"2022-11-20","since_precision":"inferred","until":null,"status":"elected","current":true,"sources":[{"authority":"Dr\u017eavna volilna komisija","url":"https:\/\/www.dvk-rs.si\/arhivi\/volitve2022\/lv2022\/data\/prvikrog\/obcine-data\/data_203.json"}]},{"person":{"name":"Pavel Vidic","slug":"pavel-vidic"},"office":"Ob\u010dinski svetnik","office_code":"local_councillor","role_detail":"izvoljen z liste Rado\u0161 Ku\u017enik in skupina volivcev","organization":{"name":"Stra\u017ea","slug":"straza"},"since":"2022-11-20","since_precision":"inferred","until":null,"status":"elected","current":true,"sources":[{"authority":"Dr\u017eavna volilna komisija","url":"https:\/\/www.dvk-rs.si\/arhivi\/volitve2022\/lv2022\/data\/prvikrog\/obcine-data\/data_203.json"}]},{"person":{"name":"Marija Ko\u0161ir","slug":"marija-kosir"},"office":"Ob\u010dinski svetnik","office_code":"local_councillor","role_detail":"izvoljen z liste Damjana Jerman in skupina volivcev RIOS","organization":{"name":"Stra\u017ea","slug":"straza"},"since":"2022-11-20","since_precision":"inferred","until":null,"status":"elected","current":true,"sources":[{"authority":"Dr\u017eavna volilna komisija","url":"https:\/\/www.dvk-rs.si\/arhivi\/volitve2022\/lv2022\/data\/prvikrog\/obcine-data\/data_203.json"}]},{"person":{"name":"Damjan Jerman","slug":"damjan-jerman"},"office":"Ob\u010dinski svetnik","office_code":"local_councillor","role_detail":"izvoljen z liste Damjana Jerman in skupina volivcev RIOS","organization":{"name":"Stra\u017ea","slug":"straza"},"since":"2022-11-20","since_precision":"inferred","until":null,"status":"elected","current":true,"sources":[{"authority":"Dr\u017eavna volilna komisija","url":"https:\/\/www.dvk-rs.si\/arhivi\/volitve2022\/lv2022\/data\/prvikrog\/obcine-data\/data_203.json"}]},{"person":{"name":"Bojan Mo\u017ee","slug":"bojan-moze"},"office":"Ob\u010dinski svetnik","office_code":"local_councillor","role_detail":"izvoljen z liste Matja\u017e Derganc in skupina volivcev RIOS","organization":{"name":"Stra\u017ea","slug":"straza"},"since":"2022-11-20","since_precision":"inferred","until":null,"status":"elected","current":true,"sources":[{"authority":"Dr\u017eavna volilna komisija","url":"https:\/\/www.dvk-rs.si\/arhivi\/volitve2022\/lv2022\/data\/prvikrog\/obcine-data\/data_203.json"}]},{"person":{"name":"Marjan Irt","slug":"marjan-irt"},"office":"Ob\u010dinski svetnik","office_code":"local_councillor","role_detail":"izvoljen z liste Marko Kr\u0161tinc in skupina volivcev RIOS","organization":{"name":"Stra\u017ea","slug":"straza"},"since":"2022-11-20","since_precision":"inferred","until":null,"status":"elected","current":true,"sources":[{"authority":"Dr\u017eavna volilna komisija","url":"https:\/\/www.dvk-rs.si\/arhivi\/volitve2022\/lv2022\/data\/prvikrog\/obcine-data\/data_203.json"}]},{"person":{"name":"Zdravko Gor\u0161e","slug":"zdravko-gorse"},"office":"Ob\u010dinski svetnik","office_code":"local_councillor","role_detail":"izvoljen z liste Ale\u0161 Gor\u0161e in skupina volivcev RIOS","organization":{"name":"Stra\u017ea","slug":"straza"},"since":"2022-11-20","since_precision":"inferred","until":null,"status":"elected","current":true,"sources":[{"authority":"Dr\u017eavna volilna komisija","url":"https:\/\/www.dvk-rs.si\/arhivi\/volitve2022\/lv2022\/data\/prvikrog\/obcine-data\/data_203.json"}]},{"person":{"name":"Robert Kren","slug":"robert-kren"},"office":"Ob\u010dinski svetnik","office_code":"local_councillor","role_detail":"izvoljen z liste Rafaela Novak Kren in skupina volivcev LKOS","organization":{"name":"Stra\u017ea","slug":"straza"},"since":"2022-11-20","since_precision":"inferred","until":null,"status":"elected","current":true,"sources":[{"authority":"Dr\u017eavna volilna komisija","url":"https:\/\/www.dvk-rs.si\/arhivi\/volitve2022\/lv2022\/data\/prvikrog\/obcine-data\/data_203.json"}]},{"person":{"name":"Anica Nose","slug":"anica-nose"},"office":"Ob\u010dinski svetnik","office_code":"local_councillor","role_detail":"izvoljen z liste Samo Jaklji\u010d in skupina volivcev LKOS","organization":{"name":"Stra\u017ea","slug":"straza"},"since":"2022-11-20","since_precision":"inferred","until":null,"status":"elected","current":true,"sources":[{"authority":"Dr\u017eavna volilna komisija","url":"https:\/\/www.dvk-rs.si\/arhivi\/volitve2022\/lv2022\/data\/prvikrog\/obcine-data\/data_203.json"}]},{"person":{"name":"Du\u0161an Kr\u0161tinc","slug":"dusan-krstinc"},"office":"\u017dupan","office_code":"mayor","role_detail":null,"organization":{"name":"Stra\u017ea","slug":"straza"},"since":"2022-11-20","since_precision":"inferred","until":null,"status":"elected","current":true,"sources":[{"authority":"Dr\u017eavna volilna komisija","url":"https:\/\/www.dvk-rs.si\/arhivi\/volitve2022\/lv2022\/data\/ostale_obcine.json"}]}],"children":[{"slug":"osnovna-sola-vavta-vas","name":"Osnovna \u0160ola Vavta Vas","type":"public_institute","body_type":null}]}

Straža

Občina

Ulica talcev 009, 8351 STRAŽA

Dušan Krštinc

Župan

Občinski svetnik

Državna volilna komisija

Valentin Juranić

Andrej Petkovič

izvoljen z liste Radoš Kužnik in skupina volivcev

Marija Košir

Bojan Može

izvoljen z liste Matjaž Derganc in skupina volivcev RIOS

izvoljen z liste Marko Krštinc in skupina volivcev RIOS

Zdravko Gorše

izvoljen z liste Aleš Gorše in skupina volivcev RIOS

izvoljen z liste Samo Jakljič in skupina volivcev LKOS

Osnovna Šola Vavta Vas
