{"data":{"slug":"videm","name":"Videm","type":"municipality","type_label":"Ob\u010dina","body_type":null,"parent":null,"website":null,"phone":null,"address":"Videm pri Ptuju 054, 2284 VIDEM PRI PTUJU","email":"info@videm.si","leader":{"name":"Brane Kolednik","person_slug":"brane-kolednik","office":"\u017dupan","office_code":"mayor","since":"2022-11-20"},"image":null,"sources":[],"url":"https:\/\/kdo-vodi.si\/organ\/videm","api_url":"https:\/\/kdo-vodi.si\/api\/v1\/organizations\/videm"},"office_holders":[{"person":{"name":"\u017diga \u0160krabl","slug":"ziga-skrabl"},"office":"Ob\u010dinski svetnik","office_code":"local_councillor","role_detail":"izvoljen z liste SLOVENSKA DEMOKRATSKA STRANKA","organization":{"name":"Videm","slug":"videm"},"since":"2022-11-20","since_precision":"inferred","until":null,"status":"elected","current":true,"sources":[{"authority":"Dr\u017eavna volilna komisija","url":"https:\/\/www.dvk-rs.si\/arhivi\/volitve2022\/lv2022\/data\/prvikrog\/obcine-data\/data_135.json"}]},{"person":{"name":"Matja\u017e Klasinc","slug":"matjaz-klasinc"},"office":"Ob\u010dinski svetnik","office_code":"local_councillor","role_detail":"izvoljen z liste SLOVENSKA DEMOKRATSKA STRANKA","organization":{"name":"Videm","slug":"videm"},"since":"2022-11-20","since_precision":"inferred","until":null,"status":"elected","current":true,"sources":[{"authority":"Dr\u017eavna volilna komisija","url":"https:\/\/www.dvk-rs.si\/arhivi\/volitve2022\/lv2022\/data\/prvikrog\/obcine-data\/data_135.json"}]},{"person":{"name":"Friderik Likavec","slug":"friderik-likavec"},"office":"Ob\u010dinski svetnik","office_code":"local_councillor","role_detail":"izvoljen z liste NOVA SLOVENIJA - KR\u0160\u010cANSKI DEMOKRATI","organization":{"name":"Videm","slug":"videm"},"since":"2022-11-20","since_precision":"inferred","until":null,"status":"elected","current":true,"sources":[{"authority":"Dr\u017eavna volilna komisija","url":"https:\/\/www.dvk-rs.si\/arhivi\/volitve2022\/lv2022\/data\/prvikrog\/obcine-data\/data_135.json"}]},{"person":{"name":"Du\u0161an Serdin\u0161ek","slug":"dusan-serdinsek"},"office":"Ob\u010dinski svetnik","office_code":"local_councillor","role_detail":"izvoljen z liste STRANKA MLADIH - ZELENI EVROPE","organization":{"name":"Videm","slug":"videm"},"since":"2022-11-20","since_precision":"inferred","until":null,"status":"elected","current":true,"sources":[{"authority":"Dr\u017eavna volilna komisija","url":"https:\/\/www.dvk-rs.si\/arhivi\/volitve2022\/lv2022\/data\/prvikrog\/obcine-data\/data_135.json"}]},{"person":{"name":"Dejan Tram\u0161ek","slug":"dejan-tramsek"},"office":"Ob\u010dinski svetnik","office_code":"local_councillor","role_detail":"izvoljen z liste STRANKA MLADIH - ZELENI EVROPE","organization":{"name":"Videm","slug":"videm"},"since":"2022-11-20","since_precision":"inferred","until":null,"status":"elected","current":true,"sources":[{"authority":"Dr\u017eavna volilna komisija","url":"https:\/\/www.dvk-rs.si\/arhivi\/volitve2022\/lv2022\/data\/prvikrog\/obcine-data\/data_135.json"}]},{"person":{"name":"Darinka Ratajc","slug":"darinka-ratajc"},"office":"Ob\u010dinski svetnik","office_code":"local_councillor","role_detail":"izvoljen z liste GIBANJE SVOBODA","organization":{"name":"Videm","slug":"videm"},"since":"2022-11-20","since_precision":"inferred","until":null,"status":"elected","current":true,"sources":[{"authority":"Dr\u017eavna volilna komisija","url":"https:\/\/www.dvk-rs.si\/arhivi\/volitve2022\/lv2022\/data\/prvikrog\/obcine-data\/data_135.json"}]},{"person":{"name":"Bojan Merc","slug":"bojan-merc"},"office":"Ob\u010dinski svetnik","office_code":"local_councillor","role_detail":"izvoljen z liste SLOVENSKA LJUDSKA STRANKA","organization":{"name":"Videm","slug":"videm"},"since":"2022-11-20","since_precision":"inferred","until":null,"status":"elected","current":true,"sources":[{"authority":"Dr\u017eavna volilna komisija","url":"https:\/\/www.dvk-rs.si\/arhivi\/volitve2022\/lv2022\/data\/prvikrog\/obcine-data\/data_135.json"}]},{"person":{"name":"Sre\u010dko Zavec","slug":"srecko-zavec"},"office":"Ob\u010dinski svetnik","office_code":"local_councillor","role_detail":"izvoljen z liste SLOVENSKA DEMOKRATSKA STRANKA","organization":{"name":"Videm","slug":"videm"},"since":"2022-11-20","since_precision":"inferred","until":null,"status":"elected","current":true,"sources":[{"authority":"Dr\u017eavna volilna komisija","url":"https:\/\/www.dvk-rs.si\/arhivi\/volitve2022\/lv2022\/data\/prvikrog\/obcine-data\/data_135.json"}]},{"person":{"name":"Zvonko Korpi\u010d","slug":"zvonko-korpic"},"office":"Ob\u010dinski svetnik","office_code":"local_councillor","role_detail":"izvoljen z liste SLOVENSKA DEMOKRATSKA STRANKA","organization":{"name":"Videm","slug":"videm"},"since":"2022-11-20","since_precision":"inferred","until":null,"status":"elected","current":true,"sources":[{"authority":"Dr\u017eavna volilna komisija","url":"https:\/\/www.dvk-rs.si\/arhivi\/volitve2022\/lv2022\/data\/prvikrog\/obcine-data\/data_135.json"}]},{"person":{"name":"Anita Turk","slug":"anita-turk"},"office":"Ob\u010dinski svetnik","office_code":"local_councillor","role_detail":"izvoljen z liste STRANKA MLADIH - ZELENI EVROPE","organization":{"name":"Videm","slug":"videm"},"since":"2022-11-20","since_precision":"inferred","until":null,"status":"elected","current":true,"sources":[{"authority":"Dr\u017eavna volilna komisija","url":"https:\/\/www.dvk-rs.si\/arhivi\/volitve2022\/lv2022\/data\/prvikrog\/obcine-data\/data_135.json"}]},{"person":{"name":"Peter Jagarinec","slug":"peter-jagarinec"},"office":"Ob\u010dinski svetnik","office_code":"local_councillor","role_detail":"izvoljen z liste STRANKA MLADIH - ZELENI EVROPE","organization":{"name":"Videm","slug":"videm"},"since":"2022-11-20","since_precision":"inferred","until":null,"status":"elected","current":true,"sources":[{"authority":"Dr\u017eavna volilna komisija","url":"https:\/\/www.dvk-rs.si\/arhivi\/volitve2022\/lv2022\/data\/prvikrog\/obcine-data\/data_135.json"}]},{"person":{"name":"Ivan Krajnc","slug":"ivan-krajnc"},"office":"Ob\u010dinski svetnik","office_code":"local_councillor","role_detail":"izvoljen z liste SLOVENSKA DEMOKRATSKA STRANKA","organization":{"name":"Videm","slug":"videm"},"since":"2022-11-20","since_precision":"inferred","until":null,"status":"elected","current":true,"sources":[{"authority":"Dr\u017eavna volilna komisija","url":"https:\/\/www.dvk-rs.si\/arhivi\/volitve2022\/lv2022\/data\/prvikrog\/obcine-data\/data_135.json"}]},{"person":{"name":"Andreja Marini\u010d Kozel","slug":"andreja-marinic-kozel"},"office":"Ob\u010dinski svetnik","office_code":"local_councillor","role_detail":"izvoljen z liste SLOVENSKA DEMOKRATSKA STRANKA","organization":{"name":"Videm","slug":"videm"},"since":"2022-11-20","since_precision":"inferred","until":null,"status":"elected","current":true,"sources":[{"authority":"Dr\u017eavna volilna komisija","url":"https:\/\/www.dvk-rs.si\/arhivi\/volitve2022\/lv2022\/data\/prvikrog\/obcine-data\/data_135.json"}]},{"person":{"name":"Andrej Ro\u017eman","slug":"andrej-rozman"},"office":"Ob\u010dinski svetnik","office_code":"local_councillor","role_detail":"izvoljen z liste SLOVENSKA DEMOKRATSKA STRANKA","organization":{"name":"Videm","slug":"videm"},"since":"2022-11-20","since_precision":"inferred","until":null,"status":"elected","current":true,"sources":[{"authority":"Dr\u017eavna volilna komisija","url":"https:\/\/www.dvk-rs.si\/arhivi\/volitve2022\/lv2022\/data\/prvikrog\/obcine-data\/data_135.json"}]},{"person":{"name":"Vesna Vinko","slug":"vesna-vinko"},"office":"Ob\u010dinski svetnik","office_code":"local_councillor","role_detail":"izvoljen z liste STRANKA MLADIH - ZELENI EVROPE","organization":{"name":"Videm","slug":"videm"},"since":"2022-11-20","since_precision":"inferred","until":null,"status":"elected","current":true,"sources":[{"authority":"Dr\u017eavna volilna komisija","url":"https:\/\/www.dvk-rs.si\/arhivi\/volitve2022\/lv2022\/data\/prvikrog\/obcine-data\/data_135.json"}]},{"person":{"name":"Robert Murko","slug":"robert-murko"},"office":"Ob\u010dinski svetnik","office_code":"local_councillor","role_detail":"izvoljen z liste STRANKA MLADIH - ZELENI EVROPE","organization":{"name":"Videm","slug":"videm"},"since":"2022-11-20","since_precision":"inferred","until":null,"status":"elected","current":true,"sources":[{"authority":"Dr\u017eavna volilna komisija","url":"https:\/\/www.dvk-rs.si\/arhivi\/volitve2022\/lv2022\/data\/prvikrog\/obcine-data\/data_135.json"}]},{"person":{"name":"Ur\u0161ka Hercog","slug":"urska-hercog"},"office":"Ob\u010dinski svetnik","office_code":"local_councillor","role_detail":"izvoljen z liste GIBANJE SVOBODA","organization":{"name":"Videm","slug":"videm"},"since":"2022-11-20","since_precision":"inferred","until":null,"status":"elected","current":true,"sources":[{"authority":"Dr\u017eavna volilna komisija","url":"https:\/\/www.dvk-rs.si\/arhivi\/volitve2022\/lv2022\/data\/prvikrog\/obcine-data\/data_135.json"}]},{"person":{"name":"Brane Kolednik","slug":"brane-kolednik"},"office":"\u017dupan","office_code":"mayor","role_detail":null,"organization":{"name":"Videm","slug":"videm"},"since":"2022-11-20","since_precision":"inferred","until":null,"status":"elected","current":true,"sources":[{"authority":"Dr\u017eavna volilna komisija","url":"https:\/\/www.dvk-rs.si\/arhivi\/volitve2022\/lv2022\/data\/ostale_obcine.json"}]}],"children":[{"slug":"krajevna-skupnost-lancova-vas","name":"Krajevna Skupnost Lancova Vas","type":"local_community","body_type":null},{"slug":"krajevna-skupnost-leskovec","name":"Krajevna Skupnost Leskovec","type":"local_community","body_type":null},{"slug":"krajevna-skupnost-pobrezje","name":"Krajevna Skupnost Pobre\u017eje","type":"local_community","body_type":null},{"slug":"krajevna-skupnost-sovice-dravci-vareja","name":"Krajevna Skupnost Sovi\u010de-Dravci-Vareja","type":"local_community","body_type":null},{"slug":"krajevna-skupnost-trzec","name":"Krajevna Skupnost Tr\u017eec","type":"local_community","body_type":null},{"slug":"krajevna-skupnost-videm-pri-ptuju","name":"Krajevna Skupnost Videm Pri Ptuju","type":"local_community","body_type":null},{"slug":"obcina-videm-krajevna-skupnost-sela","name":"Ob\u010dina Videm, Krajevna Skupnost Sela","type":"local_community","body_type":null},{"slug":"osnovna-sola-videm","name":"Osnovna \u0160ola Videm","type":"public_institute","body_type":null}]}

Občina

Župan

Žiga Škrabl

Občinski svetnik

Državna volilna komisija

Matjaž Klasinc

izvoljen z liste NOVA SLOVENIJA - KRŠČANSKI DEMOKRATI

Dušan Serdinšek

Dejan Tramšek

Srečko Zavec

Zvonko Korpič

Andreja Marinič Kozel

Andrej Rožman

Urška Hercog

Krajevna Skupnost Pobrežje

Krajevna Skupnost Soviče-Dravci-Vareja

Krajevna Skupnost Tržec

Občina Videm, Krajevna Skupnost Sela

Osnovna Šola Videm
