{"data":{"slug":"ziri","name":"\u017diri","type":"municipality","type_label":"Ob\u010dina","body_type":null,"parent":null,"website":null,"phone":null,"address":"Lo\u0161ka cesta 001, 4226 \u017dIRI","email":"obcina.ziri@ziri.si","leader":{"name":"Franc Kranjc","person_slug":"franc-kranjc","office":"\u017dupan","office_code":"mayor","since":"2022-12-04"},"image":{"url":"https:\/\/commons.wikimedia.org\/wiki\/Special:FilePath\/Coat_of_arms_of_%C5%BDiri.svg","attribution":"Wikimedia Commons","source":"https:\/\/commons.wikimedia.org\/wiki\/Special:FilePath\/Coat_of_arms_of_%C5%BDiri.svg","hosted":false},"sources":[],"url":"https:\/\/kdo-vodi.si\/organ\/ziri","api_url":"https:\/\/kdo-vodi.si\/api\/v1\/organizations\/ziri"},"office_holders":[{"person":{"name":"Jo\u017ee Stanonik","slug":"joze-stanonik"},"office":"Ob\u010dinski svetnik","office_code":"local_councillor","role_detail":"izvoljen z liste NOVA SLOVENIJA - KR\u0160\u010cANSKI DEMOKRATI","organization":{"name":"\u017diri","slug":"ziri"},"since":"2022-11-20","since_precision":"inferred","until":null,"status":"elected","current":true,"sources":[{"authority":"Dr\u017eavna volilna komisija","url":"https:\/\/www.dvk-rs.si\/arhivi\/volitve2022\/lv2022\/data\/prvikrog\/obcine-data\/data_147.json"}]},{"person":{"name":"mag Janez \u017dakelj","slug":"mag-janez-zakelj"},"office":"Ob\u010dinski svetnik","office_code":"local_councillor","role_detail":"izvoljen z liste NOVA SLOVENIJA - KR\u0160\u010cANSKI DEMOKRATI","organization":{"name":"\u017diri","slug":"ziri"},"since":"2022-11-20","since_precision":"inferred","until":null,"status":"elected","current":true,"sources":[{"authority":"Dr\u017eavna volilna komisija","url":"https:\/\/www.dvk-rs.si\/arhivi\/volitve2022\/lv2022\/data\/prvikrog\/obcine-data\/data_147.json"}]},{"person":{"name":"Nika \u0160tremfelj","slug":"nika-stremfelj"},"office":"Ob\u010dinski svetnik","office_code":"local_councillor","role_detail":"izvoljen z liste SLOVENSKA DEMOKRATSKA STRANKA","organization":{"name":"\u017diri","slug":"ziri"},"since":"2022-11-20","since_precision":"inferred","until":null,"status":"elected","current":true,"sources":[{"authority":"Dr\u017eavna volilna komisija","url":"https:\/\/www.dvk-rs.si\/arhivi\/volitve2022\/lv2022\/data\/prvikrog\/obcine-data\/data_147.json"}]},{"person":{"name":"Peter Podobnik","slug":"peter-podobnik"},"office":"Ob\u010dinski svetnik","office_code":"local_councillor","role_detail":"izvoljen z liste SLOVENSKA DEMOKRATSKA STRANKA","organization":{"name":"\u017diri","slug":"ziri"},"since":"2022-11-20","since_precision":"inferred","until":null,"status":"elected","current":true,"sources":[{"authority":"Dr\u017eavna volilna komisija","url":"https:\/\/www.dvk-rs.si\/arhivi\/volitve2022\/lv2022\/data\/prvikrog\/obcine-data\/data_147.json"}]},{"person":{"name":"Nika \u0160tucin Padovac","slug":"nika-stucin-padovac"},"office":"Ob\u010dinski svetnik","office_code":"local_councillor","role_detail":"izvoljen z liste SLOVENSKA DEMOKRATSKA STRANKA","organization":{"name":"\u017diri","slug":"ziri"},"since":"2022-11-20","since_precision":"inferred","until":null,"status":"elected","current":true,"sources":[{"authority":"Dr\u017eavna volilna komisija","url":"https:\/\/www.dvk-rs.si\/arhivi\/volitve2022\/lv2022\/data\/prvikrog\/obcine-data\/data_147.json"}]},{"person":{"name":"Nejc Brence","slug":"nejc-brence"},"office":"Ob\u010dinski svetnik","office_code":"local_councillor","role_detail":"izvoljen z liste SLOVENSKA DEMOKRATSKA STRANKA","organization":{"name":"\u017diri","slug":"ziri"},"since":"2022-11-20","since_precision":"inferred","until":null,"status":"elected","current":true,"sources":[{"authority":"Dr\u017eavna volilna komisija","url":"https:\/\/www.dvk-rs.si\/arhivi\/volitve2022\/lv2022\/data\/prvikrog\/obcine-data\/data_147.json"}]},{"person":{"name":"Mitja Peternel","slug":"mitja-peternel"},"office":"Ob\u010dinski svetnik","office_code":"local_councillor","role_detail":"izvoljen z liste SOCIALNI DEMOKRATI","organization":{"name":"\u017diri","slug":"ziri"},"since":"2022-11-20","since_precision":"inferred","until":null,"status":"elected","current":true,"sources":[{"authority":"Dr\u017eavna volilna komisija","url":"https:\/\/www.dvk-rs.si\/arhivi\/volitve2022\/lv2022\/data\/prvikrog\/obcine-data\/data_147.json"}]},{"person":{"name":"Damjana Kramper\u0161ek","slug":"damjana-krampersek"},"office":"Ob\u010dinski svetnik","office_code":"local_councillor","role_detail":"izvoljen z liste NEODVISNA LISTA ZA NAPREDEK \u017dIROV","organization":{"name":"\u017diri","slug":"ziri"},"since":"2022-11-20","since_precision":"inferred","until":null,"status":"elected","current":true,"sources":[{"authority":"Dr\u017eavna volilna komisija","url":"https:\/\/www.dvk-rs.si\/arhivi\/volitve2022\/lv2022\/data\/prvikrog\/obcine-data\/data_147.json"}]},{"person":{"name":"Mitja Kozamernik","slug":"mitja-kozamernik"},"office":"Ob\u010dinski svetnik","office_code":"local_councillor","role_detail":"izvoljen z liste NEODVISNA LISTA ZA NAPREDEK \u017dIROV","organization":{"name":"\u017diri","slug":"ziri"},"since":"2022-11-20","since_precision":"inferred","until":null,"status":"elected","current":true,"sources":[{"authority":"Dr\u017eavna volilna komisija","url":"https:\/\/www.dvk-rs.si\/arhivi\/volitve2022\/lv2022\/data\/prvikrog\/obcine-data\/data_147.json"}]},{"person":{"name":"Ida Filipi\u010d Pe\u010delin","slug":"ida-filipic-pecelin"},"office":"Ob\u010dinski svetnik","office_code":"local_councillor","role_detail":"izvoljen z liste NEODVISNA LISTA ZA NAPREDEK \u017dIROV","organization":{"name":"\u017diri","slug":"ziri"},"since":"2022-11-20","since_precision":"inferred","until":null,"status":"elected","current":true,"sources":[{"authority":"Dr\u017eavna volilna komisija","url":"https:\/\/www.dvk-rs.si\/arhivi\/volitve2022\/lv2022\/data\/prvikrog\/obcine-data\/data_147.json"}]},{"person":{"name":"Drago Kramper\u0161ek","slug":"drago-krampersek"},"office":"Ob\u010dinski svetnik","office_code":"local_councillor","role_detail":"izvoljen z liste NEODVISNA LISTA ZA NAPREDEK \u017dIROV","organization":{"name":"\u017diri","slug":"ziri"},"since":"2022-11-20","since_precision":"inferred","until":null,"status":"elected","current":true,"sources":[{"authority":"Dr\u017eavna volilna komisija","url":"https:\/\/www.dvk-rs.si\/arhivi\/volitve2022\/lv2022\/data\/prvikrog\/obcine-data\/data_147.json"}]},{"person":{"name":"Maja Justin Jerman","slug":"maja-justin-jerman"},"office":"Ob\u010dinski svetnik","office_code":"local_councillor","role_detail":"izvoljen z liste NEODVISNA LISTA ZA NAPREDEK \u017dIROV","organization":{"name":"\u017diri","slug":"ziri"},"since":"2022-11-20","since_precision":"inferred","until":null,"status":"elected","current":true,"sources":[{"authority":"Dr\u017eavna volilna komisija","url":"https:\/\/www.dvk-rs.si\/arhivi\/volitve2022\/lv2022\/data\/prvikrog\/obcine-data\/data_147.json"}]},{"person":{"name":"Darjan Kacin","slug":"darjan-kacin"},"office":"Ob\u010dinski svetnik","office_code":"local_councillor","role_detail":"izvoljen z liste NEODVISNA LISTA ZA NAPREDEK \u017dIROV","organization":{"name":"\u017diri","slug":"ziri"},"since":"2022-11-20","since_precision":"inferred","until":null,"status":"elected","current":true,"sources":[{"authority":"Dr\u017eavna volilna komisija","url":"https:\/\/www.dvk-rs.si\/arhivi\/volitve2022\/lv2022\/data\/prvikrog\/obcine-data\/data_147.json"}]},{"person":{"name":"Vesna Kranjc","slug":"vesna-kranjc"},"office":"Ob\u010dinski svetnik","office_code":"local_councillor","role_detail":"izvoljen z liste NEODVISNA LISTA ZA NAPREDEK \u017dIROV","organization":{"name":"\u017diri","slug":"ziri"},"since":"2022-11-20","since_precision":"inferred","until":null,"status":"elected","current":true,"sources":[{"authority":"Dr\u017eavna volilna komisija","url":"https:\/\/www.dvk-rs.si\/arhivi\/volitve2022\/lv2022\/data\/prvikrog\/obcine-data\/data_147.json"}]},{"person":{"name":"Matej Gregurovi\u010d","slug":"matej-gregurovic"},"office":"Ob\u010dinski svetnik","office_code":"local_councillor","role_detail":"izvoljen z liste NEODVISNA LISTA ZA NAPREDEK \u017dIROV","organization":{"name":"\u017diri","slug":"ziri"},"since":"2022-11-20","since_precision":"inferred","until":null,"status":"elected","current":true,"sources":[{"authority":"Dr\u017eavna volilna komisija","url":"https:\/\/www.dvk-rs.si\/arhivi\/volitve2022\/lv2022\/data\/prvikrog\/obcine-data\/data_147.json"}]},{"person":{"name":"Franc Kranjc","slug":"franc-kranjc"},"office":"\u017dupan","office_code":"mayor","role_detail":null,"organization":{"name":"\u017diri","slug":"ziri"},"since":"2022-12-04","since_precision":"inferred","until":null,"status":"elected","current":true,"sources":[{"authority":"Dr\u017eavna volilna komisija","url":"https:\/\/www.dvk-rs.si\/arhivi\/volitve2022\/lv2022\/data\/drugi_krog.json"}]}],"children":[{"slug":"osnovna-sola-ziri","name":"Osnovna \u0160ola \u017diri","type":"public_institute","body_type":null}]}

Žiri

Občina

Loška cesta 001, 4226 ŽIRI

Župan

Jože Stanonik

Občinski svetnik

izvoljen z liste NOVA SLOVENIJA - KRŠČANSKI DEMOKRATI

Državna volilna komisija

mag Janez Žakelj

Nika Štremfelj

Nika Štucin Padovac

Damjana Kramperšek

izvoljen z liste NEODVISNA LISTA ZA NAPREDEK ŽIROV

Ida Filipič Pečelin

Drago Kramperšek

Matej Gregurovič

Osnovna Šola Žiri
