{"data":{"slug":"zuzemberk","name":"\u017du\u017eemberk","type":"municipality","type_label":"Ob\u010dina","body_type":null,"parent":null,"website":null,"phone":null,"address":"Grajski trg 033, 8360 \u017dU\u017dEMBERK","email":"obcina.zuzemberk@zuzemberk.si","leader":{"name":"Jo\u017ee Pape\u017e","person_slug":"joze-papez","office":"\u017dupan","office_code":"mayor","since":"2022-11-20"},"image":null,"sources":[],"url":"https:\/\/kdo-vodi.si\/organ\/zuzemberk","api_url":"https:\/\/kdo-vodi.si\/api\/v1\/organizations\/zuzemberk"},"office_holders":[{"person":{"name":"Urban Boben","slug":"urban-boben"},"office":"Ob\u010dinski svetnik","office_code":"local_councillor","role_detail":"izvoljen z liste SLOVENSKA DEMOKRATSKA STRANKA","organization":{"name":"\u017du\u017eemberk","slug":"zuzemberk"},"since":"2022-11-20","since_precision":"inferred","until":null,"status":"elected","current":true,"sources":[{"authority":"Dr\u017eavna volilna komisija","url":"https:\/\/www.dvk-rs.si\/arhivi\/volitve2022\/lv2022\/data\/prvikrog\/obcine-data\/data_193.json"}]},{"person":{"name":"Vesna Zarabec","slug":"vesna-zarabec"},"office":"Ob\u010dinski svetnik","office_code":"local_councillor","role_detail":"izvoljen z liste SLOVENSKA DEMOKRATSKA STRANKA","organization":{"name":"\u017du\u017eemberk","slug":"zuzemberk"},"since":"2022-11-20","since_precision":"inferred","until":null,"status":"elected","current":true,"sources":[{"authority":"Dr\u017eavna volilna komisija","url":"https:\/\/www.dvk-rs.si\/arhivi\/volitve2022\/lv2022\/data\/prvikrog\/obcine-data\/data_193.json"}]},{"person":{"name":"Bojan Vidmar","slug":"bojan-vidmar"},"office":"Ob\u010dinski svetnik","office_code":"local_councillor","role_detail":"izvoljen z liste SLOVENSKA DEMOKRATSKA STRANKA","organization":{"name":"\u017du\u017eemberk","slug":"zuzemberk"},"since":"2022-11-20","since_precision":"inferred","until":null,"status":"elected","current":true,"sources":[{"authority":"Dr\u017eavna volilna komisija","url":"https:\/\/www.dvk-rs.si\/arhivi\/volitve2022\/lv2022\/data\/prvikrog\/obcine-data\/data_193.json"}]},{"person":{"name":"Bla\u017e Hrovat","slug":"blaz-hrovat"},"office":"Ob\u010dinski svetnik","office_code":"local_councillor","role_detail":"izvoljen z liste LISTA MLADIH SUHE KRAJINE","organization":{"name":"\u017du\u017eemberk","slug":"zuzemberk"},"since":"2022-11-20","since_precision":"inferred","until":null,"status":"elected","current":true,"sources":[{"authority":"Dr\u017eavna volilna komisija","url":"https:\/\/www.dvk-rs.si\/arhivi\/volitve2022\/lv2022\/data\/prvikrog\/obcine-data\/data_193.json"}]},{"person":{"name":"Rok Zupan\u010di\u010d","slug":"rok-zupancic"},"office":"Ob\u010dinski svetnik","office_code":"local_councillor","role_detail":"izvoljen z liste LISTA MLADIH SUHE KRAJINE","organization":{"name":"\u017du\u017eemberk","slug":"zuzemberk"},"since":"2022-11-20","since_precision":"inferred","until":null,"status":"elected","current":true,"sources":[{"authority":"Dr\u017eavna volilna komisija","url":"https:\/\/www.dvk-rs.si\/arhivi\/volitve2022\/lv2022\/data\/prvikrog\/obcine-data\/data_193.json"}]},{"person":{"name":"Anja Jordan","slug":"anja-jordan"},"office":"Ob\u010dinski svetnik","office_code":"local_councillor","role_detail":"izvoljen z liste RAZVOJNA LISTA SUHE KRAJINE - FRANC \u0160KUFCA","organization":{"name":"\u017du\u017eemberk","slug":"zuzemberk"},"since":"2022-11-20","since_precision":"inferred","until":null,"status":"elected","current":true,"sources":[{"authority":"Dr\u017eavna volilna komisija","url":"https:\/\/www.dvk-rs.si\/arhivi\/volitve2022\/lv2022\/data\/prvikrog\/obcine-data\/data_193.json"}]},{"person":{"name":"Marko Zajec","slug":"marko-zajec"},"office":"Ob\u010dinski svetnik","office_code":"local_councillor","role_detail":"izvoljen z liste RAZVOJNA LISTA SUHE KRAJINE - FRANC \u0160KUFCA","organization":{"name":"\u017du\u017eemberk","slug":"zuzemberk"},"since":"2022-11-20","since_precision":"inferred","until":null,"status":"elected","current":true,"sources":[{"authority":"Dr\u017eavna volilna komisija","url":"https:\/\/www.dvk-rs.si\/arhivi\/volitve2022\/lv2022\/data\/prvikrog\/obcine-data\/data_193.json"}]},{"person":{"name":"Tadeja Lavri\u010d","slug":"tadeja-lavric"},"office":"Ob\u010dinski svetnik","office_code":"local_councillor","role_detail":"izvoljen z liste RAZVOJNA LISTA SUHE KRAJINE - FRANC \u0160KUFCA","organization":{"name":"\u017du\u017eemberk","slug":"zuzemberk"},"since":"2022-11-20","since_precision":"inferred","until":null,"status":"elected","current":true,"sources":[{"authority":"Dr\u017eavna volilna komisija","url":"https:\/\/www.dvk-rs.si\/arhivi\/volitve2022\/lv2022\/data\/prvikrog\/obcine-data\/data_193.json"}]},{"person":{"name":"Franc \u0160kufca","slug":"franc-skufca"},"office":"Ob\u010dinski svetnik","office_code":"local_councillor","role_detail":"izvoljen z liste RAZVOJNA LISTA SUHE KRAJINE - FRANC \u0160KUFCA","organization":{"name":"\u017du\u017eemberk","slug":"zuzemberk"},"since":"2022-11-20","since_precision":"inferred","until":null,"status":"elected","current":true,"sources":[{"authority":"Dr\u017eavna volilna komisija","url":"https:\/\/www.dvk-rs.si\/arhivi\/volitve2022\/lv2022\/data\/prvikrog\/obcine-data\/data_193.json"}]},{"person":{"name":"Janez Pirc","slug":"janez-pirc"},"office":"Ob\u010dinski svetnik","office_code":"local_councillor","role_detail":"izvoljen z liste NOVA SLOVENIJA - KR\u0160\u010cANSKI DEMOKRATI","organization":{"name":"\u017du\u017eemberk","slug":"zuzemberk"},"since":"2022-11-20","since_precision":"inferred","until":null,"status":"elected","current":true,"sources":[{"authority":"Dr\u017eavna volilna komisija","url":"https:\/\/www.dvk-rs.si\/arhivi\/volitve2022\/lv2022\/data\/prvikrog\/obcine-data\/data_193.json"}]},{"person":{"name":"Mateja Novak","slug":"mateja-novak"},"office":"Ob\u010dinski svetnik","office_code":"local_councillor","role_detail":"izvoljen z liste NOVA SLOVENIJA - KR\u0160\u010cANSKI DEMOKRATI","organization":{"name":"\u017du\u017eemberk","slug":"zuzemberk"},"since":"2022-11-20","since_precision":"inferred","until":null,"status":"elected","current":true,"sources":[{"authority":"Dr\u017eavna volilna komisija","url":"https:\/\/www.dvk-rs.si\/arhivi\/volitve2022\/lv2022\/data\/prvikrog\/obcine-data\/data_193.json"}]},{"person":{"name":"Rafael Vidmar","slug":"rafael-vidmar"},"office":"Ob\u010dinski svetnik","office_code":"local_councillor","role_detail":"izvoljen z liste NOVA SLOVENIJA - KR\u0160\u010cANSKI DEMOKRATI","organization":{"name":"\u017du\u017eemberk","slug":"zuzemberk"},"since":"2022-11-20","since_precision":"inferred","until":null,"status":"elected","current":true,"sources":[{"authority":"Dr\u017eavna volilna komisija","url":"https:\/\/www.dvk-rs.si\/arhivi\/volitve2022\/lv2022\/data\/prvikrog\/obcine-data\/data_193.json"}]},{"person":{"name":"Jo\u017eica Grden","slug":"jozica-grden"},"office":"Ob\u010dinski svetnik","office_code":"local_councillor","role_detail":"izvoljen z liste NOVA SLOVENIJA - KR\u0160\u010cANSKI DEMOKRATI","organization":{"name":"\u017du\u017eemberk","slug":"zuzemberk"},"since":"2022-11-20","since_precision":"inferred","until":null,"status":"elected","current":true,"sources":[{"authority":"Dr\u017eavna volilna komisija","url":"https:\/\/www.dvk-rs.si\/arhivi\/volitve2022\/lv2022\/data\/prvikrog\/obcine-data\/data_193.json"}]},{"person":{"name":"Jo\u017ee Pape\u017e","slug":"joze-papez"},"office":"Ob\u010dinski svetnik","office_code":"local_councillor","role_detail":"izvoljen z liste NOVA SLOVENIJA - KR\u0160\u010cANSKI DEMOKRATI","organization":{"name":"\u017du\u017eemberk","slug":"zuzemberk"},"since":"2022-11-20","since_precision":"inferred","until":null,"status":"elected","current":true,"sources":[{"authority":"Dr\u017eavna volilna komisija","url":"https:\/\/www.dvk-rs.si\/arhivi\/volitve2022\/lv2022\/data\/prvikrog\/obcine-data\/data_193.json"}]},{"person":{"name":"Darijan Skube","slug":"darijan-skube"},"office":"Ob\u010dinski svetnik","office_code":"local_councillor","role_detail":"izvoljen z liste LEPA IN EDINSTVENA SUHA KRAJINA - LESK","organization":{"name":"\u017du\u017eemberk","slug":"zuzemberk"},"since":"2022-11-20","since_precision":"inferred","until":null,"status":"elected","current":true,"sources":[{"authority":"Dr\u017eavna volilna komisija","url":"https:\/\/www.dvk-rs.si\/arhivi\/volitve2022\/lv2022\/data\/prvikrog\/obcine-data\/data_193.json"}]},{"person":{"name":"Jo\u017ee Pape\u017e","slug":"joze-papez"},"office":"\u017dupan","office_code":"mayor","role_detail":null,"organization":{"name":"\u017du\u017eemberk","slug":"zuzemberk"},"since":"2022-11-20","since_precision":"inferred","until":null,"status":"elected","current":true,"sources":[{"authority":"Dr\u017eavna volilna komisija","url":"https:\/\/www.dvk-rs.si\/arhivi\/volitve2022\/lv2022\/data\/ostale_obcine.json"}]}],"children":[{"slug":"osnovna-sola-prevole","name":"Osnovna \u0160ola Prevole","type":"public_institute","body_type":null},{"slug":"osnovna-sola-zuzemberk","name":"Osnovna \u0160ola \u017du\u017eemberk","type":"public_institute","body_type":null},{"slug":"zavod-za-turizem-kulturo-sport-in-mladino-zuzemberk","name":"Zavod za turizem, kulturo, \u0161port in mladino \u017du\u017eemberk","type":"public_institute","body_type":null}]}

Žužemberk

Občina

Grajski trg 033, 8360 ŽUŽEMBERK

Jože Papež

Župan

Občinski svetnik

Državna volilna komisija

Blaž Hrovat

Rok Zupančič

izvoljen z liste RAZVOJNA LISTA SUHE KRAJINE - FRANC ŠKUFCA

Tadeja Lavrič

Franc Škufca

izvoljen z liste NOVA SLOVENIJA - KRŠČANSKI DEMOKRATI

Jožica Grden

Osnovna Šola Prevole

Osnovna Šola Žužemberk

Zavod za turizem, kulturo, šport in mladino Žužemberk
